66.249.69.39 - - [22/Dec/2024:21:34:34 +0000] "GET /?_xi=aXRpbWFnZS5uZXRzZmpr.OTBmYWpzbGZzZGxmOHNm*&srd=1109&path=https://itimage.net/product_review.php%26id=207891768037.shtml HTTP/1.1" 200 11465 "-" "Mozilla/5.0 (Linux; Android 6.0.1; Nexus 5X Build/MMB29P) AppleWebKit/537.36 (KHTML, like Gecko) Chrome/131.0.6778.85 Mobile Safari/537.36 (compatible; GoogleOther)"
66.249.69.39 - - [22/Dec/2024:21:53:26 +0000] "GET /?_xi=aXRpbWFnZS5uZXRzZmpr.OTBmYWpzbGZzZGxmOHNm*&srd=1109&path=https://itimage.net/product_review.php%26id=90439536057.shtml HTTP/1.1" 200 21147 "-" "Mozilla/5.0 (Linux; Android 6.0.1; Nexus 5X Build/MMB29P) AppleWebKit/537.36 (KHTML, like Gecko) Chrome/131.0.6778.204 Mobile Safari/537.36 (compatible; Googlebot/2.1; +http://www.google.com/bot.html)"
66.249.69.38 - - [22/Dec/2024:21:48:12 +0000] "GET /?_xi=aXRpbWFnZS5uZXRzZmpr.OTBmYWpzbGZzZGxmOHNm*&srd=1109&path=https://itimage.net/product_review.php%26id=229951783725.shtml HTTP/1.1" 200 11465 "-" "Mozilla/5.0 (Linux; Android 6.0.1; Nexus 5X Build/MMB29P) AppleWebKit/537.36 (KHTML, like Gecko) Chrome/131.0.6778.85 Mobile Safari/537.36 (compatible; GoogleOther)"
66.249.69.39 - - [22/Dec/2024:22:01:27 +0000] "GET /?_xi=aXRpbWFnZS5uZXRzZmpr.OTBmYWpzbGZzZGxmOHNm*&srd=1109&path=https://itimage.net/product_review.php%26id=96008155264.shtml HTTP/1.1" 200 20973 "-" "Mozilla/5.0 (Linux; Android 6.0.1; Nexus 5X Build/MMB29P) AppleWebKit/537.36 (KHTML, like Gecko) Chrome/131.0.6778.204 Mobile Safari/537.36 (compatible; Googlebot/2.1; +http://www.google.com/bot.html)"
54.36.148.144 - - [22/Dec/2024:22:08:19 +0000] "GET /robots.txt HTTP/2" 200 11465 "-" "Mozilla/5.0 (compatible; AhrefsBot/7.0; +http://ahrefs.com/robot/)"
185.191.171.7 - - [22/Dec/2024:22:12:02 +0000] "GET /robots.txt HTTP/1.1" 200 81 "-" "Mozilla/5.0 (compatible; SemrushBot/7~bl; +http://www.semrush.com/bot.html)"
66.249.69.39 - - [22/Dec/2024:22:01:12 +0000] "GET /?_xi=aXRpbWFnZS5uZXRzZmpr.OTBmYWpzbGZzZGxmOHNm*&srd=1109&path=https://itimage.net/product_review.php%26id=61969405663.shtml HTTP/1.1" 200 11465 "-" "Mozilla/5.0 (Linux; Android 6.0.1; Nexus 5X Build/MMB29P) AppleWebKit/537.36 (KHTML, like Gecko) Chrome/131.0.6778.85 Mobile Safari/537.36 (compatible; GoogleOther)"
66.249.69.38 - - [22/Dec/2024:22:08:58 +0000] "GET /?_xi=aXRpbWFnZS5uZXRzZmpr.OTBmYWpzbGZzZGxmOHNm*&srd=1109&path=https://itimage.net/product_review.php%26id=900121936435.shtml HTTP/1.1" 200 22933 "-" "Mozilla/5.0 (Linux; Android 6.0.1; Nexus 5X Build/MMB29P) AppleWebKit/537.36 (KHTML, like Gecko) Chrome/131.0.6778.204 Mobile Safari/537.36 (compatible; Googlebot/2.1; +http://www.google.com/bot.html)"
66.249.69.38 - - [22/Dec/2024:22:13:08 +0000] "GET /?_xi=aXRpbWFnZS5uZXRzZmpr.OTBmYWpzbGZzZGxmOHNm*&srd=1109&path=https://itimage.net/product_review.php%26id=611911767236.shtml HTTP/1.1" 200 11465 "-" "Mozilla/5.0 (Linux; Android 6.0.1; Nexus 5X Build/MMB29P) AppleWebKit/537.36 (KHTML, like Gecko) Chrome/131.0.6778.85 Mobile Safari/537.36 (compatible; GoogleOther)"
66.249.69.38 - - [22/Dec/2024:22:04:35 +0000] "GET /?_xi=aXRpbWFnZS5uZXRzZmpr.OTBmYWpzbGZzZGxmOHNm*&srd=1109&path=https://itimage.net/product_review.php%26id=415891577844.shtml HTTP/1.1" 200 11465 "-" "Mozilla/5.0 (Linux; Android 6.0.1; Nexus 5X Build/MMB29P) AppleWebKit/537.36 (KHTML, like Gecko) Chrome/131.0.6778.85 Mobile Safari/537.36 (compatible; GoogleOther)"
51.222.253.19 - - [22/Dec/2024:22:08:20 +0000] "GET /about.php?page=Web%20Development HTTP/2" 404 0 "-" "Mozilla/5.0 (compatible; AhrefsBot/7.0; +http://ahrefs.com/robot/)"
185.191.171.11 - - [22/Dec/2024:22:12:02 +0000] "GET /contact.php?page=Contact HTTP/1.1" 403 1242 "-" "Mozilla/5.0 (compatible; SemrushBot/7~bl; +http://www.semrush.com/bot.html)"
66.249.69.39 - - [22/Dec/2024:22:13:26 +0000] "GET /?_xi=aXRpbWFnZS5uZXRzZmpr.OTBmYWpzbGZzZGxmOHNm*&srd=1109&path=https://itimage.net/product_review.php%26id=02769953653.shtml HTTP/1.1" 200 21263 "-" "Mozilla/5.0 (Linux; Android 6.0.1; Nexus 5X Build/MMB29P) AppleWebKit/537.36 (KHTML, like Gecko) Chrome/131.0.6778.204 Mobile Safari/537.36 (compatible; Googlebot/2.1; +http://www.google.com/bot.html)"
66.249.69.38 - - [22/Dec/2024:22:21:39 +0000] "GET /?_xi=aXRpbWFnZS5uZXRzZmpr.OTBmYWpzbGZzZGxmOHNm*&srd=1109&path=https://itimage.net/product_review.php%26id=968271022102.shtml HTTP/1.1" 200 20976 "-" "Mozilla/5.0 (Linux; Android 6.0.1; Nexus 5X Build/MMB29P) AppleWebKit/537.36 (KHTML, like Gecko) Chrome/131.0.6778.85 Mobile Safari/537.36 (compatible; Googlebot/2.1; +http://www.google.com/bot.html)"
66.249.69.39 - - [22/Dec/2024:22:23:09 +0000] "GET /?_xi=aXRpbWFnZS5uZXRzZmpr.OTBmYWpzbGZzZGxmOHNm*&srd=1109&path=https://itimage.net/product_review.php%26id=092391631524.shtml HTTP/1.1" 200 20174 "-" "Mozilla/5.0 (compatible; Googlebot/2.1; +http://www.google.com/bot.html)"
114.119.140.66 - - [22/Dec/2024:22:27:27 +0000] "GET /robots.txt HTTP/1.1" 200 85 "-" "Mozilla/5.0 (compatible;PetalBot;+https://webmaster.petalsearch.com/site/petalbot)"
66.249.69.40 - - [22/Dec/2024:22:26:00 +0000] "GET /?_xi=aXRpbWFnZS5uZXRzZmpr.OTBmYWpzbGZzZGxmOHNm*&srd=1109&path=https://itimage.net/product_review.php%26id=3979934831.shtml HTTP/1.1" 200 11465 "-" "Mozilla/5.0 (Linux; Android 6.0.1; Nexus 5X Build/MMB29P) AppleWebKit/537.36 (KHTML, like Gecko) Chrome/131.0.6778.85 Mobile Safari/537.36 (compatible; GoogleOther)"
66.249.69.40 - - [22/Dec/2024:22:16:18 +0000] "GET /?_xi=aXRpbWFnZS5uZXRzZmpr.OTBmYWpzbGZzZGxmOHNm*&srd=1109&path=https://itimage.net/product_review.php%26id=879911379008.shtml HTTP/1.1" 200 20090 "-" "Mozilla/5.0 (Linux; Android 6.0.1; Nexus 5X Build/MMB29P) AppleWebKit/537.36 (KHTML, like Gecko) Chrome/131.0.6778.204 Mobile Safari/537.36 (compatible; Googlebot/2.1; +http://www.google.com/bot.html)"
66.249.69.40 - - [22/Dec/2024:22:24:01 +0000] "GET /?_xi=aXRpbWFnZS5uZXRzZmpr.OTBmYWpzbGZzZGxmOHNm*&srd=1109&path=https://itimage.net/product_review.php%26id=994901023155.shtml HTTP/1.1" 200 21064 "-" "Mozilla/5.0 (compatible; Googlebot/2.1; +http://www.google.com/bot.html)"
66.249.69.39 - - [22/Dec/2024:22:25:18 +0000] "GET /?_xi=aXRpbWFnZS5uZXRzZmpr.OTBmYWpzbGZzZGxmOHNm*&srd=1109&path=https://itimage.net/product_review.php%26id=0089626940.shtml HTTP/1.1" 200 19715 "-" "Mozilla/5.0 (Linux; Android 6.0.1; Nexus 5X Build/MMB29P) AppleWebKit/537.36 (KHTML, like Gecko) Chrome/131.0.6778.204 Mobile Safari/537.36 (compatible; Googlebot/2.1; +http://www.google.com/bot.html)"
66.249.69.39 - - [22/Dec/2024:22:35:45 +0000] "GET /sitemap.xml HTTP/1.1" 200 7414 "-" "Mozilla/5.0 (compatible; Googlebot/2.1; +http://www.google.com/bot.html)"
66.249.69.39 - - [22/Dec/2024:22:38:51 +0000] "GET /?_xi=aXRpbWFnZS5uZXRzZmpr.OTBmYWpzbGZzZGxmOHNm*&srd=1109&path=https://itimage.net/product_review.php%26id=397951787433.shtml HTTP/1.1" 200 11465 "-" "Mozilla/5.0 (Linux; Android 6.0.1; Nexus 5X Build/MMB29P) AppleWebKit/537.36 (KHTML, like Gecko) Chrome/131.0.6778.85 Mobile Safari/537.36 (compatible; GoogleOther)"
66.249.69.39 - - [22/Dec/2024:22:41:21 +0000] "GET /?_xi=aXRpbWFnZS5uZXRzZmpr.OTBmYWpzbGZzZGxmOHNm*&srd=1109&path=https://itimage.net/product_review.php%26id=19405425020.shtml HTTP/1.1" 200 20340 "-" "Mozilla/5.0 (Linux; Android 6.0.1; Nexus 5X Build/MMB29P) AppleWebKit/537.36 (KHTML, like Gecko) Chrome/131.0.6778.204 Mobile Safari/537.36 (compatible; Googlebot/2.1; +http://www.google.com/bot.html)"
66.249.69.39 - - [22/Dec/2024:22:43:09 +0000] "GET /?_xi=aXRpbWFnZS5uZXRzZmpr.OTBmYWpzbGZzZGxmOHNm*&srd=1109&path=https://itimage.net/product_review.php%26id=880811569066.shtml HTTP/1.1" 200 21160 "-" "Mozilla/5.0 (compatible; Googlebot/2.1; +http://www.google.com/bot.html)"
66.249.69.39 - - [22/Dec/2024:22:52:50 +0000] "GET /?_xi=aXRpbWFnZS5uZXRzZmpr.OTBmYWpzbGZzZGxmOHNm*&srd=1109&path=https://itimage.net/product_review.php%26id=82282948546.shtml HTTP/1.1" 200 20187 "-" "Mozilla/5.0 (Linux; Android 6.0.1; Nexus 5X Build/MMB29P) AppleWebKit/537.36 (KHTML, like Gecko) Chrome/131.0.6778.85 Mobile Safari/537.36 (compatible; Googlebot/2.1; +http://www.google.com/bot.html)"
66.249.69.38 - - [22/Dec/2024:22:59:26 +0000] "GET /?_xi=aXRpbWFnZS5uZXRzZmpr.OTBmYWpzbGZzZGxmOHNm*&srd=1109&path=https://itimage.net/product_review.php%26id=092511137546.shtml HTTP/1.1" 200 25251 "-" "Mozilla/5.0 (Linux; Android 6.0.1; Nexus 5X Build/MMB29P) AppleWebKit/537.36 (KHTML, like Gecko) Chrome/131.0.6778.204 Mobile Safari/537.36 (compatible; Googlebot/2.1; +http://www.google.com/bot.html)"
66.249.69.40 - - [22/Dec/2024:23:01:22 +0000] "GET /wp-content/plugins/lightbox/css/frontend/colorbox-1.css HTTP/1.1" 200 21778 "https://itimage.net/?_xi=aXRpbWFnZS5uZXRzZmpr.OTBmYWpzbGZzZGxmOHNm*&srd=1109&path=https://itimage.net/product_review.php%26id=8299260750.shtml" "Mozilla/5.0 (Linux; Android 6.0.1; Nexus 5X Build/MMB29P) AppleWebKit/537.36 (KHTML, like Gecko) Chrome/131.0.6778.139 Mobile Safari/537.36 (compatible; Googlebot/2.1; +http://www.google.com/bot.html)"
51.222.253.18 - - [22/Dec/2024:22:55:34 +0000] "GET /about.php?page=Anviz%20IP%20Camera HTTP/2" 404 0 "-" "Mozilla/5.0 (compatible; AhrefsBot/7.0; +http://ahrefs.com/robot/)"
114.119.140.102 - - [22/Dec/2024:23:00:39 +0000] "GET /robots.txt HTTP/1.1" 200 85 "-" "Mozilla/5.0 (compatible;PetalBot;+https://webmaster.petalsearch.com/site/petalbot)"
66.249.69.38 - - [22/Dec/2024:23:01:21 +0000] "GET /?_xi=aXRpbWFnZS5uZXRzZmpr.OTBmYWpzbGZzZGxmOHNm*&srd=1109&path=https://itimage.net/product_review.php%26id=8299260750.shtml HTTP/1.1" 200 11491 "-" "Mozilla/5.0 (Linux; Android 6.0.1; Nexus 5X Build/MMB29P) AppleWebKit/537.36 (KHTML, like Gecko) Chrome/131.0.6778.85 Mobile Safari/537.36 (compatible; GoogleOther)"
66.249.69.39 - - [22/Dec/2024:23:06:57 +0000] "GET /?_xi=aXRpbWFnZS5uZXRzZmpr.OTBmYWpzbGZzZGxmOHNm*&srd=1109&path=https://itimage.net/product_review.php%26id=010611070971.shtml HTTP/1.1" 200 21596 "-" "Mozilla/5.0 (Linux; Android 6.0.1; Nexus 5X Build/MMB29P) AppleWebKit/537.36 (KHTML, like Gecko) Chrome/131.0.6778.85 Mobile Safari/537.36 (compatible; Googlebot/2.1; +http://www.google.com/bot.html)"
66.249.69.39 - - [22/Dec/2024:23:14:03 +0000] "GET /?_xi=aXRpbWFnZS5uZXRzZmpr.OTBmYWpzbGZzZGxmOHNm*&srd=1109&path=https://itimage.net/product_review.php%26id=7259495309.shtml HTTP/1.1" 200 21186 "-" "Mozilla/5.0 (compatible; Googlebot/2.1; +http://www.google.com/bot.html)"
66.249.69.38 - - [22/Dec/2024:23:14:38 +0000] "GET /?_xi=aXRpbWFnZS5uZXRzZmpr.OTBmYWpzbGZzZGxmOHNm*&srd=1109&path=https://itimage.net/product_review.php%26id=913611272595.shtml HTTP/1.1" 200 20853 "-" "Mozilla/5.0 (compatible; Googlebot/2.1; +http://www.google.com/bot.html)"
66.249.69.38 - - [22/Dec/2024:23:15:06 +0000] "GET /?_xi=aXRpbWFnZS5uZXRzZmpr.OTBmYWpzbGZzZGxmOHNm*&srd=1109&path=https://itimage.net/product_review.php%26id=99188105324.shtml HTTP/1.1" 200 21431 "-" "Mozilla/5.0 (Linux; Android 6.0.1; Nexus 5X Build/MMB29P) AppleWebKit/537.36 (KHTML, like Gecko) Chrome/131.0.6778.204 Mobile Safari/537.36 (compatible; Googlebot/2.1; +http://www.google.com/bot.html)"
66.249.69.40 - - [22/Dec/2024:23:20:01 +0000] "GET /?_xi=aXRpbWFnZS5uZXRzZmpr.OTBmYWpzbGZzZGxmOHNm*&srd=1109&path=https://itimage.net/product_review.php%26id=02458269525.shtml HTTP/1.1" 200 21655 "-" "Mozilla/5.0 (Linux; Android 6.0.1; Nexus 5X Build/MMB29P) AppleWebKit/537.36 (KHTML, like Gecko) Chrome/131.0.6778.204 Mobile Safari/537.36 (compatible; Googlebot/2.1; +http://www.google.com/bot.html)"
66.249.69.38 - - [22/Dec/2024:23:23:33 +0000] "GET /?_xi=aXRpbWFnZS5uZXRzZmpr.OTBmYWpzbGZzZGxmOHNm*&srd=1109&path=https://itimage.net/product_review.php%26id=89190110916.shtml HTTP/1.1" 200 21467 "-" "Mozilla/5.0 (Linux; Android 6.0.1; Nexus 5X Build/MMB29P) AppleWebKit/537.36 (KHTML, like Gecko) Chrome/131.0.6778.85 Mobile Safari/537.36 (compatible; Googlebot/2.1; +http://www.google.com/bot.html)"
66.249.69.40 - - [22/Dec/2024:23:29:48 +0000] "GET /?_xi=aXRpbWFnZS5uZXRzZmpr.OTBmYWpzbGZzZGxmOHNm*&srd=1109&path=https://itimage.net/product_review.php%26id=40177735885.shtml HTTP/1.1" 200 21179 "-" "Mozilla/5.0 (Linux; Android 6.0.1; Nexus 5X Build/MMB29P) AppleWebKit/537.36 (KHTML, like Gecko) Chrome/131.0.6778.85 Mobile Safari/537.36 (compatible; Googlebot/2.1; +http://www.google.com/bot.html)"
66.249.69.38 - - [22/Dec/2024:23:23:51 +0000] "GET /?_xi=aXRpbWFnZS5uZXRzZmpr.OTBmYWpzbGZzZGxmOHNm*&srd=1109&path=https://itimage.net/product_review.php%26id=206281098903.shtml HTTP/1.1" 200 11465 "-" "Mozilla/5.0 (Linux; Android 6.0.1; Nexus 5X Build/MMB29P) AppleWebKit/537.36 (KHTML, like Gecko) Chrome/131.0.6778.85 Mobile Safari/537.36 (compatible; GoogleOther)"
66.249.69.38 - - [22/Dec/2024:23:36:16 +0000] "GET /?_xi=aXRpbWFnZS5uZXRzZmpr.OTBmYWpzbGZzZGxmOHNm*&srd=1109&path=https://itimage.net/product_review.php%26id=982571219134.shtml HTTP/1.1" 200 21058 "-" "Mozilla/5.0 (Linux; Android 6.0.1; Nexus 5X Build/MMB29P) AppleWebKit/537.36 (KHTML, like Gecko) Chrome/131.0.6778.204 Mobile Safari/537.36 (compatible; Googlebot/2.1; +http://www.google.com/bot.html)"
66.249.69.38 - - [22/Dec/2024:23:36:41 +0000] "GET /?_xi=aXRpbWFnZS5uZXRzZmpr.OTBmYWpzbGZzZGxmOHNm*&srd=1109&path=https://itimage.net/product_review.php%26id=650431712817.shtml HTTP/1.1" 200 20776 "-" "Mozilla/5.0 (Linux; Android 6.0.1; Nexus 5X Build/MMB29P) AppleWebKit/537.36 (KHTML, like Gecko) Chrome/131.0.6778.85 Mobile Safari/537.36 (compatible; Googlebot/2.1; +http://www.google.com/bot.html)"
185.191.171.1 - - [22/Dec/2024:23:57:00 +0000] "GET /robots.txt HTTP/1.1" 200 81 "-" "Mozilla/5.0 (compatible; SemrushBot/7~bl; +http://www.semrush.com/bot.html)"
185.191.171.6 - - [22/Dec/2024:23:57:00 +0000] "GET /product_details.php?pid=616 HTTP/1.1" 403 1242 "-" "Mozilla/5.0 (compatible; SemrushBot/7~bl; +http://www.semrush.com/bot.html)"
66.249.69.39 - - [22/Dec/2024:23:41:09 +0000] "GET /?_xi=aXRpbWFnZS5uZXRzZmpr.OTBmYWpzbGZzZGxmOHNm*&srd=1109&path=https://itimage.net/product_review.php%26id=23678204561.shtml HTTP/1.1" 200 21789 "-" "Mozilla/5.0 (Linux; Android 6.0.1; Nexus 5X Build/MMB29P) AppleWebKit/537.36 (KHTML, like Gecko) Chrome/131.0.6778.204 Mobile Safari/537.36 (compatible; Googlebot/2.1; +http://www.google.com/bot.html)"
66.249.69.40 - - [22/Dec/2024:23:46:21 +0000] "GET /?_xi=aXRpbWFnZS5uZXRzZmpr.OTBmYWpzbGZzZGxmOHNm*&srd=1109&path=https://itimage.net/product_review.php%26id=484771311594.shtml HTTP/1.1" 200 11465 "-" "Mozilla/5.0 (Linux; Android 6.0.1; Nexus 5X Build/MMB29P) AppleWebKit/537.36 (KHTML, like Gecko) Chrome/131.0.6778.85 Mobile Safari/537.36 (compatible; GoogleOther)"
126.88.134.29 - - [22/Dec/2024:23:59:50 +0000] "GET /?_xi=aXRpbWFnZS5uZXRzZmpr.OTBmYWpzbGZzZGxmOHNm*&srd=1109&path=https://itimage.net/product_review.php%26id=701311920931.shtml HTTP/2" 200 11465 "https://www.google.com/" "Mozilla/5.0 (iPhone; CPU iPhone OS 18_1_1 like Mac OS X) AppleWebKit/605.1.15 (KHTML, like Gecko) Version/18.1.1 Mobile/15E148 Safari/604.1"
126.88.134.29 - - [22/Dec/2024:23:59:50 +0000] "GET /wp-content/plugins/ml-slider/assets/sliders/nivoslider/nivo-slidere.css HTTP/2" 200 764 "https://itimage.net/?_xi=aXRpbWFnZS5uZXRzZmpr.OTBmYWpzbGZzZGxmOHNm*&srd=1109&path=https://itimage.net/product_review.php%26id=701311920931.shtml" "Mozilla/5.0 (iPhone; CPU iPhone OS 18_1_1 like Mac OS X) AppleWebKit/605.1.15 (KHTML, like Gecko) Version/18.1.1 Mobile/15E148 Safari/604.1"
126.88.134.29 - - [22/Dec/2024:23:59:50 +0000] "GET /wp-content/plugins/ml-slider/assets/metaslider/publice.css HTTP/2" 200 618 "https://itimage.net/?_xi=aXRpbWFnZS5uZXRzZmpr.OTBmYWpzbGZzZGxmOHNm*&srd=1109&path=https://itimage.net/product_review.php%26id=701311920931.shtml" "Mozilla/5.0 (iPhone; CPU iPhone OS 18_1_1 like Mac OS X) AppleWebKit/605.1.15 (KHTML, like Gecko) Version/18.1.1 Mobile/15E148 Safari/604.1"
126.88.134.29 - - [22/Dec/2024:23:59:50 +0000] "GET /wp-content/plugins/ml-slider/assets/sliders/nivoslider/themes/default/defaulte.css HTTP/2" 200 593 "https://itimage.net/?_xi=aXRpbWFnZS5uZXRzZmpr.OTBmYWpzbGZzZGxmOHNm*&srd=1109&path=https://itimage.net/product_review.php%26id=701311920931.shtml" "Mozilla/5.0 (iPhone; CPU iPhone OS 18_1_1 like Mac OS X) AppleWebKit/605.1.15 (KHTML, like Gecko) Version/18.1.1 Mobile/15E148 Safari/604.1"
126.88.134.29 - - [22/Dec/2024:23:59:50 +0000] "GET /wp-content/plugins/ml-slider/assets/sliders/nivoslider/jquery.nivo.slider.packe.js HTTP/2" 200 2895 "https://itimage.net/?_xi=aXRpbWFnZS5uZXRzZmpr.OTBmYWpzbGZzZGxmOHNm*&srd=1109&path=https://itimage.net/product_review.php%26id=701311920931.shtml" "Mozilla/5.0 (iPhone; CPU iPhone OS 18_1_1 like Mac OS X) AppleWebKit/605.1.15 (KHTML, like Gecko) Version/18.1.1 Mobile/15E148 Safari/604.1"
126.88.134.29 - - [22/Dec/2024:23:59:50 +0000] "GET /css/style.css HTTP/2" 200 11915 "https://itimage.net/?_xi=aXRpbWFnZS5uZXRzZmpr.OTBmYWpzbGZzZGxmOHNm*&srd=1109&path=https://itimage.net/product_review.php%26id=701311920931.shtml" "Mozilla/5.0 (iPhone; CPU iPhone OS 18_1_1 like Mac OS X) AppleWebKit/605.1.15 (KHTML, like Gecko) Version/18.1.1 Mobile/15E148 Safari/604.1"
126.88.134.29 - - [22/Dec/2024:23:59:50 +0000] "GET /wp-content/plugins/master-slider/public/assets/css/masterslider.main.css HTTP/2" 200 6658 "https://itimage.net/?_xi=aXRpbWFnZS5uZXRzZmpr.OTBmYWpzbGZzZGxmOHNm*&srd=1109&path=https://itimage.net/product_review.php%26id=701311920931.shtml" "Mozilla/5.0 (iPhone; CPU iPhone OS 18_1_1 like Mac OS X) AppleWebKit/605.1.15 (KHTML, like Gecko) Version/18.1.1 Mobile/15E148 Safari/604.1"
126.88.134.29 - - [22/Dec/2024:23:59:50 +0000] "GET /wp-content/plugins/acurax-social-media-widget/css/style_admin.css HTTP/2" 200 11465 "https://itimage.net/?_xi=aXRpbWFnZS5uZXRzZmpr.OTBmYWpzbGZzZGxmOHNm*&srd=1109&path=https://itimage.net/product_review.php%26id=701311920931.shtml" "Mozilla/5.0 (iPhone; CPU iPhone OS 18_1_1 like Mac OS X) AppleWebKit/605.1.15 (KHTML, like Gecko) Version/18.1.1 Mobile/15E148 Safari/604.1"
126.88.134.29 - - [22/Dec/2024:23:59:50 +0000] "GET /wp-content/plugins/acurax-social-media-widget/css/style.css HTTP/2" 200 11465 "https://itimage.net/?_xi=aXRpbWFnZS5uZXRzZmpr.OTBmYWpzbGZzZGxmOHNm*&srd=1109&path=https://itimage.net/product_review.php%26id=701311920931.shtml" "Mozilla/5.0 (iPhone; CPU iPhone OS 18_1_1 like Mac OS X) AppleWebKit/605.1.15 (KHTML, like Gecko) Version/18.1.1 Mobile/15E148 Safari/604.1"
126.88.134.29 - - [22/Dec/2024:23:59:50 +0000] "GET /wp-content/plugins/siteorigin-panels/css/front.css HTTP/2" 200 11465 "https://itimage.net/?_xi=aXRpbWFnZS5uZXRzZmpr.OTBmYWpzbGZzZGxmOHNm*&srd=1109&path=https://itimage.net/product_review.php%26id=701311920931.shtml" "Mozilla/5.0 (iPhone; CPU iPhone OS 18_1_1 like Mac OS X) AppleWebKit/605.1.15 (KHTML, like Gecko) Version/18.1.1 Mobile/15E148 Safari/604.1"
126.88.134.29 - - [22/Dec/2024:23:59:50 +0000] "GET /wp-content/plugins/acurax-social-media-widget/css/layout.css HTTP/2" 200 11465 "https://itimage.net/?_xi=aXRpbWFnZS5uZXRzZmpr.OTBmYWpzbGZzZGxmOHNm*&srd=1109&path=https://itimage.net/product_review.php%26id=701311920931.shtml" "Mozilla/5.0 (iPhone; CPU iPhone OS 18_1_1 like Mac OS X) AppleWebKit/605.1.15 (KHTML, like Gecko) Version/18.1.1 Mobile/15E148 Safari/604.1"
126.88.134.29 - - [22/Dec/2024:23:59:50 +0000] "GET /includes/css/styles.css HTTP/2" 200 11465 "https://itimage.net/?_xi=aXRpbWFnZS5uZXRzZmpr.OTBmYWpzbGZzZGxmOHNm*&srd=1109&path=https://itimage.net/product_review.php%26id=701311920931.shtml" "Mozilla/5.0 (iPhone; CPU iPhone OS 18_1_1 like Mac OS X) AppleWebKit/605.1.15 (KHTML, like Gecko) Version/18.1.1 Mobile/15E148 Safari/604.1"
126.88.134.29 - - [22/Dec/2024:23:59:50 +0000] "GET /wp-content/plugins/contact-form-7/includes/js/scripts.js HTTP/2" 200 11465 "https://itimage.net/?_xi=aXRpbWFnZS5uZXRzZmpr.OTBmYWpzbGZzZGxmOHNm*&srd=1109&path=https://itimage.net/product_review.php%26id=701311920931.shtml" "Mozilla/5.0 (iPhone; CPU iPhone OS 18_1_1 like Mac OS X) AppleWebKit/605.1.15 (KHTML, like Gecko) Version/18.1.1 Mobile/15E148 Safari/604.1"
126.88.134.29 - - [22/Dec/2024:23:59:50 +0000] "GET /wp-content/uploads/master-slider/custom.css HTTP/2" 200 11465 "https://itimage.net/?_xi=aXRpbWFnZS5uZXRzZmpr.OTBmYWpzbGZzZGxmOHNm*&srd=1109&path=https://itimage.net/product_review.php%26id=701311920931.shtml" "Mozilla/5.0 (iPhone; CPU iPhone OS 18_1_1 like Mac OS X) AppleWebKit/605.1.15 (KHTML, like Gecko) Version/18.1.1 Mobile/15E148 Safari/604.1"
126.88.134.29 - - [22/Dec/2024:23:59:50 +0000] "GET /wp-includes/js/jquery/jquery.js HTTP/2" 200 11465 "https://itimage.net/?_xi=aXRpbWFnZS5uZXRzZmpr.OTBmYWpzbGZzZGxmOHNm*&srd=1109&path=https://itimage.net/product_review.php%26id=701311920931.shtml" "Mozilla/5.0 (iPhone; CPU iPhone OS 18_1_1 like Mac OS X) AppleWebKit/605.1.15 (KHTML, like Gecko) Version/18.1.1 Mobile/15E148 Safari/604.1"
126.88.134.29 - - [22/Dec/2024:23:59:50 +0000] "GET /wp-content/plugins/lightbox/css/frontend/colorbox-1.css HTTP/2" 200 11491 "https://itimage.net/?_xi=aXRpbWFnZS5uZXRzZmpr.OTBmYWpzbGZzZGxmOHNm*&srd=1109&path=https://itimage.net/product_review.php%26id=701311920931.shtml" "Mozilla/5.0 (iPhone; CPU iPhone OS 18_1_1 like Mac OS X) AppleWebKit/605.1.15 (KHTML, like Gecko) Version/18.1.1 Mobile/15E148 Safari/604.1"
126.88.134.29 - - [22/Dec/2024:23:59:50 +0000] "GET /wp-content/plugins/contact-form-7/includes/js/jquery.form.min.js HTTP/2" 200 11465 "https://itimage.net/?_xi=aXRpbWFnZS5uZXRzZmpr.OTBmYWpzbGZzZGxmOHNm*&srd=1109&path=https://itimage.net/product_review.php%26id=701311920931.shtml" "Mozilla/5.0 (iPhone; CPU iPhone OS 18_1_1 like Mac OS X) AppleWebKit/605.1.15 (KHTML, like Gecko) Version/18.1.1 Mobile/15E148 Safari/604.1"
126.88.134.29 - - [22/Dec/2024:23:59:53 +0000] "GET /images/cropped-logo.png HTTP/2" 200 19315 "https://itimage.net/?_xi=aXRpbWFnZS5uZXRzZmpr.OTBmYWpzbGZzZGxmOHNm*&srd=1109&path=https://itimage.net/product_review.php%26id=701311920931.shtml" "Mozilla/5.0 (iPhone; CPU iPhone OS 18_1_1 like Mac OS X) AppleWebKit/605.1.15 (KHTML, like Gecko) Version/18.1.1 Mobile/15E148 Safari/604.1"
126.88.134.29 - - [22/Dec/2024:23:59:53 +0000] "GET /media/1567501021Untitled-2.jpg HTTP/2" 200 11605 "https://itimage.net/?_xi=aXRpbWFnZS5uZXRzZmpr.OTBmYWpzbGZzZGxmOHNm*&srd=1109&path=https://itimage.net/product_review.php%26id=701311920931.shtml" "Mozilla/5.0 (iPhone; CPU iPhone OS 18_1_1 like Mac OS X) AppleWebKit/605.1.15 (KHTML, like Gecko) Version/18.1.1 Mobile/15E148 Safari/604.1"
126.88.134.29 - - [22/Dec/2024:23:59:53 +0000] "GET /media/1567501088Untitled-2.jpg HTTP/2" 200 10185 "https://itimage.net/?_xi=aXRpbWFnZS5uZXRzZmpr.OTBmYWpzbGZzZGxmOHNm*&srd=1109&path=https://itimage.net/product_review.php%26id=701311920931.shtml" "Mozilla/5.0 (iPhone; CPU iPhone OS 18_1_1 like Mac OS X) AppleWebKit/605.1.15 (KHTML, like Gecko) Version/18.1.1 Mobile/15E148 Safari/604.1"
126.88.134.29 - - [22/Dec/2024:23:59:53 +0000] "GET /media/1567501061Untitled-2.jpg HTTP/2" 200 9973 "https://itimage.net/?_xi=aXRpbWFnZS5uZXRzZmpr.OTBmYWpzbGZzZGxmOHNm*&srd=1109&path=https://itimage.net/product_review.php%26id=701311920931.shtml" "Mozilla/5.0 (iPhone; CPU iPhone OS 18_1_1 like Mac OS X) AppleWebKit/605.1.15 (KHTML, like Gecko) Version/18.1.1 Mobile/15E148 Safari/604.1"
126.88.134.29 - - [22/Dec/2024:23:59:53 +0000] "GET /media/1567501251MCD.jpg HTTP/2" 200 7857 "https://itimage.net/?_xi=aXRpbWFnZS5uZXRzZmpr.OTBmYWpzbGZzZGxmOHNm*&srd=1109&path=https://itimage.net/product_review.php%26id=701311920931.shtml" "Mozilla/5.0 (iPhone; CPU iPhone OS 18_1_1 like Mac OS X) AppleWebKit/605.1.15 (KHTML, like Gecko) Version/18.1.1 Mobile/15E148 Safari/604.1"
126.88.134.29 - - [22/Dec/2024:23:59:53 +0000] "GET /media/1567501183ZETA.jpg HTTP/2" 200 10703 "https://itimage.net/?_xi=aXRpbWFnZS5uZXRzZmpr.OTBmYWpzbGZzZGxmOHNm*&srd=1109&path=https://itimage.net/product_review.php%26id=701311920931.shtml" "Mozilla/5.0 (iPhone; CPU iPhone OS 18_1_1 like Mac OS X) AppleWebKit/605.1.15 (KHTML, like Gecko) Version/18.1.1 Mobile/15E148 Safari/604.1"
126.88.134.29 - - [22/Dec/2024:23:59:53 +0000] "GET /media/1567501117ZKTECO-LOGO.jpg HTTP/2" 200 7758 "https://itimage.net/?_xi=aXRpbWFnZS5uZXRzZmpr.OTBmYWpzbGZzZGxmOHNm*&srd=1109&path=https://itimage.net/product_review.php%26id=701311920931.shtml" "Mozilla/5.0 (iPhone; CPU iPhone OS 18_1_1 like Mac OS X) AppleWebKit/605.1.15 (KHTML, like Gecko) Version/18.1.1 Mobile/15E148 Safari/604.1"
126.88.134.29 - - [22/Dec/2024:23:59:53 +0000] "GET /media/1567500973logo.jpg HTTP/2" 200 7747 "https://itimage.net/?_xi=aXRpbWFnZS5uZXRzZmpr.OTBmYWpzbGZzZGxmOHNm*&srd=1109&path=https://itimage.net/product_review.php%26id=701311920931.shtml" "Mozilla/5.0 (iPhone; CPU iPhone OS 18_1_1 like Mac OS X) AppleWebKit/605.1.15 (KHTML, like Gecko) Version/18.1.1 Mobile/15E148 Safari/604.1"
126.88.134.29 - - [22/Dec/2024:23:59:53 +0000] "GET /media/1567500997Untitled-2.jpg HTTP/2" 200 9012 "https://itimage.net/?_xi=aXRpbWFnZS5uZXRzZmpr.OTBmYWpzbGZzZGxmOHNm*&srd=1109&path=https://itimage.net/product_review.php%26id=701311920931.shtml" "Mozilla/5.0 (iPhone; CPU iPhone OS 18_1_1 like Mac OS X) AppleWebKit/605.1.15 (KHTML, like Gecko) Version/18.1.1 Mobile/15E148 Safari/604.1"
126.88.134.29 - - [22/Dec/2024:23:59:53 +0000] "GET /media/1567500948Untitled-2.jpg HTTP/2" 200 8338 "https://itimage.net/?_xi=aXRpbWFnZS5uZXRzZmpr.OTBmYWpzbGZzZGxmOHNm*&srd=1109&path=https://itimage.net/product_review.php%26id=701311920931.shtml" "Mozilla/5.0 (iPhone; CPU iPhone OS 18_1_1 like Mac OS X) AppleWebKit/605.1.15 (KHTML, like Gecko) Version/18.1.1 Mobile/15E148 Safari/604.1"
126.88.134.29 - - [22/Dec/2024:23:59:53 +0000] "GET /media/1567501165garrett.jpg HTTP/2" 200 15275 "https://itimage.net/?_xi=aXRpbWFnZS5uZXRzZmpr.OTBmYWpzbGZzZGxmOHNm*&srd=1109&path=https://itimage.net/product_review.php%26id=701311920931.shtml" "Mozilla/5.0 (iPhone; CPU iPhone OS 18_1_1 like Mac OS X) AppleWebKit/605.1.15 (KHTML, like Gecko) Version/18.1.1 Mobile/15E148 Safari/604.1"
126.88.134.29 - - [22/Dec/2024:23:59:53 +0000] "GET /media/1567501142SUPREMA.jpg HTTP/2" 200 10449 "https://itimage.net/?_xi=aXRpbWFnZS5uZXRzZmpr.OTBmYWpzbGZzZGxmOHNm*&srd=1109&path=https://itimage.net/product_review.php%26id=701311920931.shtml" "Mozilla/5.0 (iPhone; CPU iPhone OS 18_1_1 like Mac OS X) AppleWebKit/605.1.15 (KHTML, like Gecko) Version/18.1.1 Mobile/15E148 Safari/604.1"
66.249.69.40 - - [23/Dec/2024:00:02:49 +0000] "GET /?_xi=aXRpbWFnZS5uZXRzZmpr.OTBmYWpzbGZzZGxmOHNm*&srd=1109&path=https://itimage.net/product_review.php%26id=01292349482.shtml HTTP/1.1" 200 21511 "-" "Mozilla/5.0 (Linux; Android 6.0.1; Nexus 5X Build/MMB29P) AppleWebKit/537.36 (KHTML, like Gecko) Chrome/131.0.6778.85 Mobile Safari/537.36 (compatible; Googlebot/2.1; +http://www.google.com/bot.html)"
66.249.69.40 - - [23/Dec/2024:00:05:25 +0000] "GET /?_xi=aXRpbWFnZS5uZXRzZmpr.OTBmYWpzbGZzZGxmOHNm*&srd=1109&path=https://itimage.net/product_review.php%26id=072741913670.shtml HTTP/1.1" 200 20261 "-" "Mozilla/5.0 (compatible; Googlebot/2.1; +http://www.google.com/bot.html)"
66.249.69.38 - - [23/Dec/2024:00:08:51 +0000] "GET /?_xi=aXRpbWFnZS5uZXRzZmpr.OTBmYWpzbGZzZGxmOHNm*&srd=1109&path=https://itimage.net/product_review.php%26id=192911894606.shtml HTTP/1.1" 200 11465 "-" "Mozilla/5.0 (Linux; Android 6.0.1; Nexus 5X Build/MMB29P) AppleWebKit/537.36 (KHTML, like Gecko) Chrome/131.0.6778.85 Mobile Safari/537.36 (compatible; GoogleOther)"
126.88.134.29 - - [22/Dec/2024:23:59:50 +0000] "GET /wp-content/themes/education-hub/js/skip-link-focus-fix.js HTTP/2" 200 11465 "https://itimage.net/?_xi=aXRpbWFnZS5uZXRzZmpr.OTBmYWpzbGZzZGxmOHNm*&srd=1109&path=https://itimage.net/product_review.php%26id=701311920931.shtml" "Mozilla/5.0 (iPhone; CPU iPhone OS 18_1_1 like Mac OS X) AppleWebKit/605.1.15 (KHTML, like Gecko) Version/18.1.1 Mobile/15E148 Safari/604.1"
126.88.134.29 - - [22/Dec/2024:23:59:50 +0000] "GET /wp-includes/js/wp-embed.min.js HTTP/2" 200 11465 "https://itimage.net/?_xi=aXRpbWFnZS5uZXRzZmpr.OTBmYWpzbGZzZGxmOHNm*&srd=1109&path=https://itimage.net/product_review.php%26id=701311920931.shtml" "Mozilla/5.0 (iPhone; CPU iPhone OS 18_1_1 like Mac OS X) AppleWebKit/605.1.15 (KHTML, like Gecko) Version/18.1.1 Mobile/15E148 Safari/604.1"
126.88.134.29 - - [22/Dec/2024:23:59:50 +0000] "GET /wp-content/plugins/lightbox/js/frontend/custom.js HTTP/2" 200 11465 "https://itimage.net/?_xi=aXRpbWFnZS5uZXRzZmpr.OTBmYWpzbGZzZGxmOHNm*&srd=1109&path=https://itimage.net/product_review.php%26id=701311920931.shtml" "Mozilla/5.0 (iPhone; CPU iPhone OS 18_1_1 like Mac OS X) AppleWebKit/605.1.15 (KHTML, like Gecko) Version/18.1.1 Mobile/15E148 Safari/604.1"
126.88.134.29 - - [22/Dec/2024:23:59:50 +0000] "GET /wp-content/themes/education-hub/js/custom.js?ver=1.0 HTTP/2" 200 11465 "https://itimage.net/?_xi=aXRpbWFnZS5uZXRzZmpr.OTBmYWpzbGZzZGxmOHNm*&srd=1109&path=https://itimage.net/product_review.php%26id=701311920931.shtml" "Mozilla/5.0 (iPhone; CPU iPhone OS 18_1_1 like Mac OS X) AppleWebKit/605.1.15 (KHTML, like Gecko) Version/18.1.1 Mobile/15E148 Safari/604.1"
126.88.134.29 - - [22/Dec/2024:23:59:50 +0000] "GET /wp-content/themes/education-hub/js/navigation.js HTTP/2" 200 11465 "https://itimage.net/?_xi=aXRpbWFnZS5uZXRzZmpr.OTBmYWpzbGZzZGxmOHNm*&srd=1109&path=https://itimage.net/product_review.php%26id=701311920931.shtml" "Mozilla/5.0 (iPhone; CPU iPhone OS 18_1_1 like Mac OS X) AppleWebKit/605.1.15 (KHTML, like Gecko) Version/18.1.1 Mobile/15E148 Safari/604.1"
126.88.134.29 - - [22/Dec/2024:23:59:50 +0000] "GET /wp-content/themes/education-hub/third-party/cycle2/js/jquery.cycle2.min.js HTTP/2" 200 0 "https://itimage.net/?_xi=aXRpbWFnZS5uZXRzZmpr.OTBmYWpzbGZzZGxmOHNm*&srd=1109&path=https://itimage.net/product_review.php%26id=701311920931.shtml" "Mozilla/5.0 (iPhone; CPU iPhone OS 18_1_1 like Mac OS X) AppleWebKit/605.1.15 (KHTML, like Gecko) Version/18.1.1 Mobile/15E148 Safari/604.1"
126.88.134.29 - - [22/Dec/2024:23:59:50 +0000] "GET /wp-content/plugins/lightbox/js/frontend/jquery.colorbox.js HTTP/2" 200 0 "https://itimage.net/?_xi=aXRpbWFnZS5uZXRzZmpr.OTBmYWpzbGZzZGxmOHNm*&srd=1109&path=https://itimage.net/product_review.php%26id=701311920931.shtml" "Mozilla/5.0 (iPhone; CPU iPhone OS 18_1_1 like Mac OS X) AppleWebKit/605.1.15 (KHTML, like Gecko) Version/18.1.1 Mobile/15E148 Safari/604.1"
51.222.253.3 - - [23/Dec/2024:00:22:33 +0000] "GET /about.php?page=Laratec%20IP%20Camera HTTP/2" 404 0 "-" "Mozilla/5.0 (compatible; AhrefsBot/7.0; +http://ahrefs.com/robot/)"
66.249.69.40 - - [23/Dec/2024:00:24:16 +0000] "GET /?_xi=aXRpbWFnZS5uZXRzZmpr.OTBmYWpzbGZzZGxmOHNm*&srd=1109&path=https://itimage.net/product_review.php%26id=82773476005.shtml HTTP/1.1" 200 21386 "-" "Mozilla/5.0 (compatible; Googlebot/2.1; +http://www.google.com/bot.html)"
66.249.69.40 - - [23/Dec/2024:00:18:11 +0000] "GET /?_xi=aXRpbWFnZS5uZXRzZmpr.OTBmYWpzbGZzZGxmOHNm*&srd=1109&path=https://itimage.net/product_review.php%26id=197681309440.shtml HTTP/1.1" 200 20834 "-" "Mozilla/5.0 (Linux; Android 6.0.1; Nexus 5X Build/MMB29P) AppleWebKit/537.36 (KHTML, like Gecko) Chrome/131.0.6778.85 Mobile Safari/537.36 (compatible; Googlebot/2.1; +http://www.google.com/bot.html)"
66.249.69.39 - - [23/Dec/2024:00:23:51 +0000] "GET /?_xi=aXRpbWFnZS5uZXRzZmpr.OTBmYWpzbGZzZGxmOHNm*&srd=1109&path=https://itimage.net/product_review.php%26id=991881367676.shtml HTTP/1.1" 200 19955 "-" "Mozilla/5.0 (Linux; Android 6.0.1; Nexus 5X Build/MMB29P) AppleWebKit/537.36 (KHTML, like Gecko) Chrome/131.0.6778.85 Mobile Safari/537.36 (compatible; Googlebot/2.1; +http://www.google.com/bot.html)"
66.249.69.38 - - [23/Dec/2024:00:31:21 +0000] "GET /?_xi=aXRpbWFnZS5uZXRzZmpr.OTBmYWpzbGZzZGxmOHNm*&srd=1109&path=https://itimage.net/product_review.php%26id=931921094863.shtml HTTP/1.1" 200 11465 "-" "Mozilla/5.0 (Linux; Android 6.0.1; Nexus 5X Build/MMB29P) AppleWebKit/537.36 (KHTML, like Gecko) Chrome/131.0.6778.85 Mobile Safari/537.36 (compatible; GoogleOther)"
66.249.75.226 - - [23/Dec/2024:00:32:28 +0000] "GET /about.php?page=Business%20Partner HTTP/1.1" 404 0 "-" "Mozilla/5.0 (Linux; Android 6.0.1; Nexus 5X Build/MMB29P) AppleWebKit/537.36 (KHTML, like Gecko) Chrome/131.0.6778.85 Mobile Safari/537.36 (compatible; Googlebot/2.1; +http://www.google.com/bot.html)"
66.249.69.40 - - [23/Dec/2024:00:38:13 +0000] "GET /?_xi=aXRpbWFnZS5uZXRzZmpr.OTBmYWpzbGZzZGxmOHNm*&srd=1109&path=https://itimage.net/product_review.php%26id=692931762913.shtml HTTP/1.1" 200 21235 "-" "Mozilla/5.0 (compatible; Googlebot/2.1; +http://www.google.com/bot.html)"
66.249.69.39 - - [23/Dec/2024:00:41:25 +0000] "GET /28070489327.shtml HTTP/1.1" 200 11472 "-" "Mozilla/5.0 (Linux; Android 6.0.1; Nexus 5X Build/MMB29P) AppleWebKit/537.36 (KHTML, like Gecko) Chrome/131.0.6778.85 Mobile Safari/537.36 (compatible; GoogleOther)"
66.249.69.38 - - [23/Dec/2024:00:43:43 +0000] "GET /?_xi=aXRpbWFnZS5uZXRzZmpr.OTBmYWpzbGZzZGxmOHNm*&srd=1109&path=https://itimage.net/product_review.php%26id=90309549426.shtml HTTP/1.1" 200 21503 "-" "Mozilla/5.0 (Linux; Android 6.0.1; Nexus 5X Build/MMB29P) AppleWebKit/537.36 (KHTML, like Gecko) Chrome/131.0.6778.85 Mobile Safari/537.36 (compatible; Googlebot/2.1; +http://www.google.com/bot.html)"
66.249.69.39 - - [23/Dec/2024:00:45:12 +0000] "GET /?_xi=aXRpbWFnZS5uZXRzZmpr.OTBmYWpzbGZzZGxmOHNm*&srd=1109&path=https://itimage.net/product_review.php%26id=072981908046.shtml HTTP/1.1" 200 11465 "-" "Mozilla/5.0 (Linux; Android 6.0.1; Nexus 5X Build/MMB29P) AppleWebKit/537.36 (KHTML, like Gecko) Chrome/131.0.6778.85 Mobile Safari/537.36 (compatible; GoogleOther)"
66.249.69.39 - - [23/Dec/2024:00:45:22 +0000] "GET /?_xi=aXRpbWFnZS5uZXRzZmpr.OTBmYWpzbGZzZGxmOHNm*&srd=1109&path=https://itimage.net/product_review.php%26id=19500699426.shtml HTTP/1.1" 200 21410 "-" "Mozilla/5.0 (compatible; Googlebot/2.1; +http://www.google.com/bot.html)"
66.249.69.40 - - [23/Dec/2024:00:46:46 +0000] "GET /?_xi=aXRpbWFnZS5uZXRzZmpr.OTBmYWpzbGZzZGxmOHNm*&srd=1109&path=https://itimage.net/product_review.php%26id=219711274149.shtml HTTP/1.1" 200 20325 "-" "Mozilla/5.0 (Linux; Android 6.0.1; Nexus 5X Build/MMB29P) AppleWebKit/537.36 (KHTML, like Gecko) Chrome/131.0.6778.85 Mobile Safari/537.36 (compatible; Googlebot/2.1; +http://www.google.com/bot.html)"
66.249.75.226 - - [23/Dec/2024:00:53:08 +0000] "GET / HTTP/1.1" 200 24073 "-" "Mozilla/5.0 (Linux; Android 6.0.1; Nexus 5X Build/MMB29P) AppleWebKit/537.36 (KHTML, like Gecko) Chrome/99.0.4844.84 Mobile Safari/537.36 (compatible; Googlebot/2.1; +http://www.google.com/bot.html)"
66.249.75.226 - - [23/Dec/2024:00:53:09 +0000] "GET / HTTP/1.1" 200 24073 "-" "Mozilla/5.0 (compatible; Googlebot/2.1; +http://www.google.com/bot.html)"
66.249.75.226 - - [23/Dec/2024:00:53:24 +0000] "GET /about.php?page=Software%20Solution HTTP/1.1" 404 0 "-" "Mozilla/5.0 (Linux; Android 6.0.1; Nexus 5X Build/MMB29P) AppleWebKit/537.36 (KHTML, like Gecko) Chrome/131.0.6778.85 Mobile Safari/537.36 (compatible; Googlebot/2.1; +http://www.google.com/bot.html)"
66.249.69.40 - - [23/Dec/2024:00:59:03 +0000] "GET /?_xi=aXRpbWFnZS5uZXRzZmpr.OTBmYWpzbGZzZGxmOHNm*&srd=1109&path=https://itimage.net/product_review.php%26id=016501607804.shtml HTTP/1.1" 200 11465 "-" "Mozilla/5.0 (Linux; Android 6.0.1; Nexus 5X Build/MMB29P) AppleWebKit/537.36 (KHTML, like Gecko) Chrome/131.0.6778.85 Mobile Safari/537.36 (compatible; GoogleOther)"
66.249.69.38 - - [23/Dec/2024:01:01:47 +0000] "GET /?_xi=aXRpbWFnZS5uZXRzZmpr.OTBmYWpzbGZzZGxmOHNm*&srd=1109&path=https://itimage.net/product_review.php%26id=802981527935.shtml HTTP/1.1" 200 19595 "-" "Mozilla/5.0 (Linux; Android 6.0.1; Nexus 5X Build/MMB29P) AppleWebKit/537.36 (KHTML, like Gecko) Chrome/131.0.6778.85 Mobile Safari/537.36 (compatible; Googlebot/2.1; +http://www.google.com/bot.html)"
66.249.69.38 - - [23/Dec/2024:01:05:09 +0000] "GET /?_xi=aXRpbWFnZS5uZXRzZmpr.OTBmYWpzbGZzZGxmOHNm*&srd=1109&path=https://itimage.net/product_review.php%26id=71927687215.shtml HTTP/1.1" 200 21822 "-" "Mozilla/5.0 (Linux; Android 6.0.1; Nexus 5X Build/MMB29P) AppleWebKit/537.36 (KHTML, like Gecko) Chrome/131.0.6778.85 Mobile Safari/537.36 (compatible; Googlebot/2.1; +http://www.google.com/bot.html)"
66.249.75.228 - - [23/Dec/2024:01:06:15 +0000] "GET /about.php?page=Time%20Attendance HTTP/1.1" 404 0 "-" "Mozilla/5.0 (Linux; Android 6.0.1; Nexus 5X Build/MMB29P) AppleWebKit/537.36 (KHTML, like Gecko) Chrome/131.0.6778.85 Mobile Safari/537.36 (compatible; Googlebot/2.1; +http://www.google.com/bot.html)"
51.222.253.20 - - [23/Dec/2024:01:18:12 +0000] "GET /contact.php?page=Contact HTTP/2" 403 1242 "-" "Mozilla/5.0 (compatible; AhrefsBot/7.0; +http://ahrefs.com/robot/)"
66.249.69.38 - - [23/Dec/2024:01:12:54 +0000] "GET /?_xi=aXRpbWFnZS5uZXRzZmpr.OTBmYWpzbGZzZGxmOHNm*&srd=1109&path=https://itimage.net/product_review.php%26id=517211118904.shtml HTTP/1.1" 200 11465 "-" "Mozilla/5.0 (Linux; Android 6.0.1; Nexus 5X Build/MMB29P) AppleWebKit/537.36 (KHTML, like Gecko) Chrome/131.0.6778.85 Mobile Safari/537.36 (compatible; GoogleOther)"
124.220.161.119 - - [23/Dec/2024:01:25:53 +0000] "GET / HTTP/1.1" 200 12448 "-" "Mozilla/5.0 (Linux; Android 10; LIO-AN00 Build/HUAWEILIO-AN00; wv) MicroMessenger Weixin QQ AppleWebKit/537.36 (KHTML, like Gecko) Version/4.0 Chrome/78.0.3904.62 XWEB/2692 MMWEBSDK/200901 Mobile Safari/537.36"
66.249.69.38 - - [23/Dec/2024:01:34:25 +0000] "GET /?_xi=aXRpbWFnZS5uZXRzZmpr.OTBmYWpzbGZzZGxmOHNm*&srd=1109&path=https://itimage.net/product_review.php%26id=71927687215.shtml HTTP/1.1" 200 21814 "-" "Mozilla/5.0 (Linux; Android 6.0.1; Nexus 5X Build/MMB29P) AppleWebKit/537.36 (KHTML, like Gecko) Chrome/131.0.6778.85 Mobile Safari/537.36 (compatible; Googlebot/2.1; +http://www.google.com/bot.html)"
124.220.161.119 - - [23/Dec/2024:01:29:47 +0000] "GET / HTTP/1.1" 200 12451 "-" "Mozilla/5.0 (Linux; Android 10; LIO-AN00 Build/HUAWEILIO-AN00; wv) MicroMessenger Weixin QQ AppleWebKit/537.36 (KHTML, like Gecko) Version/4.0 Chrome/78.0.3904.62 XWEB/2692 MMWEBSDK/200901 Mobile Safari/537.36"
66.249.69.39 - - [23/Dec/2024:01:35:02 +0000] "GET /?_xi=aXRpbWFnZS5uZXRzZmpr.OTBmYWpzbGZzZGxmOHNm*&srd=1109&path=https://itimage.net/product_review.php%26id=281121205856.shtml HTTP/1.1" 200 21032 "-" "Mozilla/5.0 (compatible; Googlebot/2.1; +http://www.google.com/bot.html)"
120.229.124.191 - - [23/Dec/2024:01:35:49 +0000] "HEAD / HTTP/1.1" 200 0 "-" "Mozilla/5.0 (compatible; MSIE 9.0; Windows NT 6.1; WOW64; Trident/5.0; SLCC2; .NET CLR 2.0.50727; .NET CLR 3.5.30729; .NET CLR 3.0.30729; Media Center PC 6.0; .NET4.0C; .NET4.0E; LBBROWSER)"
124.220.161.119 - - [23/Dec/2024:01:25:33 +0000] "GET / HTTP/1.1" 200 12455 "-" "Mozilla/5.0 (Linux; Android 10; LIO-AN00 Build/HUAWEILIO-AN00; wv) MicroMessenger Weixin QQ AppleWebKit/537.36 (KHTML, like Gecko) Version/4.0 Chrome/78.0.3904.62 XWEB/2692 MMWEBSDK/200901 Mobile Safari/537.36"
66.249.69.39 - - [23/Dec/2024:01:26:44 +0000] "GET /?_xi=aXRpbWFnZS5uZXRzZmpr.OTBmYWpzbGZzZGxmOHNm*&srd=1109&path=https://itimage.net/product_review.php%26id=159221927348.shtml HTTP/1.1" 200 11465 "-" "Mozilla/5.0 (Linux; Android 6.0.1; Nexus 5X Build/MMB29P) AppleWebKit/537.36 (KHTML, like Gecko) Chrome/131.0.6778.85 Mobile Safari/537.36 (compatible; GoogleOther)"
124.220.161.119 - - [23/Dec/2024:01:29:18 +0000] "GET / HTTP/1.1" 200 12449 "-" "Mozilla/5.0 (Linux; Android 10; LIO-AN00 Build/HUAWEILIO-AN00; wv) MicroMessenger Weixin QQ AppleWebKit/537.36 (KHTML, like Gecko) Version/4.0 Chrome/78.0.3904.62 XWEB/2692 MMWEBSDK/200901 Mobile Safari/537.36"
66.249.69.39 - - [23/Dec/2024:01:37:25 +0000] "GET /?_xi=aXRpbWFnZS5uZXRzZmpr.OTBmYWpzbGZzZGxmOHNm*&srd=1109&path=https://itimage.net/product_review.php%26id=00116252430.shtml HTTP/1.1" 200 21612 "-" "Mozilla/5.0 (Linux; Android 6.0.1; Nexus 5X Build/MMB29P) AppleWebKit/537.36 (KHTML, like Gecko) Chrome/131.0.6778.85 Mobile Safari/537.36 (compatible; Googlebot/2.1; +http://www.google.com/bot.html)"
66.249.69.38 - - [23/Dec/2024:01:54:26 +0000] "GET /?_xi=aXRpbWFnZS5uZXRzZmpr.OTBmYWpzbGZzZGxmOHNm*&srd=1109&path=https://itimage.net/product_review.php%26id=12542373222.shtml HTTP/1.1" 200 11465 "-" "Mozilla/5.0 (Linux; Android 6.0.1; Nexus 5X Build/MMB29P) AppleWebKit/537.36 (KHTML, like Gecko) Chrome/131.0.6778.85 Mobile Safari/537.36 (compatible; GoogleOther)"
66.249.69.40 - - [23/Dec/2024:01:40:35 +0000] "GET /?_xi=aXRpbWFnZS5uZXRzZmpr.OTBmYWpzbGZzZGxmOHNm*&srd=1109&path=https://itimage.net/product_review.php%26id=078921688806.shtml HTTP/1.1" 200 11465 "-" "Mozilla/5.0 (Linux; Android 6.0.1; Nexus 5X Build/MMB29P) AppleWebKit/537.36 (KHTML, like Gecko) Chrome/131.0.6778.85 Mobile Safari/537.36 (compatible; GoogleOther)"
66.249.69.39 - - [23/Dec/2024:02:08:17 +0000] "GET /?_xi=aXRpbWFnZS5uZXRzZmpr.OTBmYWpzbGZzZGxmOHNm*&srd=1109&path=https://itimage.net/product_review.php%26id=236961331065.shtml HTTP/1.1" 200 11465 "-" "Mozilla/5.0 (Linux; Android 6.0.1; Nexus 5X Build/MMB29P) AppleWebKit/537.36 (KHTML, like Gecko) Chrome/131.0.6778.85 Mobile Safari/537.36 (compatible; GoogleOther)"
51.81.46.212 - - [23/Dec/2024:01:56:40 +0000] "GET / HTTP/1.1" 200 41140 "-" "-"
66.249.69.38 - - [23/Dec/2024:02:08:42 +0000] "GET /?_xi=aXRpbWFnZS5uZXRzZmpr.OTBmYWpzbGZzZGxmOHNm*&srd=1109&path=https://itimage.net/product_review.php%26id=9002330446.shtml HTTP/1.1" 200 19624 "-" "Mozilla/5.0 (compatible; Googlebot/2.1; +http://www.google.com/bot.html)"
66.249.69.40 - - [23/Dec/2024:02:04:33 +0000] "GET /?_xi=aXRpbWFnZS5uZXRzZmpr.OTBmYWpzbGZzZGxmOHNm*&srd=1109&path=https://itimage.net/product_review.php%26id=85400275412.shtml HTTP/1.1" 200 11465 "-" "Mozilla/5.0 (Linux; Android 6.0.1; Nexus 5X Build/MMB29P) AppleWebKit/537.36 (KHTML, like Gecko) Chrome/131.0.6778.85 Mobile Safari/537.36 (compatible; GoogleOther)"
66.249.69.38 - - [23/Dec/2024:02:11:25 +0000] "GET /113201436596.shtml HTTP/1.1" 200 11465 "-" "Mozilla/5.0 (Linux; Android 6.0.1; Nexus 5X Build/MMB29P) AppleWebKit/537.36 (KHTML, like Gecko) Chrome/131.0.6778.85 Mobile Safari/537.36 (compatible; GoogleOther)"
51.222.253.13 - - [23/Dec/2024:02:12:21 +0000] "GET /about.php?page=Access%20Control HTTP/2" 404 0 "-" "Mozilla/5.0 (compatible; AhrefsBot/7.0; +http://ahrefs.com/robot/)"
66.249.75.226 - - [23/Dec/2024:02:20:39 +0000] "GET /product_details.php?pid=627 HTTP/1.1" 403 1242 "-" "Mozilla/5.0 (Linux; Android 6.0.1; Nexus 5X Build/MMB29P) AppleWebKit/537.36 (KHTML, like Gecko) Chrome/131.0.6778.85 Mobile Safari/537.36 (compatible; Googlebot/2.1; +http://www.google.com/bot.html)"
66.249.69.39 - - [23/Dec/2024:02:22:07 +0000] "GET /?_xi=aXRpbWFnZS5uZXRzZmpr.OTBmYWpzbGZzZGxmOHNm*&srd=1109&path=https://itimage.net/product_review.php%26id=998731351309.shtml HTTP/1.1" 200 11465 "-" "Mozilla/5.0 (Linux; Android 6.0.1; Nexus 5X Build/MMB29P) AppleWebKit/537.36 (KHTML, like Gecko) Chrome/131.0.6778.85 Mobile Safari/537.36 (compatible; GoogleOther)"
66.249.69.38 - - [23/Dec/2024:02:27:18 +0000] "GET /?_xi=aXRpbWFnZS5uZXRzZmpr.OTBmYWpzbGZzZGxmOHNm*&srd=1109&path=https://itimage.net/product_review.php%26id=99773893038.shtml HTTP/1.1" 200 20072 "-" "Mozilla/5.0 (Linux; Android 6.0.1; Nexus 5X Build/MMB29P) AppleWebKit/537.36 (KHTML, like Gecko) Chrome/131.0.6778.85 Mobile Safari/537.36 (compatible; Googlebot/2.1; +http://www.google.com/bot.html)"
66.249.69.38 - - [23/Dec/2024:02:35:58 +0000] "GET /?_xi=aXRpbWFnZS5uZXRzZmpr.OTBmYWpzbGZzZGxmOHNm*&srd=1109&path=https://itimage.net/product_review.php%26id=403741288806.shtml HTTP/1.1" 200 11465 "-" "Mozilla/5.0 (Linux; Android 6.0.1; Nexus 5X Build/MMB29P) AppleWebKit/537.36 (KHTML, like Gecko) Chrome/131.0.6778.85 Mobile Safari/537.36 (compatible; GoogleOther)"
66.249.69.38 - - [23/Dec/2024:02:34:17 +0000] "GET /?_xi=aXRpbWFnZS5uZXRzZmpr.OTBmYWpzbGZzZGxmOHNm*&srd=1109&path=https://itimage.net/product_review.php%26id=22265752613.shtml HTTP/1.1" 200 21484 "-" "Mozilla/5.0 (compatible; Googlebot/2.1; +http://www.google.com/bot.html)"
66.249.69.39 - - [23/Dec/2024:02:29:08 +0000] "GET /616731716669.shtml HTTP/1.1" 200 11465 "-" "Mozilla/5.0 (Linux; Android 6.0.1; Nexus 5X Build/MMB29P) AppleWebKit/537.36 (KHTML, like Gecko) Chrome/131.0.6778.85 Mobile Safari/537.36 (compatible; GoogleOther)"
51.8.102.127 - - [23/Dec/2024:02:30:14 +0000] "GET /robots.txt HTTP/2" 200 63 "-" "Mozilla/5.0 AppleWebKit/537.36 (KHTML, like Gecko); compatible; OAI-SearchBot/1.0; +https://openai.com/searchbot"
66.249.69.40 - - [23/Dec/2024:02:35:44 +0000] "GET /?_xi=aXRpbWFnZS5uZXRzZmpr.OTBmYWpzbGZzZGxmOHNm*&srd=1109&path=https://itimage.net/product_review.php%26id=942141671933.shtml HTTP/1.1" 200 22771 "-" "Mozilla/5.0 (compatible; Googlebot/2.1; +http://www.google.com/bot.html)"
66.249.69.39 - - [23/Dec/2024:02:45:14 +0000] "GET /575001855202.shtml HTTP/1.1" 200 11465 "-" "Mozilla/5.0 (Linux; Android 6.0.1; Nexus 5X Build/MMB29P) AppleWebKit/537.36 (KHTML, like Gecko) Chrome/131.0.6778.85 Mobile Safari/537.36 (compatible; GoogleOther)"
66.249.69.39 - - [23/Dec/2024:02:49:49 +0000] "GET /?_xi=aXRpbWFnZS5uZXRzZmpr.OTBmYWpzbGZzZGxmOHNm*&srd=1109&path=https://itimage.net/product_review.php%26id=011051528672.shtml HTTP/1.1" 200 11465 "-" "Mozilla/5.0 (Linux; Android 6.0.1; Nexus 5X Build/MMB29P) AppleWebKit/537.36 (KHTML, like Gecko) Chrome/131.0.6778.85 Mobile Safari/537.36 (compatible; GoogleOther)"
66.249.69.38 - - [23/Dec/2024:02:53:17 +0000] "GET /470171570246.shtml HTTP/1.1" 200 11465 "-" "Mozilla/5.0 (Linux; Android 6.0.1; Nexus 5X Build/MMB29P) AppleWebKit/537.36 (KHTML, like Gecko) Chrome/131.0.6778.85 Mobile Safari/537.36 (compatible; GoogleOther)"
66.249.69.38 - - [23/Dec/2024:02:55:05 +0000] "GET /?_xi=aXRpbWFnZS5uZXRzZmpr.OTBmYWpzbGZzZGxmOHNm*&srd=1109&path=https://itimage.net/product_review.php%26id=215061161560.shtml HTTP/1.1" 200 20745 "-" "Mozilla/5.0 (Linux; Android 6.0.1; Nexus 5X Build/MMB29P) AppleWebKit/537.36 (KHTML, like Gecko) Chrome/131.0.6778.85 Mobile Safari/537.36 (compatible; Googlebot/2.1; +http://www.google.com/bot.html)"
66.249.69.40 - - [23/Dec/2024:02:45:04 +0000] "GET /?_xi=aXRpbWFnZS5uZXRzZmpr.OTBmYWpzbGZzZGxmOHNm*&srd=1109&path=https://itimage.net/product_review.php%26id=997411380356.shtml HTTP/1.1" 200 20105 "-" "Mozilla/5.0 (compatible; Googlebot/2.1; +http://www.google.com/bot.html)"
66.249.69.38 - - [23/Dec/2024:02:47:46 +0000] "GET /?_xi=aXRpbWFnZS5uZXRzZmpr.OTBmYWpzbGZzZGxmOHNm*&srd=1109&path=https://itimage.net/product_review.php%26id=247821823301.shtml HTTP/1.1" 200 20341 "-" "Mozilla/5.0 (compatible; Googlebot/2.1; +http://www.google.com/bot.html)"
87.120.114.254 - - [23/Dec/2024:03:09:55 +0000] "GET /.env.dev HTTP/1.1" 200 12665 "-" "Mozilla/5.0 (Windows NT 10.0; Win64; x64) AppleWebKit/537.36 (KHTML, like Gecko) Chrome/58.0.3029.110 Safari/537.3"
66.249.69.38 - - [23/Dec/2024:03:03:40 +0000] "GET /?_xi=aXRpbWFnZS5uZXRzZmpr.OTBmYWpzbGZzZGxmOHNm*&srd=1109&path=https://itimage.net/product_review.php%26id=87055243704.shtml HTTP/1.1" 200 11465 "-" "Mozilla/5.0 (Linux; Android 6.0.1; Nexus 5X Build/MMB29P) AppleWebKit/537.36 (KHTML, like Gecko) Chrome/131.0.6778.85 Mobile Safari/537.36 (compatible; GoogleOther)"
66.249.69.39 - - [23/Dec/2024:03:01:45 +0000] "GET /677211527152.shtml HTTP/1.1" 200 11472 "-" "Mozilla/5.0 (Linux; Android 6.0.1; Nexus 5X Build/MMB29P) AppleWebKit/537.36 (KHTML, like Gecko) Chrome/131.0.6778.85 Mobile Safari/537.36 (compatible; GoogleOther)"
87.120.114.254 - - [23/Dec/2024:03:09:54 +0000] "GET /.env HTTP/1.1" 200 12665 "-" "Mozilla/5.0 (X11; CrOS x86_64 14541.0.0) AppleWebKit/537.36 (KHTML, like Gecko) Chrome/126.0.0.0 Safari/537.36"
87.120.114.254 - - [23/Dec/2024:03:09:55 +0000] "GET /.env.dev.local HTTP/1.1" 200 12665 "-" "Mozilla/5.0 (Ubuntu; Linux i686) AppleWebKit/537.36 (KHTML, like Gecko) Chrome/125.0.0.0 Safari/537.36"
87.120.114.254 - - [23/Dec/2024:03:09:57 +0000] "GET /.env.development.local HTTP/1.1" 200 12665 "-" "Mozilla/5.0 (Macintosh; Intel Mac OS X 10_15_7) AppleWebKit/537.36 (KHTML, like Gecko) Chrome/106.0.0.0 Safari/537.36"
87.120.114.254 - - [23/Dec/2024:03:10:03 +0000] "GET /.env.local HTTP/1.1" 200 12688 "-" "Mozilla/5.0 (Macintosh; Intel Mac OS X 10_15_7) AppleWebKit/605.1.15 (KHTML, like Gecko) Version/17.1.4 Safari/605.1.15"
87.120.114.254 - - [23/Dec/2024:03:10:07 +0000] "GET /.env.backup HTTP/1.1" 200 12688 "-" "Mozilla/5.0 (Macintosh; Intel Mac OS X 10_15_7) AppleWebKit/605.1.15 (KHTML, like Gecko) Version/17.4.1 Safari/605.4.20"
87.120.114.254 - - [23/Dec/2024:03:10:09 +0000] "GET /.env.old HTTP/1.1" 200 12688 "-" "Mozilla/5.0 (CentOS; Linux x86_64; rv:123.0) Gecko/20100101 Firefox/123.0"
87.120.114.254 - - [23/Dec/2024:03:10:11 +0000] "GET /.env_sample HTTP/1.1" 200 12688 "-" "Mozilla/5.0 (Windows NT 10.0; Win64; x64) AppleWebKit/537.36 (KHTML, like Gecko) Chrome/83.0.4103.61 Safari/537.36"
87.120.114.254 - - [23/Dec/2024:03:10:13 +0000] "GET /.env.itimage HTTP/1.1" 200 12903 "-" "Mozilla/5.0 (X11; Ubuntu; Linux x86_64; rv:125.0) Gecko/20100101 Firefox/125.0"
87.120.114.254 - - [23/Dec/2024:03:10:13 +0000] "GET /.env. HTTP/1.1" 200 12688 "-" "Mozilla/5.0 (Macintosh; Intel Mac OS X 10_15_7) AppleWebKit/605.1.15 (KHTML, like Gecko) Version/17.4 Safari/17.4"
66.249.69.39 - - [23/Dec/2024:03:17:30 +0000] "GET /?_xi=aXRpbWFnZS5uZXRzZmpr.OTBmYWpzbGZzZGxmOHNm*&srd=1109&path=https://itimage.net/product_review.php%26id=291881337835.shtml HTTP/1.1" 200 11465 "-" "Mozilla/5.0 (Linux; Android 6.0.1; Nexus 5X Build/MMB29P) AppleWebKit/537.36 (KHTML, like Gecko) Chrome/131.0.6778.85 Mobile Safari/537.36 (compatible; GoogleOther)"
87.120.114.254 - - [23/Dec/2024:03:10:00 +0000] "GET /.env.prod.local HTTP/1.1" 200 12688 "-" "Mozilla/5.0 (Macintosh; Intel Mac OS X 10_15_7) AppleWebKit/605.1.15 (KHTML, like Gecko) Version/17.5 Safari/605.1.20"
87.120.114.254 - - [23/Dec/2024:03:10:05 +0000] "GET /.env.stage HTTP/1.1" 200 12688 "-" "Mozilla/5.0 (SS; Linux i686) AppleWebKit/537.36 (KHTML, like Gecko) Chrome/122.0.0.0 Safari/537.36"
87.120.114.254 - - [23/Dec/2024:03:10:11 +0000] "GET /.env_1 HTTP/1.1" 200 12688 "-" "Mozilla/5.0 (ZZ; Linux i686; rv:123.0) Gecko/20100101 Firefox/123.0"
87.120.114.254 - - [23/Dec/2024:03:10:15 +0000] "GET /api/.env HTTP/1.1" 200 12665 "-" "Mozilla/5.0 (Macintosh; Intel Mac OS X 10_15_7) AppleWebKit/605.1.15 (KHTML, like Gecko) Version/17.2 Safari/605.3.17"
