87.120.114.254 - - [23/Dec/2024:03:09:59 +0000] "GET /.env.prod HTTP/1.1" 200 12665 "-" "Mozilla/5.0 (SS; Linux x86_64) AppleWebKit/537.36 (KHTML, like Gecko) Chrome/126.0.0.0 Safari/537.36"
87.120.114.254 - - [23/Dec/2024:03:10:01 +0000] "GET /.env.production HTTP/1.1" 200 12688 "-" "Mozilla/5.0 (Macintosh; Intel Mac OS X 10_15_7) AppleWebKit/605.1.15 (KHTML, like Gecko) Version/17.2.1 Safari/605.6.16"
87.120.114.254 - - [23/Dec/2024:03:10:02 +0000] "GET /.env.production.local HTTP/1.1" 200 12688 "-" "Mozilla/5.0 (Ubuntu; Linux i686; rv:123.0) Gecko/20100101 Firefox/123.0"
87.120.114.254 - - [23/Dec/2024:03:10:03 +0000] "GET /.env.example HTTP/1.1" 200 12688 "-" "Mozilla/5.0 (X11; Linux i686) AppleWebKit/537.36 (KHTML, like Gecko) Chrome/129.0.0.0 Safari/537.36"
87.120.114.254 - - [23/Dec/2024:03:10:06 +0000] "GET /.env.live HTTP/1.1" 200 12688 "-" "Mozilla/5.0 (Debian; Linux i686) AppleWebKit/537.36 (KHTML, like Gecko) Chrome/126.0.0.0 Safari/537.36"
87.120.114.254 - - [23/Dec/2024:03:10:07 +0000] "GET /.env.save HTTP/1.1" 200 12688 "-" "Mozilla/5.0 (Macintosh; Intel Mac OS X 10_15_7) AppleWebKit/605.1.15 (KHTML, like Gecko) Version/17.3.1 Safari/605.1.1"
87.120.114.254 - - [23/Dec/2024:03:10:09 +0000] "GET /.env.www HTTP/1.1" 200 12688 "-" "Mozilla/5.0 (Windows NT 10.0; Win64; x64) AppleWebKit/537.36 (KHTML, like Gecko) Chrome/91.0.4472.124 Safari/537.3"
66.249.69.39 - - [23/Dec/2024:03:17:51 +0000] "GET /73184227614.shtml HTTP/1.1" 200 11472 "-" "Mozilla/5.0 (Linux; Android 6.0.1; Nexus 5X Build/MMB29P) AppleWebKit/537.36 (KHTML, like Gecko) Chrome/131.0.6778.85 Mobile Safari/537.36 (compatible; GoogleOther)"
87.120.127.163 - - [23/Dec/2024:03:20:08 +0000] "GET /wp-admin/maint/file.php HTTP/1.1" 200 12665 "-" "Mozlila/5.0 (Linux; Android 7.0; SM-G892A Bulid/NRD90M; wv) AppleWebKit/537.36 (KHTML, like Gecko) Version/4.0 Chrome/60.0.3112.107 Moblie Safari/537.36"
66.249.69.40 - - [23/Dec/2024:03:20:12 +0000] "GET /?_xi=aXRpbWFnZS5uZXRzZmpr.OTBmYWpzbGZzZGxmOHNm*&srd=1109&path=https://itimage.net/product_review.php%26id=60778590653.shtml HTTP/1.1" 200 20077 "-" "Mozilla/5.0 (Linux; Android 6.0.1; Nexus 5X Build/MMB29P) AppleWebKit/537.36 (KHTML, like Gecko) Chrome/131.0.6778.85 Mobile Safari/537.36 (compatible; Googlebot/2.1; +http://www.google.com/bot.html)"
87.120.127.163 - - [23/Dec/2024:03:20:12 +0000] "GET /wp-admin/maint/wp-act.php HTTP/1.1" 200 12688 "-" "Mozlila/5.0 (Linux; Android 7.0; SM-G892A Bulid/NRD90M; wv) AppleWebKit/537.36 (KHTML, like Gecko) Version/4.0 Chrome/60.0.3112.107 Moblie Safari/537.36"
87.120.127.163 - - [23/Dec/2024:03:20:18 +0000] "GET /wp-includes/blocks/autoload_classmap.php HTTP/1.1" 200 12688 "-" "Mozlila/5.0 (Linux; Android 7.0; SM-G892A Bulid/NRD90M; wv) AppleWebKit/537.36 (KHTML, like Gecko) Version/4.0 Chrome/60.0.3112.107 Moblie Safari/537.36"
87.120.127.163 - - [23/Dec/2024:03:20:21 +0000] "GET /wp-admin/includes/rk2.php HTTP/1.1" 200 12688 "-" "Mozlila/5.0 (Linux; Android 7.0; SM-G892A Bulid/NRD90M; wv) AppleWebKit/537.36 (KHTML, like Gecko) Version/4.0 Chrome/60.0.3112.107 Moblie Safari/537.36"
87.120.127.163 - - [23/Dec/2024:03:20:23 +0000] "GET /wp-includes/images/chosen.php HTTP/1.1" 200 12688 "-" "Mozlila/5.0 (Linux; Android 7.0; SM-G892A Bulid/NRD90M; wv) AppleWebKit/537.36 (KHTML, like Gecko) Version/4.0 Chrome/60.0.3112.107 Moblie Safari/537.36"
87.120.127.163 - - [23/Dec/2024:03:20:24 +0000] "GET /wp-includes/chosen.php HTTP/1.1" 200 12688 "-" "Mozlila/5.0 (Linux; Android 7.0; SM-G892A Bulid/NRD90M; wv) AppleWebKit/537.36 (KHTML, like Gecko) Version/4.0 Chrome/60.0.3112.107 Moblie Safari/537.36"
87.120.127.163 - - [23/Dec/2024:03:20:26 +0000] "GET /wp-admin/maint/webdb.php HTTP/1.1" 200 12665 "-" "Mozlila/5.0 (Linux; Android 7.0; SM-G892A Bulid/NRD90M; wv) AppleWebKit/537.36 (KHTML, like Gecko) Version/4.0 Chrome/60.0.3112.107 Moblie Safari/537.36"
87.120.127.163 - - [23/Dec/2024:03:20:28 +0000] "GET /wp-admin/maint/mlm.php HTTP/1.1" 200 12688 "-" "Mozlila/5.0 (Linux; Android 7.0; SM-G892A Bulid/NRD90M; wv) AppleWebKit/537.36 (KHTML, like Gecko) Version/4.0 Chrome/60.0.3112.107 Moblie Safari/537.36"
66.249.69.40 - - [23/Dec/2024:03:31:21 +0000] "GET /?_xi=aXRpbWFnZS5uZXRzZmpr.OTBmYWpzbGZzZGxmOHNm*&srd=1109&path=https://itimage.net/product_review.php%26id=87279282659.shtml HTTP/1.1" 200 11465 "-" "Mozilla/5.0 (Linux; Android 6.0.1; Nexus 5X Build/MMB29P) AppleWebKit/537.36 (KHTML, like Gecko) Chrome/131.0.6778.85 Mobile Safari/537.36 (compatible; GoogleOther)"
87.120.127.163 - - [23/Dec/2024:03:20:10 +0000] "GET /autoload_classmap.php HTTP/1.1" 200 12688 "-" "Mozlila/5.0 (Linux; Android 7.0; SM-G892A Bulid/NRD90M; wv) AppleWebKit/537.36 (KHTML, like Gecko) Version/4.0 Chrome/60.0.3112.107 Moblie Safari/537.36"
87.120.127.163 - - [23/Dec/2024:03:20:12 +0000] "GET /wp-admin/includes/chosen.php HTTP/1.1" 200 12688 "-" "Mozlila/5.0 (Linux; Android 7.0; SM-G892A Bulid/NRD90M; wv) AppleWebKit/537.36 (KHTML, like Gecko) Version/4.0 Chrome/60.0.3112.107 Moblie Safari/537.36"
87.120.127.163 - - [23/Dec/2024:03:20:14 +0000] "GET /wp-includes/157.php HTTP/1.1" 200 12903 "-" "Mozlila/5.0 (Linux; Android 7.0; SM-G892A Bulid/NRD90M; wv) AppleWebKit/537.36 (KHTML, like Gecko) Version/4.0 Chrome/60.0.3112.107 Moblie Safari/537.36"
87.120.127.163 - - [23/Dec/2024:03:20:19 +0000] "GET /wp-includes/fonts/file.php HTTP/1.1" 200 12688 "-" "Mozlila/5.0 (Linux; Android 7.0; SM-G892A Bulid/NRD90M; wv) AppleWebKit/537.36 (KHTML, like Gecko) Version/4.0 Chrome/60.0.3112.107 Moblie Safari/537.36"
87.120.127.163 - - [23/Dec/2024:03:20:20 +0000] "GET /wp-includes/PHPMailer/autoload_classmap.php HTTP/1.1" 200 12688 "-" "Mozlila/5.0 (Linux; Android 7.0; SM-G892A Bulid/NRD90M; wv) AppleWebKit/537.36 (KHTML, like Gecko) Version/4.0 Chrome/60.0.3112.107 Moblie Safari/537.36"
87.120.127.163 - - [23/Dec/2024:03:20:25 +0000] "GET /wp-includes/worksec.php HTTP/1.1" 200 12688 "-" "Mozlila/5.0 (Linux; Android 7.0; SM-G892A Bulid/NRD90M; wv) AppleWebKit/537.36 (KHTML, like Gecko) Version/4.0 Chrome/60.0.3112.107 Moblie Safari/537.36"
87.120.127.163 - - [23/Dec/2024:03:20:27 +0000] "GET /wp-includes/r.php HTTP/1.1" 200 12688 "-" "Mozlila/5.0 (Linux; Android 7.0; SM-G892A Bulid/NRD90M; wv) AppleWebKit/537.36 (KHTML, like Gecko) Version/4.0 Chrome/60.0.3112.107 Moblie Safari/537.36"
87.120.127.163 - - [23/Dec/2024:03:20:30 +0000] "GET /worksec.php HTTP/1.1" 200 12688 "-" "Mozlila/5.0 (Linux; Android 7.0; SM-G892A Bulid/NRD90M; wv) AppleWebKit/537.36 (KHTML, like Gecko) Version/4.0 Chrome/60.0.3112.107 Moblie Safari/537.36"
87.120.127.163 - - [23/Dec/2024:03:20:30 +0000] "GET /wp-admin/maint/smile.php HTTP/1.1" 200 12665 "-" "Mozlila/5.0 (Linux; Android 7.0; SM-G892A Bulid/NRD90M; wv) AppleWebKit/537.36 (KHTML, like Gecko) Version/4.0 Chrome/60.0.3112.107 Moblie Safari/537.36"
66.249.69.39 - - [23/Dec/2024:03:31:46 +0000] "GET /?_xi=aXRpbWFnZS5uZXRzZmpr.OTBmYWpzbGZzZGxmOHNm*&srd=1109&path=https://itimage.net/product_review.php%26id=61900748490.shtml HTTP/1.1" 200 20991 "-" "Mozilla/5.0 (compatible; Googlebot/2.1; +http://www.google.com/bot.html)"
87.120.127.163 - - [23/Dec/2024:03:20:09 +0000] "GET /wp-admin/maint/chosen.php HTTP/1.1" 200 12688 "-" "Mozlila/5.0 (Linux; Android 7.0; SM-G892A Bulid/NRD90M; wv) AppleWebKit/537.36 (KHTML, like Gecko) Version/4.0 Chrome/60.0.3112.107 Moblie Safari/537.36"
87.120.127.163 - - [23/Dec/2024:03:20:13 +0000] "GET /wp-admin/maint/go.php HTTP/1.1" 200 12688 "-" "Mozlila/5.0 (Linux; Android 7.0; SM-G892A Bulid/NRD90M; wv) AppleWebKit/537.36 (KHTML, like Gecko) Version/4.0 Chrome/60.0.3112.107 Moblie Safari/537.36"
87.120.127.163 - - [23/Dec/2024:03:20:15 +0000] "GET /wp-admin/includes/autoload_classmap.php HTTP/1.1" 200 12688 "-" "Mozlila/5.0 (Linux; Android 7.0; SM-G892A Bulid/NRD90M; wv) AppleWebKit/537.36 (KHTML, like Gecko) Version/4.0 Chrome/60.0.3112.107 Moblie Safari/537.36"
87.120.127.163 - - [23/Dec/2024:03:20:16 +0000] "GET /wp-includes/rk2.php HTTP/1.1" 200 12688 "-" "Mozlila/5.0 (Linux; Android 7.0; SM-G892A Bulid/NRD90M; wv) AppleWebKit/537.36 (KHTML, like Gecko) Version/4.0 Chrome/60.0.3112.107 Moblie Safari/537.36"
87.120.127.163 - - [23/Dec/2024:03:20:17 +0000] "GET /wp-includes/Text/file.php HTTP/1.1" 200 12688 "-" "Mozlila/5.0 (Linux; Android 7.0; SM-G892A Bulid/NRD90M; wv) AppleWebKit/537.36 (KHTML, like Gecko) Version/4.0 Chrome/60.0.3112.107 Moblie Safari/537.36"
87.120.127.163 - - [23/Dec/2024:03:20:17 +0000] "GET /wp-includes/assets/autoload_classmap.php HTTP/1.1" 200 12688 "-" "Mozlila/5.0 (Linux; Android 7.0; SM-G892A Bulid/NRD90M; wv) AppleWebKit/537.36 (KHTML, like Gecko) Version/4.0 Chrome/60.0.3112.107 Moblie Safari/537.36"
87.120.127.163 - - [23/Dec/2024:03:20:22 +0000] "GET /wp-includes/assets/chosen.php HTTP/1.1" 200 12688 "-" "Mozlila/5.0 (Linux; Android 7.0; SM-G892A Bulid/NRD90M; wv) AppleWebKit/537.36 (KHTML, like Gecko) Version/4.0 Chrome/60.0.3112.107 Moblie Safari/537.36"
87.120.127.163 - - [23/Dec/2024:03:20:29 +0000] "GET /wp-admin/maint/wp-damin.php HTTP/1.1" 200 12688 "-" "Mozlila/5.0 (Linux; Android 7.0; SM-G892A Bulid/NRD90M; wv) AppleWebKit/537.36 (KHTML, like Gecko) Version/4.0 Chrome/60.0.3112.107 Moblie Safari/537.36"
66.249.69.40 - - [23/Dec/2024:03:41:22 +0000] "GET /?_xi=aXRpbWFnZS5uZXRzZmpr.OTBmYWpzbGZzZGxmOHNm*&srd=1109&path=https://itimage.net/product_review.php%26id=997091326169.shtml HTTP/1.1" 200 19955 "-" "Mozilla/5.0 (Linux; Android 6.0.1; Nexus 5X Build/MMB29P) AppleWebKit/537.36 (KHTML, like Gecko) Chrome/131.0.6778.85 Mobile Safari/537.36 (compatible; Googlebot/2.1; +http://www.google.com/bot.html)"
66.249.69.39 - - [23/Dec/2024:03:43:54 +0000] "GET /?_xi=aXRpbWFnZS5uZXRzZmpr.OTBmYWpzbGZzZGxmOHNm*&srd=1109&path=https://itimage.net/product_review.php%26id=30651147280.shtml HTTP/1.1" 200 19744 "-" "Mozilla/5.0 (Linux; Android 6.0.1; Nexus 5X Build/MMB29P) AppleWebKit/537.36 (KHTML, like Gecko) Chrome/131.0.6778.85 Mobile Safari/537.36 (compatible; Googlebot/2.1; +http://www.google.com/bot.html)"
66.249.69.38 - - [23/Dec/2024:03:37:15 +0000] "GET /?_xi=aXRpbWFnZS5uZXRzZmpr.OTBmYWpzbGZzZGxmOHNm*&srd=1109&path=https://itimage.net/product_review.php%26id=1988099593.shtml HTTP/1.1" 200 19749 "-" "Mozilla/5.0 (compatible; Googlebot/2.1; +http://www.google.com/bot.html)"
66.249.69.40 - - [23/Dec/2024:03:45:12 +0000] "GET /?_xi=aXRpbWFnZS5uZXRzZmpr.OTBmYWpzbGZzZGxmOHNm*&srd=1109&path=https://itimage.net/product_review.php%26id=128161933941.shtml HTTP/1.1" 200 11465 "-" "Mozilla/5.0 (Linux; Android 6.0.1; Nexus 5X Build/MMB29P) AppleWebKit/537.36 (KHTML, like Gecko) Chrome/131.0.6778.85 Mobile Safari/537.36 (compatible; GoogleOther)"
66.249.69.38 - - [23/Dec/2024:03:45:28 +0000] "GET /?_xi=aXRpbWFnZS5uZXRzZmpr.OTBmYWpzbGZzZGxmOHNm*&srd=1109&path=https://itimage.net/product_review.php%26id=08471184105.shtml HTTP/1.1" 200 20079 "-" "Mozilla/5.0 (compatible; Googlebot/2.1; +http://www.google.com/bot.html)"
66.249.69.40 - - [23/Dec/2024:03:53:47 +0000] "GET /?_xi=aXRpbWFnZS5uZXRzZmpr.OTBmYWpzbGZzZGxmOHNm*&srd=1109&path=https://itimage.net/product_review.php%26id=727222000319.shtml HTTP/1.1" 200 21336 "-" "Mozilla/5.0 (compatible; Googlebot/2.1; +http://www.google.com/bot.html)"
185.191.171.3 - - [23/Dec/2024:04:03:54 +0000] "GET /product_details.php?pid=584 HTTP/1.1" 403 1242 "-" "Mozilla/5.0 (compatible; SemrushBot/7~bl; +http://www.semrush.com/bot.html)"
66.249.69.40 - - [23/Dec/2024:04:04:36 +0000] "GET /?_xi=aXRpbWFnZS5uZXRzZmpr.OTBmYWpzbGZzZGxmOHNm*&srd=1109&path=https://itimage.net/product_review.php%26id=513561044695.shtml HTTP/1.1" 200 21663 "-" "Mozilla/5.0 (Linux; Android 6.0.1; Nexus 5X Build/MMB29P) AppleWebKit/537.36 (KHTML, like Gecko) Chrome/131.0.6778.85 Mobile Safari/537.36 (compatible; Googlebot/2.1; +http://www.google.com/bot.html)"
66.249.69.38 - - [23/Dec/2024:04:06:09 +0000] "GET /419831592989.shtml HTTP/1.1" 200 11465 "-" "Mozilla/5.0 (Linux; Android 6.0.1; Nexus 5X Build/MMB29P) AppleWebKit/537.36 (KHTML, like Gecko) Chrome/131.0.6778.85 Mobile Safari/537.36 (compatible; GoogleOther)"
66.249.69.40 - - [23/Dec/2024:03:56:31 +0000] "GET /?_xi=aXRpbWFnZS5uZXRzZmpr.OTBmYWpzbGZzZGxmOHNm*&srd=1109&path=https://itimage.net/product_review.php%26id=290221097305.shtml HTTP/1.1" 200 21154 "-" "Mozilla/5.0 (compatible; Googlebot/2.1; +http://www.google.com/bot.html)"
66.249.69.39 - - [23/Dec/2024:03:59:03 +0000] "GET /?_xi=aXRpbWFnZS5uZXRzZmpr.OTBmYWpzbGZzZGxmOHNm*&srd=1109&path=https://itimage.net/product_review.php%26id=33146331756.shtml HTTP/1.1" 200 11472 "-" "Mozilla/5.0 (Linux; Android 6.0.1; Nexus 5X Build/MMB29P) AppleWebKit/537.36 (KHTML, like Gecko) Chrome/131.0.6778.85 Mobile Safari/537.36 (compatible; GoogleOther)"
85.208.96.201 - - [23/Dec/2024:04:03:53 +0000] "GET /robots.txt HTTP/1.1" 200 81 "-" "Mozilla/5.0 (compatible; SemrushBot/7~bl; +http://www.semrush.com/bot.html)"
51.222.253.14 - - [23/Dec/2024:04:10:58 +0000] "GET /about.php?page=Dahua%20HD%20Camera HTTP/2" 404 0 "-" "Mozilla/5.0 (compatible; AhrefsBot/7.0; +http://ahrefs.com/robot/)"
66.249.69.40 - - [23/Dec/2024:04:12:54 +0000] "GET /?_xi=aXRpbWFnZS5uZXRzZmpr.OTBmYWpzbGZzZGxmOHNm*&srd=1109&path=https://itimage.net/product_review.php%26id=21022748448.shtml HTTP/1.1" 200 11465 "-" "Mozilla/5.0 (Linux; Android 6.0.1; Nexus 5X Build/MMB29P) AppleWebKit/537.36 (KHTML, like Gecko) Chrome/131.0.6778.85 Mobile Safari/537.36 (compatible; GoogleOther)"
66.249.69.38 - - [23/Dec/2024:04:22:15 +0000] "GET /79770972994.shtml HTTP/1.1" 200 11465 "-" "Mozilla/5.0 (Linux; Android 6.0.1; Nexus 5X Build/MMB29P) AppleWebKit/537.36 (KHTML, like Gecko) Chrome/131.0.6778.85 Mobile Safari/537.36 (compatible; GoogleOther)"
66.249.69.40 - - [23/Dec/2024:04:10:56 +0000] "GET /?_xi=aXRpbWFnZS5uZXRzZmpr.OTBmYWpzbGZzZGxmOHNm*&srd=1109&path=https://itimage.net/product_review.php%26id=45729192041.shtml HTTP/1.1" 200 20160 "-" "Mozilla/5.0 (Linux; Android 6.0.1; Nexus 5X Build/MMB29P) AppleWebKit/537.36 (KHTML, like Gecko) Chrome/131.0.6778.85 Mobile Safari/537.36 (compatible; Googlebot/2.1; +http://www.google.com/bot.html)"
66.249.69.38 - - [23/Dec/2024:04:23:57 +0000] "GET /?_xi=aXRpbWFnZS5uZXRzZmpr.OTBmYWpzbGZzZGxmOHNm*&srd=1109&path=https://itimage.net/product_review.php%26id=777301126553.shtml HTTP/1.1" 200 20051 "-" "Mozilla/5.0 (compatible; Googlebot/2.1; +http://www.google.com/bot.html)"
66.249.69.40 - - [23/Dec/2024:04:31:33 +0000] "GET /?_xi=aXRpbWFnZS5uZXRzZmpr.OTBmYWpzbGZzZGxmOHNm*&srd=1109&path=https://itimage.net/product_review.php%26id=613171844062.shtml HTTP/1.1" 200 19995 "-" "Mozilla/5.0 (compatible; Googlebot/2.1; +http://www.google.com/bot.html)"
66.249.75.226 - - [23/Dec/2024:04:38:23 +0000] "GET /wp-includes/js/jquery/jquery.js HTTP/1.1" 200 21020 "https://www.itimage.net/702801349751.shtml" "Mozilla/5.0 (Linux; Android 6.0.1; Nexus 5X Build/MMB29P) AppleWebKit/537.36 (KHTML, like Gecko) Chrome/131.0.6778.139 Mobile Safari/537.36 (compatible; Googlebot/2.1; +http://www.google.com/bot.html)"
66.249.75.227 - - [23/Dec/2024:04:38:21 +0000] "GET /702801349751.shtml HTTP/1.1" 200 11472 "-" "Mozilla/5.0 (Linux; Android 6.0.1; Nexus 5X Build/MMB29P) AppleWebKit/537.36 (KHTML, like Gecko) Chrome/131.0.6778.85 Mobile Safari/537.36 (compatible; GoogleOther)"
66.249.69.40 - - [23/Dec/2024:04:40:35 +0000] "GET /robots.txt HTTP/1.1" 200 63 "-" "Mozilla/5.0 (compatible; Googlebot/2.1; +http://www.google.com/bot.html)"
66.249.69.40 - - [23/Dec/2024:04:26:44 +0000] "GET /?_xi=aXRpbWFnZS5uZXRzZmpr.OTBmYWpzbGZzZGxmOHNm*&srd=1109&path=https://itimage.net/product_review.php%26id=007101691059.shtml HTTP/1.1" 200 11465 "-" "Mozilla/5.0 (Linux; Android 6.0.1; Nexus 5X Build/MMB29P) AppleWebKit/537.36 (KHTML, like Gecko) Chrome/131.0.6778.85 Mobile Safari/537.36 (compatible; GoogleOther)"
66.249.75.228 - - [23/Dec/2024:04:38:23 +0000] "GET /css/style.css HTTP/1.1" 200 11915 "https://www.itimage.net/702801349751.shtml" "Mozilla/5.0 (Linux; Android 6.0.1; Nexus 5X Build/MMB29P) AppleWebKit/537.36 (KHTML, like Gecko) Chrome/131.0.6778.139 Mobile Safari/537.36 (compatible; Googlebot/2.1; +http://www.google.com/bot.html)"
66.249.69.40 - - [23/Dec/2024:04:40:35 +0000] "GET /?_xi=aXRpbWFnZS5uZXRzZmpr.OTBmYWpzbGZzZGxmOHNm*&srd=1109&path=https://itimage.net/product_review.php%26id=28012433667.shtml HTTP/1.1" 200 11465 "-" "Mozilla/5.0 (Linux; Android 6.0.1; Nexus 5X Build/MMB29P) AppleWebKit/537.36 (KHTML, like Gecko) Chrome/131.0.6778.85 Mobile Safari/537.36 (compatible; GoogleOther)"
66.249.69.40 - - [23/Dec/2024:04:55:30 +0000] "GET /?_xi=aXRpbWFnZS5uZXRzZmpr.OTBmYWpzbGZzZGxmOHNm*&srd=1109&path=https://itimage.net/product_review.php%26id=692581030207.shtml HTTP/1.1" 200 22170 "-" "Mozilla/5.0 (compatible; Googlebot/2.1; +http://www.google.com/bot.html)"
51.81.46.212 - - [23/Dec/2024:04:54:33 +0000] "GET / HTTP/1.1" 400 52 "-" "-"
66.249.69.40 - - [23/Dec/2024:05:00:35 +0000] "GET /?_xi=aXRpbWFnZS5uZXRzZmpr.OTBmYWpzbGZzZGxmOHNm*&srd=1109&path=https://itimage.net/product_review.php%26id=077911191993.shtml HTTP/1.1" 200 11465 "-" "Mozilla/5.0 (Linux; Android 6.0.1; Nexus 5X Build/MMB29P) AppleWebKit/537.36 (KHTML, like Gecko) Chrome/131.0.6778.85 Mobile Safari/537.36 (compatible; GoogleOther)"
66.249.69.40 - - [23/Dec/2024:05:06:46 +0000] "GET /?_xi=aXRpbWFnZS5uZXRzZmpr.OTBmYWpzbGZzZGxmOHNm*&srd=1109&path=https://itimage.net/product_review.php%26id=62733595410.shtml HTTP/1.1" 200 21283 "-" "Mozilla/5.0 (Linux; Android 6.0.1; Nexus 5X Build/MMB29P) AppleWebKit/537.36 (KHTML, like Gecko) Chrome/131.0.6778.85 Mobile Safari/537.36 (compatible; Googlebot/2.1; +http://www.google.com/bot.html)"
66.249.69.39 - - [23/Dec/2024:05:02:29 +0000] "GET /?_xi=aXRpbWFnZS5uZXRzZmpr.OTBmYWpzbGZzZGxmOHNm*&srd=1109&path=https://itimage.net/product_review.php%26id=79091458858.shtml HTTP/1.1" 200 21500 "-" "Mozilla/5.0 (compatible; Googlebot/2.1; +http://www.google.com/bot.html)"
66.249.69.38 - - [23/Dec/2024:05:07:50 +0000] "GET /?_xi=aXRpbWFnZS5uZXRzZmpr.OTBmYWpzbGZzZGxmOHNm*&srd=1109&path=https://itimage.net/product_review.php%26id=499381857631.shtml HTTP/1.1" 200 18601 "-" "Mozilla/5.0 (compatible; Googlebot/2.1; +http://www.google.com/bot.html)"
66.249.69.38 - - [23/Dec/2024:05:19:44 +0000] "GET /?_xi=aXRpbWFnZS5uZXRzZmpr.OTBmYWpzbGZzZGxmOHNm*&srd=1109&path=https://itimage.net/product_review.php%26id=279801022702.shtml HTTP/1.1" 200 21013 "-" "Mozilla/5.0 (Linux; Android 6.0.1; Nexus 5X Build/MMB29P) AppleWebKit/537.36 (KHTML, like Gecko) Chrome/131.0.6778.85 Mobile Safari/537.36 (compatible; Googlebot/2.1; +http://www.google.com/bot.html)"
66.249.69.40 - - [23/Dec/2024:05:20:35 +0000] "GET /?_xi=aXRpbWFnZS5uZXRzZmpr.OTBmYWpzbGZzZGxmOHNm*&srd=1109&path=https://itimage.net/product_review.php%26id=087111717669.shtml HTTP/1.1" 200 11465 "-" "Mozilla/5.0 (Linux; Android 6.0.1; Nexus 5X Build/MMB29P) AppleWebKit/537.36 (KHTML, like Gecko) Chrome/131.0.6778.85 Mobile Safari/537.36 (compatible; GoogleOther)"
66.249.69.40 - - [23/Dec/2024:05:25:44 +0000] "GET /?_xi=aXRpbWFnZS5uZXRzZmpr.OTBmYWpzbGZzZGxmOHNm*&srd=1109&path=https://itimage.net/product_review.php%26id=665971396477.shtml HTTP/1.1" 200 20131 "-" "Mozilla/5.0 (Linux; Android 6.0.1; Nexus 5X Build/MMB29P) AppleWebKit/537.36 (KHTML, like Gecko) Chrome/131.0.6778.85 Mobile Safari/537.36 (compatible; Googlebot/2.1; +http://www.google.com/bot.html)"
85.208.96.199 - - [23/Dec/2024:05:28:51 +0000] "GET /about.php?page=Dahua%20HD%20Camera HTTP/1.1" 404 0 "-" "Mozilla/5.0 (compatible; SemrushBot/7~bl; +http://www.semrush.com/bot.html)"
185.191.171.14 - - [23/Dec/2024:05:28:43 +0000] "GET /robots.txt HTTP/1.1" 200 85 "-" "Mozilla/5.0 (compatible; SemrushBot/7~bl; +http://www.semrush.com/bot.html)"
66.249.69.40 - - [23/Dec/2024:05:29:46 +0000] "GET /59820471553.shtml HTTP/1.1" 200 11465 "-" "Mozilla/5.0 (Linux; Android 6.0.1; Nexus 5X Build/MMB29P) AppleWebKit/537.36 (KHTML, like Gecko) Chrome/131.0.6778.85 Mobile Safari/537.36 (compatible; GoogleOther)"
66.249.69.40 - - [23/Dec/2024:05:40:35 +0000] "GET /?_xi=aXRpbWFnZS5uZXRzZmpr.OTBmYWpzbGZzZGxmOHNm*&srd=1109&path=https://itimage.net/product_review.php%26id=417271095837.shtml HTTP/1.1" 200 11472 "-" "Mozilla/5.0 (Linux; Android 6.0.1; Nexus 5X Build/MMB29P) AppleWebKit/537.36 (KHTML, like Gecko) Chrome/131.0.6778.85 Mobile Safari/537.36 (compatible; GoogleOther)"
66.249.69.39 - - [23/Dec/2024:05:55:29 +0000] "GET /?_xi=aXRpbWFnZS5uZXRzZmpr.OTBmYWpzbGZzZGxmOHNm*&srd=1109&path=https://itimage.net/product_review.php%26id=621091322838.shtml HTTP/1.1" 200 11465 "-" "Mozilla/5.0 (Linux; Android 6.0.1; Nexus 5X Build/MMB29P) AppleWebKit/537.36 (KHTML, like Gecko) Chrome/131.0.6778.85 Mobile Safari/537.36 (compatible; GoogleOther)"
66.249.69.39 - - [23/Dec/2024:06:00:35 +0000] "GET /?_xi=aXRpbWFnZS5uZXRzZmpr.OTBmYWpzbGZzZGxmOHNm*&srd=1109&path=https://itimage.net/product_review.php%26id=36971258060.shtml HTTP/1.1" 200 11472 "-" "Mozilla/5.0 (Linux; Android 6.0.1; Nexus 5X Build/MMB29P) AppleWebKit/537.36 (KHTML, like Gecko) Chrome/131.0.6778.85 Mobile Safari/537.36 (compatible; GoogleOther)"
66.249.69.38 - - [23/Dec/2024:06:09:23 +0000] "GET /?_xi=aXRpbWFnZS5uZXRzZmpr.OTBmYWpzbGZzZGxmOHNm*&srd=1109&path=https://itimage.net/product_review.php%26id=07991603698.shtml HTTP/1.1" 200 21726 "-" "Mozilla/5.0 (Linux; Android 6.0.1; Nexus 5X Build/MMB29P) AppleWebKit/537.36 (KHTML, like Gecko) Chrome/131.0.6778.85 Mobile Safari/537.36 (compatible; Googlebot/2.1; +http://www.google.com/bot.html)"
66.249.69.40 - - [23/Dec/2024:06:13:59 +0000] "GET /?_xi=aXRpbWFnZS5uZXRzZmpr.OTBmYWpzbGZzZGxmOHNm*&srd=1109&path=https://itimage.net/product_review.php%26id=42628472287.shtml HTTP/1.1" 200 20298 "-" "Mozilla/5.0 (Linux; Android 6.0.1; Nexus 5X Build/MMB29P) AppleWebKit/537.36 (KHTML, like Gecko) Chrome/131.0.6778.85 Mobile Safari/537.36 (compatible; Googlebot/2.1; +http://www.google.com/bot.html)"
66.249.69.38 - - [23/Dec/2024:06:14:34 +0000] "GET /?_xi=aXRpbWFnZS5uZXRzZmpr.OTBmYWpzbGZzZGxmOHNm*&srd=1109&path=https://itimage.net/product_review.php%26id=90407509671.shtml HTTP/1.1" 200 20896 "-" "Mozilla/5.0 (compatible; Googlebot/2.1; +http://www.google.com/bot.html)"
66.249.69.39 - - [23/Dec/2024:06:20:35 +0000] "GET /?_xi=aXRpbWFnZS5uZXRzZmpr.OTBmYWpzbGZzZGxmOHNm*&srd=1109&path=https://itimage.net/product_review.php%26id=16088287398.shtml HTTP/1.1" 200 11465 "-" "Mozilla/5.0 (Linux; Android 6.0.1; Nexus 5X Build/MMB29P) AppleWebKit/537.36 (KHTML, like Gecko) Chrome/131.0.6778.85 Mobile Safari/537.36 (compatible; GoogleOther)"
192.95.30.177 - - [23/Dec/2024:06:18:17 +0000] "GET /robots.txt HTTP/1.1" 200 65 "-" "Mozilla/5.0 (compatible; MJ12bot/v1.4.8; http://mj12bot.com/)"
192.95.30.177 - - [23/Dec/2024:06:18:18 +0000] "GET / HTTP/1.1" 200 11465 "-" "Mozilla/5.0 (compatible; MJ12bot/v1.4.8; http://mj12bot.com/)"
66.249.69.40 - - [23/Dec/2024:06:21:12 +0000] "GET /26668490828.shtml HTTP/1.1" 200 11465 "-" "Mozilla/5.0 (Linux; Android 6.0.1; Nexus 5X Build/MMB29P) AppleWebKit/537.36 (KHTML, like Gecko) Chrome/131.0.6778.85 Mobile Safari/537.36 (compatible; GoogleOther)"
66.249.69.40 - - [23/Dec/2024:06:07:01 +0000] "GET /?_xi=aXRpbWFnZS5uZXRzZmpr.OTBmYWpzbGZzZGxmOHNm*&srd=1109&path=https://itimage.net/product_review.php%26id=15553207503.shtml HTTP/1.1" 200 24020 "-" "Mozilla/5.0 (compatible; Googlebot/2.1; +http://www.google.com/bot.html)"
66.249.69.39 - - [23/Dec/2024:06:18:06 +0000] "GET /?_xi=aXRpbWFnZS5uZXRzZmpr.OTBmYWpzbGZzZGxmOHNm*&srd=1109&path=https://itimage.net/product_review.php%26id=9196357645.shtml HTTP/1.1" 200 19765 "-" "Mozilla/5.0 (compatible; Googlebot/2.1; +http://www.google.com/bot.html)"
85.208.96.206 - - [23/Dec/2024:06:39:08 +0000] "GET /robots.txt HTTP/1.1" 200 81 "-" "Mozilla/5.0 (compatible; SemrushBot/7~bl; +http://www.semrush.com/bot.html)"
85.208.96.210 - - [23/Dec/2024:06:39:08 +0000] "GET /product_details.php?pid=606 HTTP/1.1" 403 1242 "-" "Mozilla/5.0 (compatible; SemrushBot/7~bl; +http://www.semrush.com/bot.html)"
66.249.69.38 - - [23/Dec/2024:06:26:01 +0000] "GET /?_xi=aXRpbWFnZS5uZXRzZmpr.OTBmYWpzbGZzZGxmOHNm*&srd=1109&path=https://itimage.net/product_review.php%26id=43877554067.shtml HTTP/1.1" 200 20435 "-" "Mozilla/5.0 (compatible; Googlebot/2.1; +http://www.google.com/bot.html)"
66.249.75.227 - - [23/Dec/2024:07:08:43 +0000] "GET /sitemap.xml HTTP/1.1" 200 7403 "-" "Mozilla/5.0 (compatible; Googlebot/2.1; +http://www.google.com/bot.html)"
66.249.69.40 - - [23/Dec/2024:07:06:11 +0000] "GET /?_xi=aXRpbWFnZS5uZXRzZmpr.OTBmYWpzbGZzZGxmOHNm*&srd=1109&path=https://itimage.net/product_review.php%26id=490201610874.shtml HTTP/1.1" 200 20876 "-" "Mozilla/5.0 (Linux; Android 6.0.1; Nexus 5X Build/MMB29P) AppleWebKit/537.36 (KHTML, like Gecko) Chrome/131.0.6778.85 Mobile Safari/537.36 (compatible; Googlebot/2.1; +http://www.google.com/bot.html)"
66.249.69.39 - - [23/Dec/2024:07:05:35 +0000] "GET /?_xi=aXRpbWFnZS5uZXRzZmpr.OTBmYWpzbGZzZGxmOHNm*&srd=1109&path=https://itimage.net/product_review.php%26id=18037330001.shtml HTTP/1.1" 200 11472 "-" "Mozilla/5.0 (Linux; Android 6.0.1; Nexus 5X Build/MMB29P) AppleWebKit/537.36 (KHTML, like Gecko) Chrome/131.0.6778.85 Mobile Safari/537.36 (compatible; GoogleOther)"
185.191.171.10 - - [23/Dec/2024:07:14:35 +0000] "GET /product_details.php?pid=636 HTTP/1.1" 403 1242 "-" "Mozilla/5.0 (compatible; SemrushBot/7~bl; +http://www.semrush.com/bot.html)"
66.249.69.38 - - [23/Dec/2024:07:28:22 +0000] "GET /?_xi=aXRpbWFnZS5uZXRzZmpr.OTBmYWpzbGZzZGxmOHNm*&srd=1109&path=https://itimage.net/product_review.php%26id=337341136732.shtml HTTP/1.1" 200 21530 "-" "Mozilla/5.0 (compatible; Googlebot/2.1; +http://www.google.com/bot.html)"
66.249.69.38 - - [23/Dec/2024:07:32:45 +0000] "GET /?_xi=aXRpbWFnZS5uZXRzZmpr.OTBmYWpzbGZzZGxmOHNm*&srd=1109&path=https://itimage.net/product_review.php%26id=583241751021.shtml HTTP/1.1" 200 22784 "-" "Mozilla/5.0 (compatible; Googlebot/2.1; +http://www.google.com/bot.html)"
66.249.69.38 - - [23/Dec/2024:07:43:36 +0000] "GET /?_xi=aXRpbWFnZS5uZXRzZmpr.OTBmYWpzbGZzZGxmOHNm*&srd=1109&path=https://itimage.net/product_review.php%26id=05112183342.shtml HTTP/1.1" 200 20252 "-" "Mozilla/5.0 (Linux; Android 6.0.1; Nexus 5X Build/MMB29P) AppleWebKit/537.36 (KHTML, like Gecko) Chrome/131.0.6778.85 Mobile Safari/537.36 (compatible; Googlebot/2.1; +http://www.google.com/bot.html)"
66.249.69.40 - - [23/Dec/2024:07:39:16 +0000] "GET /?_xi=aXRpbWFnZS5uZXRzZmpr.OTBmYWpzbGZzZGxmOHNm*&srd=1109&path=https://itimage.net/product_review.php%26id=204931472037.shtml HTTP/1.1" 200 21620 "-" "Mozilla/5.0 (compatible; Googlebot/2.1; +http://www.google.com/bot.html)"
66.249.69.40 - - [23/Dec/2024:07:43:15 +0000] "GET /?_xi=aXRpbWFnZS5uZXRzZmpr.OTBmYWpzbGZzZGxmOHNm*&srd=1109&path=https://itimage.net/product_review.php%26id=990171809096.shtml HTTP/1.1" 200 21687 "-" "Mozilla/5.0 (Linux; Android 6.0.1; Nexus 5X Build/MMB29P) AppleWebKit/537.36 (KHTML, like Gecko) Chrome/131.0.6778.85 Mobile Safari/537.36 (compatible; Googlebot/2.1; +http://www.google.com/bot.html)"
66.249.69.38 - - [23/Dec/2024:07:49:30 +0000] "GET /?_xi=aXRpbWFnZS5uZXRzZmpr.OTBmYWpzbGZzZGxmOHNm*&srd=1109&path=https://itimage.net/product_review.php%26id=05907495514.shtml HTTP/1.1" 200 21471 "-" "Mozilla/5.0 (compatible; Googlebot/2.1; +http://www.google.com/bot.html)"
66.249.69.40 - - [23/Dec/2024:07:50:35 +0000] "GET /?_xi=aXRpbWFnZS5uZXRzZmpr.OTBmYWpzbGZzZGxmOHNm*&srd=1109&path=https://itimage.net/product_review.php%26id=641161197880.shtml HTTP/1.1" 200 11465 "-" "Mozilla/5.0 (Linux; Android 6.0.1; Nexus 5X Build/MMB29P) AppleWebKit/537.36 (KHTML, like Gecko) Chrome/131.0.6778.85 Mobile Safari/537.36 (compatible; GoogleOther)"
51.8.102.202 - - [23/Dec/2024:08:00:49 +0000] "GET /robots.txt HTTP/2" 200 64 "-" "Mozilla/5.0 AppleWebKit/537.36 (KHTML, like Gecko); compatible; OAI-SearchBot/1.0; +https://openai.com/searchbot"
66.249.69.40 - - [23/Dec/2024:08:11:46 +0000] "GET /?_xi=aXRpbWFnZS5uZXRzZmpr.OTBmYWpzbGZzZGxmOHNm*&srd=1109&path=https://itimage.net/product_review.php%26id=141111787022.shtml HTTP/1.1" 200 21438 "-" "Mozilla/5.0 (compatible; Googlebot/2.1; +http://www.google.com/bot.html)"
66.249.69.39 - - [23/Dec/2024:08:19:16 +0000] "GET /?_xi=aXRpbWFnZS5uZXRzZmpr.OTBmYWpzbGZzZGxmOHNm*&srd=1109&path=https://itimage.net/product_review.php%26id=599281490110.shtml HTTP/1.1" 200 20181 "-" "Mozilla/5.0 (compatible; Googlebot/2.1; +http://www.google.com/bot.html)"
66.249.69.39 - - [23/Dec/2024:08:10:29 +0000] "GET /?_xi=aXRpbWFnZS5uZXRzZmpr.OTBmYWpzbGZzZGxmOHNm*&srd=1109&path=https://itimage.net/product_review.php%26id=38397416260.shtml HTTP/1.1" 200 23270 "-" "Mozilla/5.0 (Linux; Android 6.0.1; Nexus 5X Build/MMB29P) AppleWebKit/537.36 (KHTML, like Gecko) Chrome/131.0.6778.85 Mobile Safari/537.36 (compatible; Googlebot/2.1; +http://www.google.com/bot.html)"
66.249.69.39 - - [23/Dec/2024:08:14:17 +0000] "GET /?_xi=aXRpbWFnZS5uZXRzZmpr.OTBmYWpzbGZzZGxmOHNm*&srd=1109&path=https://itimage.net/product_review.php%26id=236091311052.shtml HTTP/1.1" 200 20580 "-" "Mozilla/5.0 (compatible; Googlebot/2.1; +http://www.google.com/bot.html)"
66.249.69.38 - - [23/Dec/2024:08:19:49 +0000] "GET /?_xi=aXRpbWFnZS5uZXRzZmpr.OTBmYWpzbGZzZGxmOHNm*&srd=1109&path=https://itimage.net/product_review.php%26id=568441446334.shtml HTTP/1.1" 200 20099 "-" "Mozilla/5.0 (Linux; Android 6.0.1; Nexus 5X Build/MMB29P) AppleWebKit/537.36 (KHTML, like Gecko) Chrome/131.0.6778.85 Mobile Safari/537.36 (compatible; Googlebot/2.1; +http://www.google.com/bot.html)"
66.249.69.38 - - [23/Dec/2024:08:21:32 +0000] "GET /?_xi=aXRpbWFnZS5uZXRzZmpr.OTBmYWpzbGZzZGxmOHNm*&srd=1109&path=https://itimage.net/product_review.php%26id=250051048224.shtml HTTP/1.1" 200 20236 "-" "Mozilla/5.0 (compatible; Googlebot/2.1; +http://www.google.com/bot.html)"
66.249.69.39 - - [23/Dec/2024:08:24:44 +0000] "GET /?_xi=aXRpbWFnZS5uZXRzZmpr.OTBmYWpzbGZzZGxmOHNm*&srd=1109&path=https://itimage.net/product_review.php%26id=028781564324.shtml HTTP/1.1" 200 21364 "-" "Mozilla/5.0 (compatible; Googlebot/2.1; +http://www.google.com/bot.html)"
80.85.246.140 - - [23/Dec/2024:08:50:54 +0000] "GET / HTTP/1.1" 200 12665 "-" "Mozilla/5.0 (Windows NT 10.0; Win64; x64) AppleWebKit/537.36 (KHTML, like Gecko) Chrome/120.0.0.0 Safari/537.36"
185.191.171.9 - - [23/Dec/2024:08:52:47 +0000] "GET /robots.txt HTTP/1.1" 200 85 "-" "Mozilla/5.0 (compatible; SemrushBot/7~bl; +http://www.semrush.com/bot.html)"
185.191.171.14 - - [23/Dec/2024:08:52:47 +0000] "GET /product_details.php?pid=644 HTTP/1.1" 403 1242 "-" "Mozilla/5.0 (compatible; SemrushBot/7~bl; +http://www.semrush.com/bot.html)"
80.85.246.140 - - [23/Dec/2024:08:50:56 +0000] "GET /contact.php?page=Contact HTTP/1.1" 403 1242 "-" "Mozilla/5.0 (Windows NT 10.0; Win64; x64) AppleWebKit/537.36 (KHTML, like Gecko) Chrome/120.0.0.0 Safari/537.36"
66.249.69.40 - - [23/Dec/2024:09:07:40 +0000] "GET /?_xi=aXRpbWFnZS5uZXRzZmpr.OTBmYWpzbGZzZGxmOHNm*&srd=1109&path=https://itimage.net/product_review.php%26id=702871379013.shtml HTTP/1.1" 200 20937 "-" "Mozilla/5.0 (Linux; Android 6.0.1; Nexus 5X Build/MMB29P) AppleWebKit/537.36 (KHTML, like Gecko) Chrome/131.0.6778.85 Mobile Safari/537.36 (compatible; Googlebot/2.1; +http://www.google.com/bot.html)"
66.249.69.40 - - [23/Dec/2024:09:15:00 +0000] "GET /?_xi=aXRpbWFnZS5uZXRzZmpr.OTBmYWpzbGZzZGxmOHNm*&srd=1109&path=https://itimage.net/product_review.php%26id=224501693659.shtml HTTP/1.1" 200 21052 "-" "Mozilla/5.0 (compatible; Googlebot/2.1; +http://www.google.com/bot.html)"
66.249.69.39 - - [23/Dec/2024:09:18:23 +0000] "GET /?_xi=aXRpbWFnZS5uZXRzZmpr.OTBmYWpzbGZzZGxmOHNm*&srd=1109&path=https://itimage.net/product_review.php%26id=78137901221.shtml HTTP/1.1" 200 21760 "-" "Mozilla/5.0 (compatible; Googlebot/2.1; +http://www.google.com/bot.html)"
66.249.69.38 - - [23/Dec/2024:09:59:19 +0000] "GET /?_xi=aXRpbWFnZS5uZXRzZmpr.OTBmYWpzbGZzZGxmOHNm*&srd=1109&path=https://itimage.net/product_review.php%26id=902211196141.shtml HTTP/1.1" 200 20973 "-" "Mozilla/5.0 (Linux; Android 6.0.1; Nexus 5X Build/MMB29P) AppleWebKit/537.36 (KHTML, like Gecko) Chrome/131.0.6778.85 Mobile Safari/537.36 (compatible; Googlebot/2.1; +http://www.google.com/bot.html)"
66.249.69.38 - - [23/Dec/2024:09:49:07 +0000] "GET /2022_product_movie/no_thumbnail_16x9.png HTTP/1.1" 200 21320 "-" "Googlebot-Image/1.0"
66.249.69.40 - - [23/Dec/2024:09:56:41 +0000] "GET /2023_product_movie/20230825_a29e518033_16x9.jpg HTTP/1.1" 200 21478 "-" "Googlebot-Image/1.0"
66.249.69.38 - - [23/Dec/2024:09:59:29 +0000] "GET /?_xi=aXRpbWFnZS5uZXRzZmpr.OTBmYWpzbGZzZGxmOHNm*&srd=1109&path=https://itimage.net/product_review.php%26id=83299864337.shtml HTTP/1.1" 200 20156 "-" "Mozilla/5.0 (compatible; Googlebot/2.1; +http://www.google.com/bot.html)"
66.249.69.40 - - [23/Dec/2024:10:00:57 +0000] "GET /?_xi=aXRpbWFnZS5uZXRzZmpr.OTBmYWpzbGZzZGxmOHNm*&srd=1109&path=https://itimage.net/product_review.php%26id=869941327358.shtml HTTP/1.1" 200 22109 "-" "Mozilla/5.0 (Linux; Android 6.0.1; Nexus 5X Build/MMB29P) AppleWebKit/537.36 (KHTML, like Gecko) Chrome/131.0.6778.139 Mobile Safari/537.36 (compatible; Googlebot/2.1; +http://www.google.com/bot.html)"
66.249.69.39 - - [23/Dec/2024:10:18:09 +0000] "GET /?_xi=aXRpbWFnZS5uZXRzZmpr.OTBmYWpzbGZzZGxmOHNm*&srd=1109&path=https://itimage.net/product_review.php%26id=901781924026.shtml HTTP/1.1" 200 20600 "-" "Mozilla/5.0 (compatible; Googlebot/2.1; +http://www.google.com/bot.html)"
66.249.69.40 - - [23/Dec/2024:10:34:23 +0000] "GET /?_xi=aXRpbWFnZS5uZXRzZmpr.OTBmYWpzbGZzZGxmOHNm*&srd=1109&path=https://itimage.net/product_review.php%26id=35572944917.shtml HTTP/1.1" 200 20433 "-" "Mozilla/5.0 (Linux; Android 6.0.1; Nexus 5X Build/MMB29P) AppleWebKit/537.36 (KHTML, like Gecko) Chrome/131.0.6778.85 Mobile Safari/537.36 (compatible; Googlebot/2.1; +http://www.google.com/bot.html)"
66.249.75.227 - - [23/Dec/2024:10:35:10 +0000] "GET /71122340366.shtml HTTP/1.1" 200 11465 "-" "Mozilla/5.0 (Linux; Android 6.0.1; Nexus 5X Build/MMB29P) AppleWebKit/537.36 (KHTML, like Gecko) Chrome/131.0.6778.85 Mobile Safari/537.36 (compatible; GoogleOther)"
66.249.69.38 - - [23/Dec/2024:10:34:50 +0000] "GET /?_xi=aXRpbWFnZS5uZXRzZmpr.OTBmYWpzbGZzZGxmOHNm*&srd=1109&path=https://itimage.net/product_review.php%26id=0587557857.shtml HTTP/1.1" 200 22165 "-" "Mozilla/5.0 (Linux; Android 6.0.1; Nexus 5X Build/MMB29P) AppleWebKit/537.36 (KHTML, like Gecko) Chrome/131.0.6778.85 Mobile Safari/537.36 (compatible; Googlebot/2.1; +http://www.google.com/bot.html)"
66.249.69.38 - - [23/Dec/2024:10:37:31 +0000] "GET /?_xi=aXRpbWFnZS5uZXRzZmpr.OTBmYWpzbGZzZGxmOHNm*&srd=1109&path=https://itimage.net/product_review.php%26id=552791054148.shtml HTTP/1.1" 200 20076 "-" "Mozilla/5.0 (compatible; Googlebot/2.1; +http://www.google.com/bot.html)"
66.249.69.40 - - [23/Dec/2024:10:47:10 +0000] "GET /?_xi=aXRpbWFnZS5uZXRzZmpr.OTBmYWpzbGZzZGxmOHNm*&srd=1109&path=https://itimage.net/product_review.php%26id=880161968367.shtml HTTP/1.1" 200 20442 "-" "Mozilla/5.0 (compatible; Googlebot/2.1; +http://www.google.com/bot.html)"
66.249.75.227 - - [23/Dec/2024:10:50:13 +0000] "GET /770401869798.shtml HTTP/1.1" 200 11465 "-" "Mozilla/5.0 (Linux; Android 6.0.1; Nexus 5X Build/MMB29P) AppleWebKit/537.36 (KHTML, like Gecko) Chrome/131.0.6778.85 Mobile Safari/537.36 (compatible; GoogleOther)"
66.249.69.38 - - [23/Dec/2024:10:51:23 +0000] "GET /about.php?page=Digital%20Marketing HTTP/1.1" 404 0 "-" "Mozilla/5.0 (compatible; Googlebot/2.1; +http://www.google.com/bot.html)"
66.249.75.226 - - [23/Dec/2024:10:40:11 +0000] "GET /14217270651.shtml HTTP/1.1" 200 11465 "-" "Mozilla/5.0 (Linux; Android 6.0.1; Nexus 5X Build/MMB29P) AppleWebKit/537.36 (KHTML, like Gecko) Chrome/131.0.6778.85 Mobile Safari/537.36 (compatible; GoogleOther)"
66.249.75.228 - - [23/Dec/2024:10:45:13 +0000] "GET /227991690075.shtml HTTP/1.1" 200 11465 "-" "Mozilla/5.0 (Linux; Android 6.0.1; Nexus 5X Build/MMB29P) AppleWebKit/537.36 (KHTML, like Gecko) Chrome/131.0.6778.85 Mobile Safari/537.36 (compatible; GoogleOther)"
66.249.69.38 - - [23/Dec/2024:10:51:14 +0000] "GET /?_xi=aXRpbWFnZS5uZXRzZmpr.OTBmYWpzbGZzZGxmOHNm*&srd=1109&path=https://itimage.net/product_review.php%26id=914511434848.shtml HTTP/1.1" 200 11472 "-" "Mozilla/5.0 (Linux; Android 6.0.1; Nexus 5X Build/MMB29P) AppleWebKit/537.36 (KHTML, like Gecko) Chrome/131.0.6778.85 Mobile Safari/537.36 (compatible; GoogleOther)"
66.249.69.40 - - [23/Dec/2024:10:51:16 +0000] "GET /wp-content/plugins/ml-slider/assets/metaslider/publice.css HTTP/1.1" 200 618 "https://itimage.net/?_xi=aXRpbWFnZS5uZXRzZmpr.OTBmYWpzbGZzZGxmOHNm*&srd=1109&path=https://itimage.net/product_review.php%26id=914511434848.shtml" "Mozilla/5.0 (Linux; Android 6.0.1; Nexus 5X Build/MMB29P) AppleWebKit/537.36 (KHTML, like Gecko) Chrome/131.0.6778.139 Mobile Safari/537.36 (compatible; Googlebot/2.1; +http://www.google.com/bot.html)"
66.249.69.38 - - [23/Dec/2024:10:57:32 +0000] "GET /?_xi=aXRpbWFnZS5uZXRzZmpr.OTBmYWpzbGZzZGxmOHNm*&srd=1109&path=https://itimage.net/product_review.php%26id=84661174289.shtml HTTP/1.1" 200 21095 "-" "Mozilla/5.0 (Linux; Android 6.0.1; Nexus 5X Build/MMB29P) AppleWebKit/537.36 (KHTML, like Gecko) Chrome/131.0.6778.85 Mobile Safari/537.36 (compatible; Googlebot/2.1; +http://www.google.com/bot.html)"
66.249.75.226 - - [23/Dec/2024:11:00:16 +0000] "GET /32800567930.shtml HTTP/1.1" 200 11472 "-" "Mozilla/5.0 (Linux; Android 6.0.1; Nexus 5X Build/MMB29P) AppleWebKit/537.36 (KHTML, like Gecko) Chrome/131.0.6778.85 Mobile Safari/537.36 (compatible; GoogleOther)"
66.249.75.227 - - [23/Dec/2024:10:55:15 +0000] "GET /847821104246.shtml HTTP/1.1" 200 11465 "-" "Mozilla/5.0 (Linux; Android 6.0.1; Nexus 5X Build/MMB29P) AppleWebKit/537.36 (KHTML, like Gecko) Chrome/131.0.6778.85 Mobile Safari/537.36 (compatible; GoogleOther)"
66.249.69.38 - - [23/Dec/2024:10:56:26 +0000] "GET /?_xi=aXRpbWFnZS5uZXRzZmpr.OTBmYWpzbGZzZGxmOHNm*&srd=1109&path=https://itimage.net/product_review.php%26id=617801786330.shtml HTTP/1.1" 200 22820 "-" "Mozilla/5.0 (Linux; Android 6.0.1; Nexus 5X Build/MMB29P) AppleWebKit/537.36 (KHTML, like Gecko) Chrome/131.0.6778.85 Mobile Safari/537.36 (compatible; Googlebot/2.1; +http://www.google.com/bot.html)"
66.249.69.38 - - [23/Dec/2024:11:00:52 +0000] "GET /?_xi=aXRpbWFnZS5uZXRzZmpr.OTBmYWpzbGZzZGxmOHNm*&srd=1109&path=https://itimage.net/product_review.php%26id=34891501208.shtml HTTP/1.1" 200 20794 "-" "Mozilla/5.0 (compatible; Googlebot/2.1; +http://www.google.com/bot.html)"
66.249.69.40 - - [23/Dec/2024:11:01:14 +0000] "GET /?_xi=aXRpbWFnZS5uZXRzZmpr.OTBmYWpzbGZzZGxmOHNm*&srd=1109&path=https://itimage.net/product_review.php%26id=371891381678.shtml HTTP/1.1" 200 19992 "-" "Mozilla/5.0 (compatible; Googlebot/2.1; +http://www.google.com/bot.html)"
66.249.75.228 - - [23/Dec/2024:11:05:17 +0000] "GET /robots.txt HTTP/1.1" 200 64 "-" "Mozilla/5.0 (compatible; Googlebot/2.1; +http://www.google.com/bot.html)"
66.249.75.226 - - [23/Dec/2024:11:05:17 +0000] "GET /01961808667.shtml HTTP/1.1" 200 11465 "-" "Mozilla/5.0 (Linux; Android 6.0.1; Nexus 5X Build/MMB29P) AppleWebKit/537.36 (KHTML, like Gecko) Chrome/131.0.6778.85 Mobile Safari/537.36 (compatible; GoogleOther)"
66.249.75.227 - - [23/Dec/2024:11:11:20 +0000] "GET /6227257626.shtml HTTP/1.1" 200 11465 "-" "Mozilla/5.0 (Linux; Android 6.0.1; Nexus 5X Build/MMB29P) AppleWebKit/537.36 (KHTML, like Gecko) Chrome/131.0.6778.85 Mobile Safari/537.36 (compatible; GoogleOther)"
66.249.75.228 - - [23/Dec/2024:11:20:21 +0000] "GET /91229237993.shtml HTTP/1.1" 200 11465 "-" "Mozilla/5.0 (Linux; Android 6.0.1; Nexus 5X Build/MMB29P) AppleWebKit/537.36 (KHTML, like Gecko) Chrome/131.0.6778.85 Mobile Safari/537.36 (compatible; GoogleOther)"
66.249.75.226 - - [23/Dec/2024:11:11:20 +0000] "GET /robots.txt HTTP/1.1" 200 64 "-" "Mozilla/5.0 (compatible; Googlebot/2.1; +http://www.google.com/bot.html)"