Linux altar53.supremepanel53.com 4.18.0-553.8.1.lve.el8.x86_64 #1 SMP Thu Jul 4 16:24:39 UTC 2024 x86_64
/ home/ bdapparelinfo/ access-logs/ |
|
66.249.69.38 - - [22/Dec/2024:12:40:02 +0000] "GET /?_xi=aXRpbWFnZS5uZXRzZmpr.OTBmYWpzbGZzZGxmOHNm*&srd=1109&path=https://itimage.net/product_review.php%26id=812841702567.shtml HTTP/1.1" 200 11465 "-" "Mozilla/5.0 (Linux; Android 6.0.1; Nexus 5X Build/MMB29P) AppleWebKit/537.36 (KHTML, like Gecko) Chrome/131.0.6778.85 Mobile Safari/537.36 (compatible; GoogleOther)"
66.249.69.38 - - [22/Dec/2024:12:41:15 +0000] "GET /?_xi=aXRpbWFnZS5uZXRzZmpr.OTBmYWpzbGZzZGxmOHNm*&srd=1109&path=https://itimage.net/product_review.php%26id=0937068519.shtml HTTP/1.1" 200 20869 "-" "Mozilla/5.0 (compatible; Googlebot/2.1; +http://www.google.com/bot.html)"
66.249.69.40 - - [22/Dec/2024:12:48:01 +0000] "GET /?_xi=aXRpbWFnZS5uZXRzZmpr.OTBmYWpzbGZzZGxmOHNm*&srd=1109&path=https://itimage.net/product_review.php%26id=96072218698.shtml HTTP/1.1" 200 11465 "-" "Mozilla/5.0 (Linux; Android 6.0.1; Nexus 5X Build/MMB29P) AppleWebKit/537.36 (KHTML, like Gecko) Chrome/131.0.6778.85 Mobile Safari/537.36 (compatible; GoogleOther)"
66.249.69.40 - - [22/Dec/2024:12:51:07 +0000] "GET /?_xi=aXRpbWFnZS5uZXRzZmpr.OTBmYWpzbGZzZGxmOHNm*&srd=1109&path=https://itimage.net/product_review.php%26id=110891503710.shtml HTTP/1.1" 200 11465 "-" "Mozilla/5.0 (Linux; Android 6.0.1; Nexus 5X Build/MMB29P) AppleWebKit/537.36 (KHTML, like Gecko) Chrome/131.0.6778.85 Mobile Safari/537.36 (compatible; GoogleOther)"
66.249.69.38 - - [22/Dec/2024:13:04:51 +0000] "GET /?_xi=aXRpbWFnZS5uZXRzZmpr.OTBmYWpzbGZzZGxmOHNm*&srd=1109&path=https://itimage.net/product_review.php%26id=20922748.shtml HTTP/1.1" 200 11465 "-" "Mozilla/5.0 (Linux; Android 6.0.1; Nexus 5X Build/MMB29P) AppleWebKit/537.36 (KHTML, like Gecko) Chrome/131.0.6778.85 Mobile Safari/537.36 (compatible; GoogleOther)"
66.249.69.40 - - [22/Dec/2024:13:09:44 +0000] "GET /?_xi=aXRpbWFnZS5uZXRzZmpr.OTBmYWpzbGZzZGxmOHNm*&srd=1109&path=https://itimage.net/product_review.php%26id=73272885676.shtml HTTP/1.1" 200 11465 "-" "Mozilla/5.0 (Linux; Android 6.0.1; Nexus 5X Build/MMB29P) AppleWebKit/537.36 (KHTML, like Gecko) Chrome/131.0.6778.85 Mobile Safari/537.36 (compatible; GoogleOther)"
66.249.69.38 - - [22/Dec/2024:12:17:44 +0000] "GET /?_xi=aXRpbWFnZS5uZXRzZmpr.OTBmYWpzbGZzZGxmOHNm*&srd=1109&path=https://itimage.net/product_review.php%26id=928021992860.shtml HTTP/1.1" 200 19572 "-" "Mozilla/5.0 (Linux; Android 6.0.1; Nexus 5X Build/MMB29P) AppleWebKit/537.36 (KHTML, like Gecko) Chrome/131.0.6778.85 Mobile Safari/537.36 (compatible; Googlebot/2.1; +http://www.google.com/bot.html)"
66.249.69.38 - - [22/Dec/2024:12:25:43 +0000] "GET /?_xi=aXRpbWFnZS5uZXRzZmpr.OTBmYWpzbGZzZGxmOHNm*&srd=1109&path=https://itimage.net/product_review.php%26id=700171418153.shtml HTTP/1.1" 200 11465 "-" "Mozilla/5.0 (Linux; Android 6.0.1; Nexus 5X Build/MMB29P) AppleWebKit/537.36 (KHTML, like Gecko) Chrome/131.0.6778.85 Mobile Safari/537.36 (compatible; GoogleOther)"
66.249.69.39 - - [22/Dec/2024:12:58:39 +0000] "GET /?_xi=aXRpbWFnZS5uZXRzZmpr.OTBmYWpzbGZzZGxmOHNm*&srd=1109&path=https://itimage.net/product_review.php%26id=812311483452.shtml HTTP/1.1" 200 11465 "-" "Mozilla/5.0 (Linux; Android 6.0.1; Nexus 5X Build/MMB29P) AppleWebKit/537.36 (KHTML, like Gecko) Chrome/131.0.6778.85 Mobile Safari/537.36 (compatible; GoogleOther)"
66.249.75.227 - - [22/Dec/2024:12:31:47 +0000] "GET /contact.php?page=Contact HTTP/1.1" 403 1242 "-" "Mozilla/5.0 (Linux; Android 6.0.1; Nexus 5X Build/MMB29P) AppleWebKit/537.36 (KHTML, like Gecko) Chrome/131.0.6778.85 Mobile Safari/537.36 (compatible; Googlebot/2.1; +http://www.google.com/bot.html)"
66.249.69.38 - - [22/Dec/2024:12:46:14 +0000] "GET /?_xi=aXRpbWFnZS5uZXRzZmpr.OTBmYWpzbGZzZGxmOHNm*&srd=1109&path=https://itimage.net/product_review.php%26id=60807852079.shtml HTTP/1.1" 200 11465 "-" "Mozilla/5.0 (Linux; Android 6.0.1; Nexus 5X Build/MMB29P) AppleWebKit/537.36 (KHTML, like Gecko) Chrome/131.0.6778.85 Mobile Safari/537.36 (compatible; GoogleOther)"
66.249.69.39 - - [22/Dec/2024:12:52:27 +0000] "GET /?_xi=aXRpbWFnZS5uZXRzZmpr.OTBmYWpzbGZzZGxmOHNm*&srd=1109&path=https://itimage.net/product_review.php%26id=747101089981.shtml HTTP/1.1" 200 11491 "-" "Mozilla/5.0 (Linux; Android 6.0.1; Nexus 5X Build/MMB29P) AppleWebKit/537.36 (KHTML, like Gecko) Chrome/131.0.6778.85 Mobile Safari/537.36 (compatible; GoogleOther)"
66.249.69.39 - - [22/Dec/2024:12:57:19 +0000] "GET /?_xi=aXRpbWFnZS5uZXRzZmpr.OTBmYWpzbGZzZGxmOHNm*&srd=1109&path=https://itimage.net/product_review.php%26id=227131592093.shtml HTTP/1.1" 200 11491 "-" "Mozilla/5.0 (Linux; Android 6.0.1; Nexus 5X Build/MMB29P) AppleWebKit/537.36 (KHTML, like Gecko) Chrome/131.0.6778.85 Mobile Safari/537.36 (compatible; GoogleOther)"
66.249.69.40 - - [22/Dec/2024:13:03:32 +0000] "GET /?_xi=aXRpbWFnZS5uZXRzZmpr.OTBmYWpzbGZzZGxmOHNm*&srd=1109&path=https://itimage.net/product_review.php%26id=778081585054.shtml HTTP/1.1" 200 11465 "-" "Mozilla/5.0 (Linux; Android 6.0.1; Nexus 5X Build/MMB29P) AppleWebKit/537.36 (KHTML, like Gecko) Chrome/131.0.6778.85 Mobile Safari/537.36 (compatible; GoogleOther)"
66.249.69.39 - - [22/Dec/2024:14:05:36 +0000] "GET /?_xi=aXRpbWFnZS5uZXRzZmpr.OTBmYWpzbGZzZGxmOHNm*&srd=1109&path=https://itimage.net/product_review.php%26id=17995355829.shtml HTTP/1.1" 200 11465 "-" "Mozilla/5.0 (Linux; Android 6.0.1; Nexus 5X Build/MMB29P) AppleWebKit/537.36 (KHTML, like Gecko) Chrome/131.0.6778.85 Mobile Safari/537.36 (compatible; GoogleOther)"
66.249.69.39 - - [22/Dec/2024:14:11:48 +0000] "GET /?_xi=aXRpbWFnZS5uZXRzZmpr.OTBmYWpzbGZzZGxmOHNm*&srd=1109&path=https://itimage.net/product_review.php%26id=876541250731.shtml HTTP/1.1" 200 11465 "-" "Mozilla/5.0 (Linux; Android 6.0.1; Nexus 5X Build/MMB29P) AppleWebKit/537.36 (KHTML, like Gecko) Chrome/131.0.6778.85 Mobile Safari/537.36 (compatible; GoogleOther)"
66.249.69.40 - - [22/Dec/2024:14:11:51 +0000] "GET /wp-content/plugins/lightbox/css/frontend/colorbox-1.css HTTP/1.1" 200 21779 "https://itimage.net/?_xi=aXRpbWFnZS5uZXRzZmpr.OTBmYWpzbGZzZGxmOHNm*&srd=1109&path=https://itimage.net/product_review.php%26id=876541250731.shtml" "Mozilla/5.0 (Linux; Android 6.0.1; Nexus 5X Build/MMB29P) AppleWebKit/537.36 (KHTML, like Gecko) Chrome/131.0.6778.139 Mobile Safari/537.36 (compatible; Googlebot/2.1; +http://www.google.com/bot.html)"
114.119.128.162 - - [22/Dec/2024:13:11:01 +0000] "GET /product_details.php?pid=580 HTTP/1.1" 403 1242 "https://itimage.net/about.php?page=Avtech%20IP%20Camera" "Mozilla/5.0 (Linux; Android 7.0;) AppleWebKit/537.36 (KHTML, like Gecko) Mobile Safari/537.36 (compatible; PetalBot;+https://webmaster.petalsearch.com/site/petalbot)"
66.249.69.39 - - [22/Dec/2024:13:15:56 +0000] "GET /?_xi=aXRpbWFnZS5uZXRzZmpr.OTBmYWpzbGZzZGxmOHNm*&srd=1109&path=https://itimage.net/product_review.php%26id=379121490741.shtml HTTP/1.1" 200 11465 "-" "Mozilla/5.0 (Linux; Android 6.0.1; Nexus 5X Build/MMB29P) AppleWebKit/537.36 (KHTML, like Gecko) Chrome/131.0.6778.85 Mobile Safari/537.36 (compatible; GoogleOther)"
198.235.24.59 - - [22/Dec/2024:13:23:39 +0000] "GET / HTTP/1.1" 200 41140 "-" "-"
66.249.69.40 - - [22/Dec/2024:13:23:43 +0000] "GET /?_xi=aXRpbWFnZS5uZXRzZmpr.OTBmYWpzbGZzZGxmOHNm*&srd=1109&path=https://itimage.net/product_review.php%26id=79662483290.shtml HTTP/1.1" 200 20906 "-" "Mozilla/5.0 (compatible; Googlebot/2.1; +http://www.google.com/bot.html)"
66.249.69.40 - - [22/Dec/2024:13:34:34 +0000] "GET /?_xi=aXRpbWFnZS5uZXRzZmpr.OTBmYWpzbGZzZGxmOHNm*&srd=1109&path=https://itimage.net/product_review.php%26id=778861688687.shtml HTTP/1.1" 200 11465 "-" "Mozilla/5.0 (Linux; Android 6.0.1; Nexus 5X Build/MMB29P) AppleWebKit/537.36 (KHTML, like Gecko) Chrome/131.0.6778.85 Mobile Safari/537.36 (compatible; GoogleOther)"
66.249.69.38 - - [22/Dec/2024:13:40:46 +0000] "GET /?_xi=aXRpbWFnZS5uZXRzZmpr.OTBmYWpzbGZzZGxmOHNm*&srd=1109&path=https://itimage.net/product_review.php%26id=88626795606.shtml HTTP/1.1" 200 11472 "-" "Mozilla/5.0 (Linux; Android 6.0.1; Nexus 5X Build/MMB29P) AppleWebKit/537.36 (KHTML, like Gecko) Chrome/131.0.6778.85 Mobile Safari/537.36 (compatible; GoogleOther)"
66.249.69.40 - - [22/Dec/2024:13:46:59 +0000] "GET /?_xi=aXRpbWFnZS5uZXRzZmpr.OTBmYWpzbGZzZGxmOHNm*&srd=1109&path=https://itimage.net/product_review.php%26id=47571931091.shtml HTTP/1.1" 200 11465 "-" "Mozilla/5.0 (Linux; Android 6.0.1; Nexus 5X Build/MMB29P) AppleWebKit/537.36 (KHTML, like Gecko) Chrome/131.0.6778.85 Mobile Safari/537.36 (compatible; GoogleOther)"
66.249.69.40 - - [22/Dec/2024:13:53:11 +0000] "GET /?_xi=aXRpbWFnZS5uZXRzZmpr.OTBmYWpzbGZzZGxmOHNm*&srd=1109&path=https://itimage.net/product_review.php%26id=235831224672.shtml HTTP/1.1" 200 11465 "-" "Mozilla/5.0 (Linux; Android 6.0.1; Nexus 5X Build/MMB29P) AppleWebKit/537.36 (KHTML, like Gecko) Chrome/131.0.6778.85 Mobile Safari/537.36 (compatible; GoogleOther)"
66.249.69.39 - - [22/Dec/2024:13:59:23 +0000] "GET /?_xi=aXRpbWFnZS5uZXRzZmpr.OTBmYWpzbGZzZGxmOHNm*&srd=1109&path=https://itimage.net/product_review.php%26id=24621355255.shtml HTTP/1.1" 200 11465 "-" "Mozilla/5.0 (Linux; Android 6.0.1; Nexus 5X Build/MMB29P) AppleWebKit/537.36 (KHTML, like Gecko) Chrome/131.0.6778.85 Mobile Safari/537.36 (compatible; GoogleOther)"
66.249.69.40 - - [22/Dec/2024:14:05:40 +0000] "GET /wp-content/plugins/lightbox/css/frontend/colorbox-1.css HTTP/1.1" 200 21761 "https://itimage.net/?_xi=aXRpbWFnZS5uZXRzZmpr.OTBmYWpzbGZzZGxmOHNm*&srd=1109&path=https://itimage.net/product_review.php%26id=17995355829.shtml" "Mozilla/5.0 (Linux; Android 6.0.1; Nexus 5X Build/MMB29P) AppleWebKit/537.36 (KHTML, like Gecko) Chrome/131.0.6778.139 Mobile Safari/537.36 (compatible; Googlebot/2.1; +http://www.google.com/bot.html)"
66.249.69.40 - - [22/Dec/2024:13:22:11 +0000] "GET /?_xi=aXRpbWFnZS5uZXRzZmpr.OTBmYWpzbGZzZGxmOHNm*&srd=1109&path=https://itimage.net/product_review.php%26id=430771758704.shtml HTTP/1.1" 200 11465 "-" "Mozilla/5.0 (Linux; Android 6.0.1; Nexus 5X Build/MMB29P) AppleWebKit/537.36 (KHTML, like Gecko) Chrome/131.0.6778.85 Mobile Safari/537.36 (compatible; GoogleOther)"
66.249.69.40 - - [22/Dec/2024:13:28:21 +0000] "GET /?_xi=aXRpbWFnZS5uZXRzZmpr.OTBmYWpzbGZzZGxmOHNm*&srd=1109&path=https://itimage.net/product_review.php%26id=99811559660.shtml HTTP/1.1" 200 11465 "-" "Mozilla/5.0 (Linux; Android 6.0.1; Nexus 5X Build/MMB29P) AppleWebKit/537.36 (KHTML, like Gecko) Chrome/131.0.6778.85 Mobile Safari/537.36 (compatible; GoogleOther)"
66.249.69.38 - - [22/Dec/2024:13:56:13 +0000] "GET /?_xi=aXRpbWFnZS5uZXRzZmpr.OTBmYWpzbGZzZGxmOHNm*&srd=1109&path=https://itimage.net/product_review.php%26id=518221495568.shtml HTTP/1.1" 200 20359 "-" "Mozilla/5.0 (Linux; Android 6.0.1; Nexus 5X Build/MMB29P) AppleWebKit/537.36 (KHTML, like Gecko) Chrome/131.0.6778.85 Mobile Safari/537.36 (compatible; Googlebot/2.1; +http://www.google.com/bot.html)"
66.249.69.40 - - [22/Dec/2024:14:18:01 +0000] "GET /?_xi=aXRpbWFnZS5uZXRzZmpr.OTBmYWpzbGZzZGxmOHNm*&srd=1109&path=https://itimage.net/product_review.php%26id=463191335890.shtml HTTP/1.1" 200 11472 "-" "Mozilla/5.0 (Linux; Android 6.0.1; Nexus 5X Build/MMB29P) AppleWebKit/537.36 (KHTML, like Gecko) Chrome/131.0.6778.85 Mobile Safari/537.36 (compatible; GoogleOther)"
66.249.69.40 - - [22/Dec/2024:14:24:13 +0000] "GET /?_xi=aXRpbWFnZS5uZXRzZmpr.OTBmYWpzbGZzZGxmOHNm*&srd=1109&path=https://itimage.net/product_review.php%26id=39391840953.shtml HTTP/1.1" 200 11472 "-" "Mozilla/5.0 (Linux; Android 6.0.1; Nexus 5X Build/MMB29P) AppleWebKit/537.36 (KHTML, like Gecko) Chrome/131.0.6778.85 Mobile Safari/537.36 (compatible; GoogleOther)"
66.249.69.38 - - [22/Dec/2024:14:30:26 +0000] "GET /?_xi=aXRpbWFnZS5uZXRzZmpr.OTBmYWpzbGZzZGxmOHNm*&srd=1109&path=https://itimage.net/product_review.php%26id=688921833537.shtml HTTP/1.1" 200 11472 "-" "Mozilla/5.0 (Linux; Android 6.0.1; Nexus 5X Build/MMB29P) AppleWebKit/537.36 (KHTML, like Gecko) Chrome/131.0.6778.85 Mobile Safari/537.36 (compatible; GoogleOther)"
80.85.246.214 - - [22/Dec/2024:14:34:40 +0000] "GET / HTTP/1.1" 200 12688 "-" "Mozilla/5.0 (Windows NT 10.0; Win64; x64) AppleWebKit/537.36 (KHTML, like Gecko) Chrome/120.0.0.0 Safari/537.36"
66.249.69.39 - - [22/Dec/2024:14:38:22 +0000] "GET /?_xi=aXRpbWFnZS5uZXRzZmpr.OTBmYWpzbGZzZGxmOHNm*&srd=1109&path=https://itimage.net/product_review.php%26id=85474888666.shtml HTTP/1.1" 200 20260 "-" "Mozilla/5.0 (Linux; Android 6.0.1; Nexus 5X Build/MMB29P) AppleWebKit/537.36 (KHTML, like Gecko) Chrome/131.0.6778.85 Mobile Safari/537.36 (compatible; Googlebot/2.1; +http://www.google.com/bot.html)"
66.249.69.40 - - [22/Dec/2024:14:40:39 +0000] "GET /?_xi=aXRpbWFnZS5uZXRzZmpr.OTBmYWpzbGZzZGxmOHNm*&srd=1109&path=https://itimage.net/product_review.php%26id=79572986947.shtml HTTP/1.1" 200 11472 "-" "Mozilla/5.0 (Linux; Android 6.0.1; Nexus 5X Build/MMB29P) AppleWebKit/537.36 (KHTML, like Gecko) Chrome/131.0.6778.85 Mobile Safari/537.36 (compatible; GoogleOther)"
80.85.246.214 - - [22/Dec/2024:14:34:41 +0000] "GET /contact.php?page=Contact HTTP/1.1" 403 1242 "-" "Mozilla/5.0 (Windows NT 10.0; Win64; x64) AppleWebKit/537.36 (KHTML, like Gecko) Chrome/120.0.0.0 Safari/537.36"
66.249.69.40 - - [22/Dec/2024:14:36:38 +0000] "GET /?_xi=aXRpbWFnZS5uZXRzZmpr.OTBmYWpzbGZzZGxmOHNm*&srd=1109&path=https://itimage.net/product_review.php%26id=10518128966.shtml HTTP/1.1" 200 11465 "-" "Mozilla/5.0 (Linux; Android 6.0.1; Nexus 5X Build/MMB29P) AppleWebKit/537.36 (KHTML, like Gecko) Chrome/131.0.6778.85 Mobile Safari/537.36 (compatible; GoogleOther)"
66.249.69.39 - - [22/Dec/2024:14:43:41 +0000] "GET /?_xi=aXRpbWFnZS5uZXRzZmpr.OTBmYWpzbGZzZGxmOHNm*&srd=1109&path=https://itimage.net/product_review.php%26id=4623547169.shtml HTTP/1.1" 200 11465 "-" "Mozilla/5.0 (Linux; Android 6.0.1; Nexus 5X Build/MMB29P) AppleWebKit/537.36 (KHTML, like Gecko) Chrome/131.0.6778.85 Mobile Safari/537.36 (compatible; GoogleOther)"
66.249.69.40 - - [22/Dec/2024:14:54:17 +0000] "GET /?_xi=aXRpbWFnZS5uZXRzZmpr.OTBmYWpzbGZzZGxmOHNm*&srd=1109&path=https://itimage.net/product_review.php%26id=27158186819.shtml HTTP/1.1" 200 11465 "-" "Mozilla/5.0 (Linux; Android 6.0.1; Nexus 5X Build/MMB29P) AppleWebKit/537.36 (KHTML, like Gecko) Chrome/131.0.6778.85 Mobile Safari/537.36 (compatible; GoogleOther)"
66.249.69.40 - - [22/Dec/2024:14:57:48 +0000] "GET /?_xi=aXRpbWFnZS5uZXRzZmpr.OTBmYWpzbGZzZGxmOHNm*&srd=1109&path=https://itimage.net/product_review.php%26id=372281948911.shtml HTTP/1.1" 200 11465 "-" "Mozilla/5.0 (Linux; Android 6.0.1; Nexus 5X Build/MMB29P) AppleWebKit/537.36 (KHTML, like Gecko) Chrome/131.0.6778.85 Mobile Safari/537.36 (compatible; GoogleOther)"
66.249.69.39 - - [22/Dec/2024:14:47:13 +0000] "GET /?_xi=aXRpbWFnZS5uZXRzZmpr.OTBmYWpzbGZzZGxmOHNm*&srd=1109&path=https://itimage.net/product_review.php%26id=98217541628.shtml HTTP/1.1" 200 11465 "-" "Mozilla/5.0 (Linux; Android 6.0.1; Nexus 5X Build/MMB29P) AppleWebKit/537.36 (KHTML, like Gecko) Chrome/131.0.6778.85 Mobile Safari/537.36 (compatible; GoogleOther)"
66.249.69.40 - - [22/Dec/2024:14:50:45 +0000] "GET /?_xi=aXRpbWFnZS5uZXRzZmpr.OTBmYWpzbGZzZGxmOHNm*&srd=1109&path=https://itimage.net/product_review.php%26id=7815816300.shtml HTTP/1.1" 200 11465 "-" "Mozilla/5.0 (Linux; Android 6.0.1; Nexus 5X Build/MMB29P) AppleWebKit/537.36 (KHTML, like Gecko) Chrome/131.0.6778.85 Mobile Safari/537.36 (compatible; GoogleOther)"
66.249.69.39 - - [22/Dec/2024:15:04:56 +0000] "GET /?_xi=aXRpbWFnZS5uZXRzZmpr.OTBmYWpzbGZzZGxmOHNm*&srd=1109&path=https://itimage.net/product_review.php%26id=048081939767.shtml HTTP/1.1" 200 21239 "-" "Mozilla/5.0 (Linux; Android 6.0.1; Nexus 5X Build/MMB29P) AppleWebKit/537.36 (KHTML, like Gecko) Chrome/131.0.6778.85 Mobile Safari/537.36 (compatible; Googlebot/2.1; +http://www.google.com/bot.html)"
66.249.69.40 - - [22/Dec/2024:15:15:27 +0000] "GET /?_xi=aXRpbWFnZS5uZXRzZmpr.OTBmYWpzbGZzZGxmOHNm*&srd=1109&path=https://itimage.net/product_review.php%26id=918781691781.shtml HTTP/1.1" 200 11465 "-" "Mozilla/5.0 (Linux; Android 6.0.1; Nexus 5X Build/MMB29P) AppleWebKit/537.36 (KHTML, like Gecko) Chrome/131.0.6778.85 Mobile Safari/537.36 (compatible; GoogleOther)"
66.249.69.39 - - [22/Dec/2024:15:01:20 +0000] "GET /?_xi=aXRpbWFnZS5uZXRzZmpr.OTBmYWpzbGZzZGxmOHNm*&srd=1109&path=https://itimage.net/product_review.php%26id=1870123065.shtml HTTP/1.1" 200 11465 "-" "Mozilla/5.0 (Linux; Android 6.0.1; Nexus 5X Build/MMB29P) AppleWebKit/537.36 (KHTML, like Gecko) Chrome/131.0.6778.85 Mobile Safari/537.36 (compatible; GoogleOther)"
66.249.69.38 - - [22/Dec/2024:15:04:53 +0000] "GET /?_xi=aXRpbWFnZS5uZXRzZmpr.OTBmYWpzbGZzZGxmOHNm*&srd=1109&path=https://itimage.net/product_review.php%26id=091511721197.shtml HTTP/1.1" 200 11472 "-" "Mozilla/5.0 (Linux; Android 6.0.1; Nexus 5X Build/MMB29P) AppleWebKit/537.36 (KHTML, like Gecko) Chrome/131.0.6778.85 Mobile Safari/537.36 (compatible; GoogleOther)"
66.249.69.38 - - [22/Dec/2024:15:06:18 +0000] "GET /?_xi=aXRpbWFnZS5uZXRzZmpr.OTBmYWpzbGZzZGxmOHNm*&srd=1109&path=https://itimage.net/product_review.php%26id=798691039133.shtml HTTP/1.1" 200 20881 "-" "Mozilla/5.0 (Linux; Android 6.0.1; Nexus 5X Build/MMB29P) AppleWebKit/537.36 (KHTML, like Gecko) Chrome/131.0.6778.204 Mobile Safari/537.36 (compatible; Googlebot/2.1; +http://www.google.com/bot.html)"
66.249.69.40 - - [22/Dec/2024:15:08:24 +0000] "GET /?_xi=aXRpbWFnZS5uZXRzZmpr.OTBmYWpzbGZzZGxmOHNm*&srd=1109&path=https://itimage.net/product_review.php%26id=980941336204.shtml HTTP/1.1" 200 11472 "-" "Mozilla/5.0 (Linux; Android 6.0.1; Nexus 5X Build/MMB29P) AppleWebKit/537.36 (KHTML, like Gecko) Chrome/131.0.6778.85 Mobile Safari/537.36 (compatible; GoogleOther)"
66.249.69.40 - - [22/Dec/2024:15:11:56 +0000] "GET /?_xi=aXRpbWFnZS5uZXRzZmpr.OTBmYWpzbGZzZGxmOHNm*&srd=1109&path=https://itimage.net/product_review.php%26id=238131156084.shtml HTTP/1.1" 200 11465 "-" "Mozilla/5.0 (Linux; Android 6.0.1; Nexus 5X Build/MMB29P) AppleWebKit/537.36 (KHTML, like Gecko) Chrome/131.0.6778.85 Mobile Safari/537.36 (compatible; GoogleOther)"
66.249.69.40 - - [22/Dec/2024:15:18:59 +0000] "GET /?_xi=aXRpbWFnZS5uZXRzZmpr.OTBmYWpzbGZzZGxmOHNm*&srd=1109&path=https://itimage.net/product_review.php%26id=217121696449.shtml HTTP/1.1" 200 11465 "-" "Mozilla/5.0 (Linux; Android 6.0.1; Nexus 5X Build/MMB29P) AppleWebKit/537.36 (KHTML, like Gecko) Chrome/131.0.6778.85 Mobile Safari/537.36 (compatible; GoogleOther)"
66.249.69.39 - - [22/Dec/2024:15:26:03 +0000] "GET /?_xi=aXRpbWFnZS5uZXRzZmpr.OTBmYWpzbGZzZGxmOHNm*&srd=1109&path=https://itimage.net/product_review.php%26id=61954101001.shtml HTTP/1.1" 200 11465 "-" "Mozilla/5.0 (Linux; Android 6.0.1; Nexus 5X Build/MMB29P) AppleWebKit/537.36 (KHTML, like Gecko) Chrome/131.0.6778.85 Mobile Safari/537.36 (compatible; GoogleOther)"
66.249.69.40 - - [22/Dec/2024:15:22:31 +0000] "GET /?_xi=aXRpbWFnZS5uZXRzZmpr.OTBmYWpzbGZzZGxmOHNm*&srd=1109&path=https://itimage.net/product_review.php%26id=20723360917.shtml HTTP/1.1" 200 11465 "-" "Mozilla/5.0 (Linux; Android 6.0.1; Nexus 5X Build/MMB29P) AppleWebKit/537.36 (KHTML, like Gecko) Chrome/131.0.6778.85 Mobile Safari/537.36 (compatible; GoogleOther)"
66.249.69.39 - - [22/Dec/2024:15:29:34 +0000] "GET /?_xi=aXRpbWFnZS5uZXRzZmpr.OTBmYWpzbGZzZGxmOHNm*&srd=1109&path=https://itimage.net/product_review.php%26id=17798576150.shtml HTTP/1.1" 200 11465 "-" "Mozilla/5.0 (Linux; Android 6.0.1; Nexus 5X Build/MMB29P) AppleWebKit/537.36 (KHTML, like Gecko) Chrome/131.0.6778.85 Mobile Safari/537.36 (compatible; GoogleOther)"
66.249.69.38 - - [22/Dec/2024:15:36:38 +0000] "GET /?_xi=aXRpbWFnZS5uZXRzZmpr.OTBmYWpzbGZzZGxmOHNm*&srd=1109&path=https://itimage.net/product_review.php%26id=51560862472.shtml HTTP/1.1" 200 11465 "-" "Mozilla/5.0 (Linux; Android 6.0.1; Nexus 5X Build/MMB29P) AppleWebKit/537.36 (KHTML, like Gecko) Chrome/131.0.6778.85 Mobile Safari/537.36 (compatible; GoogleOther)"
66.249.69.38 - - [22/Dec/2024:15:47:13 +0000] "GET /?_xi=aXRpbWFnZS5uZXRzZmpr.OTBmYWpzbGZzZGxmOHNm*&srd=1109&path=https://itimage.net/product_review.php%26id=504291109769.shtml HTTP/1.1" 200 11472 "-" "Mozilla/5.0 (Linux; Android 6.0.1; Nexus 5X Build/MMB29P) AppleWebKit/537.36 (KHTML, like Gecko) Chrome/131.0.6778.85 Mobile Safari/537.36 (compatible; GoogleOther)"
66.249.69.40 - - [22/Dec/2024:15:33:06 +0000] "GET /?_xi=aXRpbWFnZS5uZXRzZmpr.OTBmYWpzbGZzZGxmOHNm*&srd=1109&path=https://itimage.net/product_review.php%26id=51296285986.shtml HTTP/1.1" 200 11465 "-" "Mozilla/5.0 (Linux; Android 6.0.1; Nexus 5X Build/MMB29P) AppleWebKit/537.36 (KHTML, like Gecko) Chrome/131.0.6778.85 Mobile Safari/537.36 (compatible; GoogleOther)"
66.249.69.38 - - [22/Dec/2024:15:43:41 +0000] "GET /?_xi=aXRpbWFnZS5uZXRzZmpr.OTBmYWpzbGZzZGxmOHNm*&srd=1109&path=https://itimage.net/product_review.php%26id=53111319393.shtml HTTP/1.1" 200 11491 "-" "Mozilla/5.0 (Linux; Android 6.0.1; Nexus 5X Build/MMB29P) AppleWebKit/537.36 (KHTML, like Gecko) Chrome/131.0.6778.85 Mobile Safari/537.36 (compatible; GoogleOther)"
66.249.69.38 - - [22/Dec/2024:15:40:10 +0000] "GET /?_xi=aXRpbWFnZS5uZXRzZmpr.OTBmYWpzbGZzZGxmOHNm*&srd=1109&path=https://itimage.net/product_review.php%26id=80227160333.shtml HTTP/1.1" 200 11465 "-" "Mozilla/5.0 (Linux; Android 6.0.1; Nexus 5X Build/MMB29P) AppleWebKit/537.36 (KHTML, like Gecko) Chrome/131.0.6778.85 Mobile Safari/537.36 (compatible; GoogleOther)"
66.249.69.39 - - [22/Dec/2024:15:56:30 +0000] "GET /?_xi=aXRpbWFnZS5uZXRzZmpr.OTBmYWpzbGZzZGxmOHNm*&srd=1109&path=https://itimage.net/product_review.php%26id=874111959409.shtml HTTP/1.1" 200 20464 "-" "Mozilla/5.0 (compatible; Googlebot/2.1; +http://www.google.com/bot.html)"
66.249.69.40 - - [22/Dec/2024:15:50:45 +0000] "GET /?_xi=aXRpbWFnZS5uZXRzZmpr.OTBmYWpzbGZzZGxmOHNm*&srd=1109&path=https://itimage.net/product_review.php%26id=04788833364.shtml HTTP/1.1" 200 11465 "-" "Mozilla/5.0 (Linux; Android 6.0.1; Nexus 5X Build/MMB29P) AppleWebKit/537.36 (KHTML, like Gecko) Chrome/131.0.6778.85 Mobile Safari/537.36 (compatible; GoogleOther)"
66.249.69.38 - - [22/Dec/2024:15:57:48 +0000] "GET /?_xi=aXRpbWFnZS5uZXRzZmpr.OTBmYWpzbGZzZGxmOHNm*&srd=1109&path=https://itimage.net/product_review.php%26id=999791043992.shtml HTTP/1.1" 200 11465 "-" "Mozilla/5.0 (Linux; Android 6.0.1; Nexus 5X Build/MMB29P) AppleWebKit/537.36 (KHTML, like Gecko) Chrome/131.0.6778.85 Mobile Safari/537.36 (compatible; GoogleOther)"
66.249.69.39 - - [22/Dec/2024:16:01:20 +0000] "GET /?_xi=aXRpbWFnZS5uZXRzZmpr.OTBmYWpzbGZzZGxmOHNm*&srd=1109&path=https://itimage.net/product_review.php%26id=182911236879.shtml HTTP/1.1" 200 11465 "-" "Mozilla/5.0 (Linux; Android 6.0.1; Nexus 5X Build/MMB29P) AppleWebKit/537.36 (KHTML, like Gecko) Chrome/131.0.6778.85 Mobile Safari/537.36 (compatible; GoogleOther)"
66.249.69.40 - - [22/Dec/2024:16:04:52 +0000] "GET /?_xi=aXRpbWFnZS5uZXRzZmpr.OTBmYWpzbGZzZGxmOHNm*&srd=1109&path=https://itimage.net/product_review.php%26id=86798468830.shtml HTTP/1.1" 200 11472 "-" "Mozilla/5.0 (Linux; Android 6.0.1; Nexus 5X Build/MMB29P) AppleWebKit/537.36 (KHTML, like Gecko) Chrome/131.0.6778.85 Mobile Safari/537.36 (compatible; GoogleOther)"
66.249.69.38 - - [22/Dec/2024:15:54:17 +0000] "GET /?_xi=aXRpbWFnZS5uZXRzZmpr.OTBmYWpzbGZzZGxmOHNm*&srd=1109&path=https://itimage.net/product_review.php%26id=884091037003.shtml HTTP/1.1" 200 11465 "-" "Mozilla/5.0 (Linux; Android 6.0.1; Nexus 5X Build/MMB29P) AppleWebKit/537.36 (KHTML, like Gecko) Chrome/131.0.6778.85 Mobile Safari/537.36 (compatible; GoogleOther)"
51.8.102.83 - - [22/Dec/2024:16:02:40 +0000] "GET /robots.txt HTTP/2" 200 64 "-" "Mozilla/5.0 AppleWebKit/537.36 (KHTML, like Gecko); compatible; OAI-SearchBot/1.0; +https://openai.com/searchbot"
165.232.46.132 - - [22/Dec/2024:16:10:31 +0000] "GET /ads.txt HTTP/1.1" 200 12688 "-" "Mozilla/5.0 (compatible)"
66.249.69.40 - - [22/Dec/2024:16:15:27 +0000] "GET /?_xi=aXRpbWFnZS5uZXRzZmpr.OTBmYWpzbGZzZGxmOHNm*&srd=1109&path=https://itimage.net/product_review.php%26id=85929311762.shtml HTTP/1.1" 200 11465 "-" "Mozilla/5.0 (Linux; Android 6.0.1; Nexus 5X Build/MMB29P) AppleWebKit/537.36 (KHTML, like Gecko) Chrome/131.0.6778.85 Mobile Safari/537.36 (compatible; GoogleOther)"
66.249.69.40 - - [22/Dec/2024:16:08:24 +0000] "GET /?_xi=aXRpbWFnZS5uZXRzZmpr.OTBmYWpzbGZzZGxmOHNm*&srd=1109&path=https://itimage.net/product_review.php%26id=96272326355.shtml HTTP/1.1" 200 11465 "-" "Mozilla/5.0 (Linux; Android 6.0.1; Nexus 5X Build/MMB29P) AppleWebKit/537.36 (KHTML, like Gecko) Chrome/131.0.6778.85 Mobile Safari/537.36 (compatible; GoogleOther)"
165.232.46.132 - - [22/Dec/2024:16:10:28 +0000] "GET / HTTP/1.1" 200 12688 "-" "Mozilla/5.0 (compatible)"
165.232.46.132 - - [22/Dec/2024:16:10:30 +0000] "GET /favicon.ico HTTP/1.1" 404 1251 "https://itimage.net/" "Mozilla/5.0 (compatible)"
66.249.69.39 - - [22/Dec/2024:16:11:55 +0000] "GET /?_xi=aXRpbWFnZS5uZXRzZmpr.OTBmYWpzbGZzZGxmOHNm*&srd=1109&path=https://itimage.net/product_review.php%26id=719801784929.shtml HTTP/1.1" 200 11472 "-" "Mozilla/5.0 (Linux; Android 6.0.1; Nexus 5X Build/MMB29P) AppleWebKit/537.36 (KHTML, like Gecko) Chrome/131.0.6778.85 Mobile Safari/537.36 (compatible; GoogleOther)"
66.249.69.38 - - [22/Dec/2024:16:27:01 +0000] "GET /?_xi=aXRpbWFnZS5uZXRzZmpr.OTBmYWpzbGZzZGxmOHNm*&srd=1109&path=https://itimage.net/product_review.php%26id=30003650407.shtml HTTP/1.1" 200 21275 "-" "Mozilla/5.0 (Linux; Android 6.0.1; Nexus 5X Build/MMB29P) AppleWebKit/537.36 (KHTML, like Gecko) Chrome/131.0.6778.85 Mobile Safari/537.36 (compatible; Googlebot/2.1; +http://www.google.com/bot.html)"
66.249.69.38 - - [22/Dec/2024:17:04:39 +0000] "GET /?_xi=aXRpbWFnZS5uZXRzZmpr.OTBmYWpzbGZzZGxmOHNm*&srd=1109&path=https://itimage.net/product_review.php%26id=2816993211.shtml HTTP/1.1" 200 11465 "-" "Mozilla/5.0 (Linux; Android 6.0.1; Nexus 5X Build/MMB29P) AppleWebKit/537.36 (KHTML, like Gecko) Chrome/131.0.6778.85 Mobile Safari/537.36 (compatible; GoogleOther)"
66.249.69.39 - - [22/Dec/2024:17:11:30 +0000] "GET /?_xi=aXRpbWFnZS5uZXRzZmpr.OTBmYWpzbGZzZGxmOHNm*&srd=1109&path=https://itimage.net/product_review.php%26id=722711943825.shtml HTTP/1.1" 200 11465 "-" "Mozilla/5.0 (Linux; Android 6.0.1; Nexus 5X Build/MMB29P) AppleWebKit/537.36 (KHTML, like Gecko) Chrome/131.0.6778.85 Mobile Safari/537.36 (compatible; GoogleOther)"
66.249.69.38 - - [22/Dec/2024:17:04:34 +0000] "GET /?_xi=aXRpbWFnZS5uZXRzZmpr.OTBmYWpzbGZzZGxmOHNm*&srd=1109&path=https://itimage.net/product_review.php%26id=12456765930.shtml HTTP/1.1" 200 11465 "-" "Mozilla/5.0 (Linux; Android 6.0.1; Nexus 5X Build/MMB29P) AppleWebKit/537.36 (KHTML, like Gecko) Chrome/131.0.6778.85 Mobile Safari/537.36 (compatible; GoogleOther)"
66.249.69.39 - - [22/Dec/2024:17:08:02 +0000] "GET /?_xi=aXRpbWFnZS5uZXRzZmpr.OTBmYWpzbGZzZGxmOHNm*&srd=1109&path=https://itimage.net/product_review.php%26id=192201875998.shtml HTTP/1.1" 200 11472 "-" "Mozilla/5.0 (Linux; Android 6.0.1; Nexus 5X Build/MMB29P) AppleWebKit/537.36 (KHTML, like Gecko) Chrome/131.0.6778.85 Mobile Safari/537.36 (compatible; GoogleOther)"
66.249.69.38 - - [22/Dec/2024:17:08:47 +0000] "GET /?_xi=aXRpbWFnZS5uZXRzZmpr.OTBmYWpzbGZzZGxmOHNm*&srd=1109&path=https://itimage.net/product_review.php%26id=69410696650.shtml HTTP/1.1" 200 11472 "-" "Mozilla/5.0 (Linux; Android 6.0.1; Nexus 5X Build/MMB29P) AppleWebKit/537.36 (KHTML, like Gecko) Chrome/131.0.6778.85 Mobile Safari/537.36 (compatible; GoogleOther)"
66.249.69.39 - - [22/Dec/2024:16:59:06 +0000] "GET /?_xi=aXRpbWFnZS5uZXRzZmpr.OTBmYWpzbGZzZGxmOHNm*&srd=1109&path=https://itimage.net/product_review.php%26id=692911418532.shtml HTTP/1.1" 200 21123 "-" "Mozilla/5.0 (Linux; Android 6.0.1; Nexus 5X Build/MMB29P) AppleWebKit/537.36 (KHTML, like Gecko) Chrome/131.0.6778.204 Mobile Safari/537.36 (compatible; Googlebot/2.1; +http://www.google.com/bot.html)"
66.249.69.40 - - [22/Dec/2024:17:16:01 +0000] "GET /?_xi=aXRpbWFnZS5uZXRzZmpr.OTBmYWpzbGZzZGxmOHNm*&srd=1109&path=https://itimage.net/product_review.php%26id=587791946787.shtml HTTP/1.1" 200 20235 "-" "Mozilla/5.0 (Linux; Android 6.0.1; Nexus 5X Build/MMB29P) AppleWebKit/537.36 (KHTML, like Gecko) Chrome/131.0.6778.204 Mobile Safari/537.36 (compatible; Googlebot/2.1; +http://www.google.com/bot.html)"
66.249.69.39 - - [22/Dec/2024:17:21:53 +0000] "GET /?_xi=aXRpbWFnZS5uZXRzZmpr.OTBmYWpzbGZzZGxmOHNm*&srd=1109&path=https://itimage.net/product_review.php%26id=19098766036.shtml HTTP/1.1" 200 11465 "-" "Mozilla/5.0 (Linux; Android 6.0.1; Nexus 5X Build/MMB29P) AppleWebKit/537.36 (KHTML, like Gecko) Chrome/131.0.6778.85 Mobile Safari/537.36 (compatible; GoogleOther)"
85.208.96.200 - - [22/Dec/2024:17:14:37 +0000] "GET /product_details.php?pid=609 HTTP/1.1" 403 1242 "-" "Mozilla/5.0 (compatible; SemrushBot/7~bl; +http://www.semrush.com/bot.html)"
66.249.69.40 - - [22/Dec/2024:17:18:25 +0000] "GET /?_xi=aXRpbWFnZS5uZXRzZmpr.OTBmYWpzbGZzZGxmOHNm*&srd=1109&path=https://itimage.net/product_review.php%26id=27657337165.shtml HTTP/1.1" 200 11465 "-" "Mozilla/5.0 (Linux; Android 6.0.1; Nexus 5X Build/MMB29P) AppleWebKit/537.36 (KHTML, like Gecko) Chrome/131.0.6778.85 Mobile Safari/537.36 (compatible; GoogleOther)"
66.249.69.39 - - [22/Dec/2024:17:24:14 +0000] "GET /?_xi=aXRpbWFnZS5uZXRzZmpr.OTBmYWpzbGZzZGxmOHNm*&srd=1109&path=https://itimage.net/product_review.php%26id=48292371588.shtml HTTP/1.1" 200 21209 "-" "Mozilla/5.0 (Linux; Android 6.0.1; Nexus 5X Build/MMB29P) AppleWebKit/537.36 (KHTML, like Gecko) Chrome/131.0.6778.204 Mobile Safari/537.36 (compatible; Googlebot/2.1; +http://www.google.com/bot.html)"
66.249.69.38 - - [22/Dec/2024:17:25:20 +0000] "GET /?_xi=aXRpbWFnZS5uZXRzZmpr.OTBmYWpzbGZzZGxmOHNm*&srd=1109&path=https://itimage.net/product_review.php%26id=89232332364.shtml HTTP/1.1" 200 11465 "-" "Mozilla/5.0 (Linux; Android 6.0.1; Nexus 5X Build/MMB29P) AppleWebKit/537.36 (KHTML, like Gecko) Chrome/131.0.6778.85 Mobile Safari/537.36 (compatible; GoogleOther)"
35.153.183.186 - - [22/Dec/2024:17:28:48 +0000] "GET / HTTP/1.1" 200 41140 "-" "Mozilla/5.0 (X11; Linux x86_64) AppleWebKit/537.36 (KHTML, like Gecko) Chrome/58.0.3029.110 Safari/537.36"
185.191.171.9 - - [22/Dec/2024:17:14:36 +0000] "GET /robots.txt HTTP/1.1" 200 81 "-" "Mozilla/5.0 (compatible; SemrushBot/7~bl; +http://www.semrush.com/bot.html)"
66.249.69.38 - - [22/Dec/2024:17:14:57 +0000] "GET /?_xi=aXRpbWFnZS5uZXRzZmpr.OTBmYWpzbGZzZGxmOHNm*&srd=1109&path=https://itimage.net/product_review.php%26id=878881366982.shtml HTTP/1.1" 200 11465 "-" "Mozilla/5.0 (Linux; Android 6.0.1; Nexus 5X Build/MMB29P) AppleWebKit/537.36 (KHTML, like Gecko) Chrome/131.0.6778.85 Mobile Safari/537.36 (compatible; GoogleOther)"
66.249.69.40 - - [22/Dec/2024:17:32:16 +0000] "GET /?_xi=aXRpbWFnZS5uZXRzZmpr.OTBmYWpzbGZzZGxmOHNm*&srd=1109&path=https://itimage.net/product_review.php%26id=522621312066.shtml HTTP/1.1" 200 11465 "-" "Mozilla/5.0 (Linux; Android 6.0.1; Nexus 5X Build/MMB29P) AppleWebKit/537.36 (KHTML, like Gecko) Chrome/131.0.6778.85 Mobile Safari/537.36 (compatible; GoogleOther)"
66.249.69.40 - - [22/Dec/2024:17:40:58 +0000] "GET /?_xi=aXRpbWFnZS5uZXRzZmpr.OTBmYWpzbGZzZGxmOHNm*&srd=1109&path=https://itimage.net/product_review.php%26id=84118584977.shtml HTTP/1.1" 200 22985 "-" "Mozilla/5.0 (Linux; Android 6.0.1; Nexus 5X Build/MMB29P) AppleWebKit/537.36 (KHTML, like Gecko) Chrome/131.0.6778.204 Mobile Safari/537.36 (compatible; Googlebot/2.1; +http://www.google.com/bot.html)"
66.249.69.40 - - [22/Dec/2024:17:39:11 +0000] "GET /?_xi=aXRpbWFnZS5uZXRzZmpr.OTBmYWpzbGZzZGxmOHNm*&srd=1109&path=https://itimage.net/product_review.php%26id=25218241999.shtml HTTP/1.1" 200 11465 "-" "Mozilla/5.0 (Linux; Android 6.0.1; Nexus 5X Build/MMB29P) AppleWebKit/537.36 (KHTML, like Gecko) Chrome/131.0.6778.85 Mobile Safari/537.36 (compatible; GoogleOther)"
66.249.69.38 - - [22/Dec/2024:17:46:06 +0000] "GET /?_xi=aXRpbWFnZS5uZXRzZmpr.OTBmYWpzbGZzZGxmOHNm*&srd=1109&path=https://itimage.net/product_review.php%26id=991611886350.shtml HTTP/1.1" 200 11472 "-" "Mozilla/5.0 (Linux; Android 6.0.1; Nexus 5X Build/MMB29P) AppleWebKit/537.36 (KHTML, like Gecko) Chrome/131.0.6778.85 Mobile Safari/537.36 (compatible; GoogleOther)"
66.249.69.38 - - [22/Dec/2024:17:59:57 +0000] "GET /?_xi=aXRpbWFnZS5uZXRzZmpr.OTBmYWpzbGZzZGxmOHNm*&srd=1109&path=https://itimage.net/product_review.php%26id=020011621339.shtml HTTP/1.1" 200 11465 "-" "Mozilla/5.0 (Linux; Android 6.0.1; Nexus 5X Build/MMB29P) AppleWebKit/537.36 (KHTML, like Gecko) Chrome/131.0.6778.85 Mobile Safari/537.36 (compatible; GoogleOther)"
66.249.69.40 - - [22/Dec/2024:17:53:02 +0000] "GET /?_xi=aXRpbWFnZS5uZXRzZmpr.OTBmYWpzbGZzZGxmOHNm*&srd=1109&path=https://itimage.net/product_review.php%26id=781421738519.shtml HTTP/1.1" 200 11491 "-" "Mozilla/5.0 (Linux; Android 6.0.1; Nexus 5X Build/MMB29P) AppleWebKit/537.36 (KHTML, like Gecko) Chrome/131.0.6778.85 Mobile Safari/537.36 (compatible; GoogleOther)"
66.249.69.39 - - [22/Dec/2024:17:59:27 +0000] "GET /?_xi=aXRpbWFnZS5uZXRzZmpr.OTBmYWpzbGZzZGxmOHNm*&srd=1109&path=https://itimage.net/product_review.php%26id=398401395211.shtml HTTP/1.1" 200 20813 "-" "Mozilla/5.0 (Linux; Android 6.0.1; Nexus 5X Build/MMB29P) AppleWebKit/537.36 (KHTML, like Gecko) Chrome/131.0.6778.204 Mobile Safari/537.36 (compatible; Googlebot/2.1; +http://www.google.com/bot.html)"
66.249.69.38 - - [22/Dec/2024:17:59:59 +0000] "GET /wp-content/plugins/lightbox/css/frontend/colorbox-1.css HTTP/1.1" 200 21777 "https://itimage.net/?_xi=aXRpbWFnZS5uZXRzZmpr.OTBmYWpzbGZzZGxmOHNm*&srd=1109&path=https://itimage.net/product_review.php%26id=020011621339.shtml" "Mozilla/5.0 (Linux; Android 6.0.1; Nexus 5X Build/MMB29P) AppleWebKit/537.36 (KHTML, like Gecko) Chrome/131.0.6778.139 Mobile Safari/537.36 (compatible; Googlebot/2.1; +http://www.google.com/bot.html)"
66.249.69.40 - - [22/Dec/2024:18:03:21 +0000] "GET /?_xi=aXRpbWFnZS5uZXRzZmpr.OTBmYWpzbGZzZGxmOHNm*&srd=1109&path=https://itimage.net/product_review.php%26id=778471030616.shtml HTTP/1.1" 200 21440 "-" "Mozilla/5.0 (Linux; Android 6.0.1; Nexus 5X Build/MMB29P) AppleWebKit/537.36 (KHTML, like Gecko) Chrome/131.0.6778.204 Mobile Safari/537.36 (compatible; Googlebot/2.1; +http://www.google.com/bot.html)"
66.249.69.40 - - [22/Dec/2024:18:06:53 +0000] "GET /?_xi=aXRpbWFnZS5uZXRzZmpr.OTBmYWpzbGZzZGxmOHNm*&srd=1109&path=https://itimage.net/product_review.php%26id=11296370114.shtml HTTP/1.1" 200 11465 "-" "Mozilla/5.0 (Linux; Android 6.0.1; Nexus 5X Build/MMB29P) AppleWebKit/537.36 (KHTML, like Gecko) Chrome/131.0.6778.85 Mobile Safari/537.36 (compatible; GoogleOther)"
66.249.69.40 - - [22/Dec/2024:18:11:47 +0000] "GET /?_xi=aXRpbWFnZS5uZXRzZmpr.OTBmYWpzbGZzZGxmOHNm*&srd=1109&path=https://itimage.net/product_review.php%26id=004781664983.shtml HTTP/1.1" 200 22714 "-" "Mozilla/5.0 (Linux; Android 6.0.1; Nexus 5X Build/MMB29P) AppleWebKit/537.36 (KHTML, like Gecko) Chrome/131.0.6778.204 Mobile Safari/537.36 (compatible; Googlebot/2.1; +http://www.google.com/bot.html)"
66.249.69.39 - - [22/Dec/2024:18:13:48 +0000] "GET /?_xi=aXRpbWFnZS5uZXRzZmpr.OTBmYWpzbGZzZGxmOHNm*&srd=1109&path=https://itimage.net/product_review.php%26id=1829047441.shtml HTTP/1.1" 200 11465 "-" "Mozilla/5.0 (Linux; Android 6.0.1; Nexus 5X Build/MMB29P) AppleWebKit/537.36 (KHTML, like Gecko) Chrome/131.0.6778.85 Mobile Safari/537.36 (compatible; GoogleOther)"
66.249.69.39 - - [22/Dec/2024:18:08:47 +0000] "GET /17028571700.shtml HTTP/1.1" 200 11465 "-" "Mozilla/5.0 (Linux; Android 6.0.1; Nexus 5X Build/MMB29P) AppleWebKit/537.36 (KHTML, like Gecko) Chrome/131.0.6778.85 Mobile Safari/537.36 (compatible; GoogleOther)"
66.249.69.38 - - [22/Dec/2024:18:09:57 +0000] "GET /?_xi=aXRpbWFnZS5uZXRzZmpr.OTBmYWpzbGZzZGxmOHNm*&srd=1109&path=https://itimage.net/product_review.php%26id=809041017222.shtml HTTP/1.1" 200 21501 "-" "Mozilla/5.0 (Linux; Android 6.0.1; Nexus 5X Build/MMB29P) AppleWebKit/537.36 (KHTML, like Gecko) Chrome/131.0.6778.204 Mobile Safari/537.36 (compatible; Googlebot/2.1; +http://www.google.com/bot.html)"
66.249.69.40 - - [22/Dec/2024:18:10:27 +0000] "GET /?_xi=aXRpbWFnZS5uZXRzZmpr.OTBmYWpzbGZzZGxmOHNm*&srd=1109&path=https://itimage.net/product_review.php%26id=759231732278.shtml HTTP/1.1" 200 21610 "-" "Mozilla/5.0 (Linux; Android 6.0.1; Nexus 5X Build/MMB29P) AppleWebKit/537.36 (KHTML, like Gecko) Chrome/131.0.6778.204 Mobile Safari/537.36 (compatible; Googlebot/2.1; +http://www.google.com/bot.html)"
66.249.69.38 - - [22/Dec/2024:18:34:34 +0000] "GET /?_xi=aXRpbWFnZS5uZXRzZmpr.OTBmYWpzbGZzZGxmOHNm*&srd=1109&path=https://itimage.net/product_review.php%26id=076781170658.shtml HTTP/1.1" 200 11465 "-" "Mozilla/5.0 (Linux; Android 6.0.1; Nexus 5X Build/MMB29P) AppleWebKit/537.36 (KHTML, like Gecko) Chrome/131.0.6778.85 Mobile Safari/537.36 (compatible; GoogleOther)"
66.249.69.39 - - [22/Dec/2024:18:27:39 +0000] "GET /?_xi=aXRpbWFnZS5uZXRzZmpr.OTBmYWpzbGZzZGxmOHNm*&srd=1109&path=https://itimage.net/product_review.php%26id=26042753101.shtml HTTP/1.1" 200 11472 "-" "Mozilla/5.0 (Linux; Android 6.0.1; Nexus 5X Build/MMB29P) AppleWebKit/537.36 (KHTML, like Gecko) Chrome/131.0.6778.85 Mobile Safari/537.36 (compatible; GoogleOther)"
66.249.69.38 - - [22/Dec/2024:18:30:21 +0000] "GET /?_xi=aXRpbWFnZS5uZXRzZmpr.OTBmYWpzbGZzZGxmOHNm*&srd=1109&path=https://itimage.net/product_review.php%26id=88779456719.shtml HTTP/1.1" 200 21169 "-" "Mozilla/5.0 (Linux; Android 6.0.1; Nexus 5X Build/MMB29P) AppleWebKit/537.36 (KHTML, like Gecko) Chrome/131.0.6778.204 Mobile Safari/537.36 (compatible; Googlebot/2.1; +http://www.google.com/bot.html)"
66.249.69.38 - - [22/Dec/2024:18:20:43 +0000] "GET /?_xi=aXRpbWFnZS5uZXRzZmpr.OTBmYWpzbGZzZGxmOHNm*&srd=1109&path=https://itimage.net/product_review.php%26id=213871964433.shtml HTTP/1.1" 200 11465 "-" "Mozilla/5.0 (Linux; Android 6.0.1; Nexus 5X Build/MMB29P) AppleWebKit/537.36 (KHTML, like Gecko) Chrome/131.0.6778.85 Mobile Safari/537.36 (compatible; GoogleOther)"
66.249.69.40 - - [22/Dec/2024:18:25:14 +0000] "GET /?_xi=aXRpbWFnZS5uZXRzZmpr.OTBmYWpzbGZzZGxmOHNm*&srd=1109&path=https://itimage.net/product_review.php%26id=62311736275.shtml HTTP/1.1" 200 21279 "-" "Mozilla/5.0 (Linux; Android 6.0.1; Nexus 5X Build/MMB29P) AppleWebKit/537.36 (KHTML, like Gecko) Chrome/131.0.6778.204 Mobile Safari/537.36 (compatible; Googlebot/2.1; +http://www.google.com/bot.html)"
66.249.69.38 - - [22/Dec/2024:18:41:15 +0000] "GET /265681124799.shtml HTTP/1.1" 200 11465 "-" "Mozilla/5.0 (Linux; Android 6.0.1; Nexus 5X Build/MMB29P) AppleWebKit/537.36 (KHTML, like Gecko) Chrome/131.0.6778.85 Mobile Safari/537.36 (compatible; GoogleOther)"
66.249.69.38 - - [22/Dec/2024:18:45:18 +0000] "GET /?_xi=aXRpbWFnZS5uZXRzZmpr.OTBmYWpzbGZzZGxmOHNm*&srd=1109&path=https://itimage.net/product_review.php%26id=89130405562.shtml HTTP/1.1" 200 21307 "-" "Mozilla/5.0 (Linux; Android 6.0.1; Nexus 5X Build/MMB29P) AppleWebKit/537.36 (KHTML, like Gecko) Chrome/131.0.6778.204 Mobile Safari/537.36 (compatible; Googlebot/2.1; +http://www.google.com/bot.html)"
66.249.69.38 - - [22/Dec/2024:18:47:33 +0000] "GET /?_xi=aXRpbWFnZS5uZXRzZmpr.OTBmYWpzbGZzZGxmOHNm*&srd=1109&path=https://itimage.net/product_review.php%26id=785581482662.shtml HTTP/1.1" 200 21099 "-" "Mozilla/5.0 (compatible; Googlebot/2.1; +http://www.google.com/bot.html)"
66.249.69.39 - - [22/Dec/2024:18:48:09 +0000] "GET /?_xi=aXRpbWFnZS5uZXRzZmpr.OTBmYWpzbGZzZGxmOHNm*&srd=1109&path=https://itimage.net/product_review.php%26id=74093889855.shtml HTTP/1.1" 200 21071 "-" "Mozilla/5.0 (Linux; Android 6.0.1; Nexus 5X Build/MMB29P) AppleWebKit/537.36 (KHTML, like Gecko) Chrome/131.0.6778.204 Mobile Safari/537.36 (compatible; Googlebot/2.1; +http://www.google.com/bot.html)"
66.249.75.226 - - [22/Dec/2024:18:47:18 +0000] "GET /about.php?page=Fire%20Alarm%20System HTTP/1.1" 404 0 "-" "Mozilla/5.0 (Linux; Android 6.0.1; Nexus 5X Build/MMB29P) AppleWebKit/537.36 (KHTML, like Gecko) Chrome/131.0.6778.85 Mobile Safari/537.36 (compatible; Googlebot/2.1; +http://www.google.com/bot.html)"
66.249.69.38 - - [22/Dec/2024:18:58:09 +0000] "GET /?_xi=aXRpbWFnZS5uZXRzZmpr.OTBmYWpzbGZzZGxmOHNm*&srd=1109&path=https://itimage.net/product_review.php%26id=496721287200.shtml HTTP/1.1" 200 21608 "-" "Mozilla/5.0 (Linux; Android 6.0.1; Nexus 5X Build/MMB29P) AppleWebKit/537.36 (KHTML, like Gecko) Chrome/131.0.6778.204 Mobile Safari/537.36 (compatible; Googlebot/2.1; +http://www.google.com/bot.html)"
66.249.69.39 - - [22/Dec/2024:19:19:34 +0000] "GET /?_xi=aXRpbWFnZS5uZXRzZmpr.OTBmYWpzbGZzZGxmOHNm*&srd=1109&path=https://itimage.net/product_review.php%26id=32312321431.shtml HTTP/1.1" 200 11472 "-" "Mozilla/5.0 (Linux; Android 6.0.1; Nexus 5X Build/MMB29P) AppleWebKit/537.36 (KHTML, like Gecko) Chrome/131.0.6778.85 Mobile Safari/537.36 (compatible; GoogleOther)"
66.249.75.227 - - [22/Dec/2024:19:41:20 +0000] "GET /wp-content/plugins/master-slider/public/assets/css/masterslider.main.css HTTP/1.1" 200 6658 "https://www.itimage.net/301891059208.shtml" "Mozilla/5.0 (Linux; Android 6.0.1; Nexus 5X Build/MMB29P) AppleWebKit/537.36 (KHTML, like Gecko) Chrome/131.0.6778.139 Mobile Safari/537.36 (compatible; Googlebot/2.1; +http://www.google.com/bot.html)"
66.249.75.226 - - [22/Dec/2024:19:41:17 +0000] "GET /301891059208.shtml HTTP/1.1" 200 11465 "-" "Mozilla/5.0 (Linux; Android 6.0.1; Nexus 5X Build/MMB29P) AppleWebKit/537.36 (KHTML, like Gecko) Chrome/131.0.6778.85 Mobile Safari/537.36 (compatible; GoogleOther)"
66.249.69.39 - - [22/Dec/2024:19:28:18 +0000] "GET /?_xi=aXRpbWFnZS5uZXRzZmpr.OTBmYWpzbGZzZGxmOHNm*&srd=1109&path=https://itimage.net/product_review.php%26id=749101944470.shtml HTTP/1.1" 200 21877 "-" "Mozilla/5.0 (Linux; Android 6.0.1; Nexus 5X Build/MMB29P) AppleWebKit/537.36 (KHTML, like Gecko) Chrome/131.0.6778.204 Mobile Safari/537.36 (compatible; Googlebot/2.1; +http://www.google.com/bot.html)"
66.249.69.38 - - [22/Dec/2024:19:36:21 +0000] "GET /?_xi=aXRpbWFnZS5uZXRzZmpr.OTBmYWpzbGZzZGxmOHNm*&srd=1109&path=https://itimage.net/product_review.php%26id=1423441426.shtml HTTP/1.1" 200 20645 "-" "Mozilla/5.0 (Linux; Android 6.0.1; Nexus 5X Build/MMB29P) AppleWebKit/537.36 (KHTML, like Gecko) Chrome/131.0.6778.204 Mobile Safari/537.36 (compatible; Googlebot/2.1; +http://www.google.com/bot.html)"
66.249.69.38 - - [22/Dec/2024:19:44:59 +0000] "GET /?_xi=aXRpbWFnZS5uZXRzZmpr.OTBmYWpzbGZzZGxmOHNm*&srd=1109&path=https://itimage.net/product_review.php%26id=122701351681.shtml HTTP/1.1" 200 22435 "-" "Mozilla/5.0 (Linux; Android 6.0.1; Nexus 5X Build/MMB29P) AppleWebKit/537.36 (KHTML, like Gecko) Chrome/131.0.6778.204 Mobile Safari/537.36 (compatible; Googlebot/2.1; +http://www.google.com/bot.html)"
66.249.69.38 - - [22/Dec/2024:20:01:04 +0000] "GET /?_xi=aXRpbWFnZS5uZXRzZmpr.OTBmYWpzbGZzZGxmOHNm*&srd=1109&path=https://itimage.net/product_review.php%26id=1218175167.shtml HTTP/1.1" 200 21931 "-" "Mozilla/5.0 (compatible; Googlebot/2.1; +http://www.google.com/bot.html)"
66.249.69.39 - - [22/Dec/2024:20:01:22 +0000] "GET /?_xi=aXRpbWFnZS5uZXRzZmpr.OTBmYWpzbGZzZGxmOHNm*&srd=1109&path=https://itimage.net/product_review.php%26id=313991848527.shtml HTTP/1.1" 200 21718 "-" "Mozilla/5.0 (Linux; Android 6.0.1; Nexus 5X Build/MMB29P) AppleWebKit/537.36 (KHTML, like Gecko) Chrome/131.0.6778.204 Mobile Safari/537.36 (compatible; Googlebot/2.1; +http://www.google.com/bot.html)"
66.249.69.38 - - [22/Dec/2024:20:04:34 +0000] "GET /?_xi=aXRpbWFnZS5uZXRzZmpr.OTBmYWpzbGZzZGxmOHNm*&srd=1109&path=https://itimage.net/product_review.php%26id=329691681709.shtml HTTP/1.1" 200 11465 "-" "Mozilla/5.0 (Linux; Android 6.0.1; Nexus 5X Build/MMB29P) AppleWebKit/537.36 (KHTML, like Gecko) Chrome/131.0.6778.85 Mobile Safari/537.36 (compatible; GoogleOther)"
66.249.69.38 - - [22/Dec/2024:20:11:23 +0000] "GET /?_xi=aXRpbWFnZS5uZXRzZmpr.OTBmYWpzbGZzZGxmOHNm*&srd=1109&path=https://itimage.net/product_review.php%26id=078261146965.shtml HTTP/1.1" 200 23703 "-" "Mozilla/5.0 (Linux; Android 6.0.1; Nexus 5X Build/MMB29P) AppleWebKit/537.36 (KHTML, like Gecko) Chrome/131.0.6778.204 Mobile Safari/537.36 (compatible; Googlebot/2.1; +http://www.google.com/bot.html)"
66.249.69.38 - - [22/Dec/2024:20:18:50 +0000] "GET /?_xi=aXRpbWFnZS5uZXRzZmpr.OTBmYWpzbGZzZGxmOHNm*&srd=1109&path=https://itimage.net/product_review.php%26id=18976621103.shtml HTTP/1.1" 200 20467 "-" "Mozilla/5.0 (Linux; Android 6.0.1; Nexus 5X Build/MMB29P) AppleWebKit/537.36 (KHTML, like Gecko) Chrome/131.0.6778.85 Mobile Safari/537.36 (compatible; Googlebot/2.1; +http://www.google.com/bot.html)"
66.249.69.40 - - [22/Dec/2024:20:34:18 +0000] "GET /about.php?page=Woven%20Label%20Unit HTTP/1.1" 404 0 "-" "Mozilla/5.0 (Linux; Android 6.0.1; Nexus 5X Build/MMB29P) AppleWebKit/537.36 (KHTML, like Gecko) Chrome/131.0.6778.85 Mobile Safari/537.36 (compatible; Googlebot/2.1; +http://www.google.com/bot.html)"
66.249.69.39 - - [22/Dec/2024:20:29:59 +0000] "GET /?_xi=aXRpbWFnZS5uZXRzZmpr.OTBmYWpzbGZzZGxmOHNm*&srd=1109&path=https://itimage.net/product_review.php%26id=90710799756.shtml HTTP/1.1" 200 22558 "-" "Mozilla/5.0 (Linux; Android 6.0.1; Nexus 5X Build/MMB29P) AppleWebKit/537.36 (KHTML, like Gecko) Chrome/131.0.6778.204 Mobile Safari/537.36 (compatible; Googlebot/2.1; +http://www.google.com/bot.html)"
66.249.69.40 - - [22/Dec/2024:20:34:18 +0000] "GET /?_xi=aXRpbWFnZS5uZXRzZmpr.OTBmYWpzbGZzZGxmOHNm*&srd=1109&path=https://itimage.net/product_review.php%26id=44011620691.shtml HTTP/1.1" 200 11472 "-" "Mozilla/5.0 (Linux; Android 6.0.1; Nexus 5X Build/MMB29P) AppleWebKit/537.36 (KHTML, like Gecko) Chrome/131.0.6778.85 Mobile Safari/537.36 (compatible; GoogleOther)"
66.249.69.39 - - [22/Dec/2024:20:47:10 +0000] "GET /?_xi=aXRpbWFnZS5uZXRzZmpr.OTBmYWpzbGZzZGxmOHNm*&srd=1109&path=https://itimage.net/product_review.php%26id=08161810021.shtml HTTP/1.1" 200 11465 "-" "Mozilla/5.0 (Linux; Android 6.0.1; Nexus 5X Build/MMB29P) AppleWebKit/537.36 (KHTML, like Gecko) Chrome/131.0.6778.85 Mobile Safari/537.36 (compatible; GoogleOther)"
66.249.69.39 - - [22/Dec/2024:20:40:44 +0000] "GET /?_xi=aXRpbWFnZS5uZXRzZmpr.OTBmYWpzbGZzZGxmOHNm*&srd=1109&path=https://itimage.net/product_review.php%26id=915531498137.shtml HTTP/1.1" 200 11465 "-" "Mozilla/5.0 (Linux; Android 6.0.1; Nexus 5X Build/MMB29P) AppleWebKit/537.36 (KHTML, like Gecko) Chrome/131.0.6778.85 Mobile Safari/537.36 (compatible; GoogleOther)"
66.249.69.38 - - [22/Dec/2024:20:41:07 +0000] "GET /?_xi=aXRpbWFnZS5uZXRzZmpr.OTBmYWpzbGZzZGxmOHNm*&srd=1109&path=https://itimage.net/product_review.php%26id=938481209433.shtml HTTP/1.1" 200 21670 "-" "Mozilla/5.0 (Linux; Android 6.0.1; Nexus 5X Build/MMB29P) AppleWebKit/537.36 (KHTML, like Gecko) Chrome/131.0.6778.85 Mobile Safari/537.36 (compatible; Googlebot/2.1; +http://www.google.com/bot.html)"
66.249.69.38 - - [22/Dec/2024:20:48:18 +0000] "GET /?_xi=aXRpbWFnZS5uZXRzZmpr.OTBmYWpzbGZzZGxmOHNm*&srd=1109&path=https://itimage.net/product_review.php%26id=97187180931.shtml HTTP/1.1" 200 23648 "-" "Mozilla/5.0 (Linux; Android 6.0.1; Nexus 5X Build/MMB29P) AppleWebKit/537.36 (KHTML, like Gecko) Chrome/131.0.6778.204 Mobile Safari/537.36 (compatible; Googlebot/2.1; +http://www.google.com/bot.html)"
66.249.69.40 - - [22/Dec/2024:20:56:00 +0000] "GET /?_xi=aXRpbWFnZS5uZXRzZmpr.OTBmYWpzbGZzZGxmOHNm*&srd=1109&path=https://itimage.net/product_review.php%26id=84870762296.shtml HTTP/1.1" 200 11465 "-" "Mozilla/5.0 (Linux; Android 6.0.1; Nexus 5X Build/MMB29P) AppleWebKit/537.36 (KHTML, like Gecko) Chrome/131.0.6778.85 Mobile Safari/537.36 (compatible; GoogleOther)"
66.249.69.40 - - [22/Dec/2024:20:59:47 +0000] "GET /?_xi=aXRpbWFnZS5uZXRzZmpr.OTBmYWpzbGZzZGxmOHNm*&srd=1109&path=https://itimage.net/product_review.php%26id=705371369333.shtml HTTP/1.1" 200 21495 "-" "Mozilla/5.0 (Linux; Android 6.0.1; Nexus 5X Build/MMB29P) AppleWebKit/537.36 (KHTML, like Gecko) Chrome/131.0.6778.204 Mobile Safari/537.36 (compatible; Googlebot/2.1; +http://www.google.com/bot.html)"
66.249.69.38 - - [22/Dec/2024:21:06:28 +0000] "GET /?_xi=aXRpbWFnZS5uZXRzZmpr.OTBmYWpzbGZzZGxmOHNm*&srd=1109&path=https://itimage.net/product_review.php%26id=001371787256.shtml HTTP/1.1" 200 20651 "-" "Mozilla/5.0 (compatible; Googlebot/2.1; +http://www.google.com/bot.html)"
66.249.69.40 - - [22/Dec/2024:21:08:51 +0000] "GET /?_xi=aXRpbWFnZS5uZXRzZmpr.OTBmYWpzbGZzZGxmOHNm*&srd=1109&path=https://itimage.net/product_review.php%26id=935881231427.shtml HTTP/1.1" 200 11472 "-" "Mozilla/5.0 (Linux; Android 6.0.1; Nexus 5X Build/MMB29P) AppleWebKit/537.36 (KHTML, like Gecko) Chrome/131.0.6778.85 Mobile Safari/537.36 (compatible; GoogleOther)"
66.249.69.38 - - [22/Dec/2024:21:17:47 +0000] "GET /?_xi=aXRpbWFnZS5uZXRzZmpr.OTBmYWpzbGZzZGxmOHNm*&srd=1109&path=https://itimage.net/product_review.php%26id=52882938818.shtml HTTP/1.1" 200 21007 "-" "Mozilla/5.0 (Linux; Android 6.0.1; Nexus 5X Build/MMB29P) AppleWebKit/537.36 (KHTML, like Gecko) Chrome/131.0.6778.204 Mobile Safari/537.36 (compatible; Googlebot/2.1; +http://www.google.com/bot.html)"
51.222.253.12 - - [22/Dec/2024:21:21:41 +0000] "GET /robots.txt HTTP/2" 200 11465 "-" "Mozilla/5.0 (compatible; AhrefsBot/7.0; +http://ahrefs.com/robot/)"
51.222.253.18 - - [22/Dec/2024:21:21:42 +0000] "GET /about.php?page=Avtech%20IP%20Camera HTTP/2" 404 0 "-" "Mozilla/5.0 (compatible; AhrefsBot/7.0; +http://ahrefs.com/robot/)"
66.249.69.38 - - [22/Dec/2024:21:21:43 +0000] "GET /?_xi=aXRpbWFnZS5uZXRzZmpr.OTBmYWpzbGZzZGxmOHNm*&srd=1109&path=https://itimage.net/product_review.php%26id=961931271496.shtml HTTP/1.1" 200 11465 "-" "Mozilla/5.0 (Linux; Android 6.0.1; Nexus 5X Build/MMB29P) AppleWebKit/537.36 (KHTML, like Gecko) Chrome/131.0.6778.85 Mobile Safari/537.36 (compatible; GoogleOther)"
114.119.146.55 - - [22/Dec/2024:21:33:51 +0000] "GET /product_details.php?pid=611 HTTP/1.1" 403 1242 "https://www.itimage.net/about.php?page=Elastic" "Mozilla/5.0 (Linux; Android 7.0;) AppleWebKit/537.36 (KHTML, like Gecko) Mobile Safari/537.36 (compatible; PetalBot;+https://webmaster.petalsearch.com/site/petalbot)"
