66.249.72.3 - - [22/Dec/2024:18:03:21 +0000] "GET /69290390170.shtml HTTP/1.1" 200 21442 "-" "Mozilla/5.0 (Linux; Android 6.0.1; Nexus 5X Build/MMB29P) AppleWebKit/537.36 (KHTML, like Gecko) Chrome/131.0.6778.204 Mobile Safari/537.36 (compatible; Googlebot/2.1; +http://www.google.com/bot.html)"
66.249.72.4 - - [22/Dec/2024:18:40:10 +0000] "GET /87916264384.shtml HTTP/1.1" 200 22978 "-" "Mozilla/5.0 (Linux; Android 6.0.1; Nexus 5X Build/MMB29P) AppleWebKit/537.36 (KHTML, like Gecko) Chrome/131.0.6778.204 Mobile Safari/537.36 (compatible; Googlebot/2.1; +http://www.google.com/bot.html)"
52.167.144.67 - - [22/Dec/2024:18:43:44 +0000] "GET /robots.txt HTTP/1.1" 200 67 "-" "Mozilla/5.0 AppleWebKit/537.36 (KHTML, like Gecko; compatible; bingbot/2.0; +http://www.bing.com/bingbot.htm) Chrome/116.0.1938.76 Safari/537.36"
52.167.144.171 - - [22/Dec/2024:18:43:47 +0000] "GET /sitemap.xml HTTP/1.1" 200 7401 "-" "Mozilla/5.0 AppleWebKit/537.36 (KHTML, like Gecko; compatible; bingbot/2.0; +http://www.bing.com/bingbot.htm) Chrome/116.0.1938.76 Safari/537.36"
66.249.72.3 - - [22/Dec/2024:18:44:27 +0000] "GET /44114815025.shtml HTTP/1.1" 200 21372 "-" "Mozilla/5.0 (Linux; Android 6.0.1; Nexus 5X Build/MMB29P) AppleWebKit/537.36 (KHTML, like Gecko) Chrome/131.0.6778.204 Mobile Safari/537.36 (compatible; Googlebot/2.1; +http://www.google.com/bot.html)"
40.77.167.17 - - [22/Dec/2024:19:03:13 +0000] "GET /admin2015/upload/1384439675Flash-4.jpg HTTP/1.1" 200 89459 "-" "Mozilla/5.0 AppleWebKit/537.36 (KHTML, like Gecko; compatible; bingbot/2.0; +http://www.bing.com/bingbot.htm) Chrome/116.0.1938.76 Safari/537.36"
66.249.72.3 - - [22/Dec/2024:19:09:16 +0000] "GET /520671312586.shtml HTTP/1.1" 200 19998 "-" "Mozilla/5.0 (Linux; Android 6.0.1; Nexus 5X Build/MMB29P) AppleWebKit/537.36 (KHTML, like Gecko) Chrome/131.0.6778.204 Mobile Safari/537.36 (compatible; Googlebot/2.1; +http://www.google.com/bot.html)"
66.249.72.3 - - [22/Dec/2024:18:56:18 +0000] "GET /992351868312.shtml HTTP/1.1" 200 24898 "-" "Mozilla/5.0 (Linux; Android 6.0.1; Nexus 5X Build/MMB29P) AppleWebKit/537.36 (KHTML, like Gecko) Chrome/131.0.6778.204 Mobile Safari/537.36 (compatible; Googlebot/2.1; +http://www.google.com/bot.html)"
66.249.72.3 - - [22/Dec/2024:19:00:21 +0000] "GET /78859532603.shtml HTTP/1.1" 200 20861 "-" "Mozilla/5.0 (Linux; Android 6.0.1; Nexus 5X Build/MMB29P) AppleWebKit/537.36 (KHTML, like Gecko) Chrome/131.0.6778.204 Mobile Safari/537.36 (compatible; Googlebot/2.1; +http://www.google.com/bot.html)"
66.249.72.4 - - [22/Dec/2024:19:11:09 +0000] "GET /70390838148.shtml HTTP/1.1" 200 21903 "-" "Mozilla/5.0 (Linux; Android 6.0.1; Nexus 5X Build/MMB29P) AppleWebKit/537.36 (KHTML, like Gecko) Chrome/131.0.6778.204 Mobile Safari/537.36 (compatible; Googlebot/2.1; +http://www.google.com/bot.html)"
18.223.212.149 - - [22/Dec/2024:19:13:00 +0000] "HEAD /wordpress HTTP/1.1" 200 0 "-" "Mozilla/5.0 (Windows NT 10.0; Win64; x64) AppleWebKit/537.36 (KHTML, like Gecko) Chrome/74.0.3729.169 Safari/537.36"
18.223.212.149 - - [22/Dec/2024:19:13:00 +0000] "HEAD / HTTP/1.1" 200 0 "-" "Mozilla/5.0 (Windows NT 10.0; Win64; x64) AppleWebKit/537.36 (KHTML, like Gecko) Chrome/74.0.3729.169 Safari/537.36"
18.223.212.149 - - [22/Dec/2024:19:13:00 +0000] "HEAD /wp HTTP/1.1" 200 0 "-" "Mozilla/5.0 (Windows NT 10.0; Win64; x64) AppleWebKit/537.36 (KHTML, like Gecko) Chrome/74.0.3729.169 Safari/537.36"
18.223.212.149 - - [22/Dec/2024:19:13:01 +0000] "HEAD /bc HTTP/1.1" 200 0 "-" "Mozilla/5.0 (Windows NT 10.0; Win64; x64) AppleWebKit/537.36 (KHTML, like Gecko) Chrome/74.0.3729.169 Safari/537.36"
18.223.212.149 - - [22/Dec/2024:19:13:01 +0000] "HEAD /bk HTTP/1.1" 200 0 "-" "Mozilla/5.0 (Windows NT 10.0; Win64; x64) AppleWebKit/537.36 (KHTML, like Gecko) Chrome/74.0.3729.169 Safari/537.36"
18.223.212.149 - - [22/Dec/2024:19:13:02 +0000] "HEAD /backup HTTP/1.1" 200 0 "-" "Mozilla/5.0 (Windows NT 10.0; Win64; x64) AppleWebKit/537.36 (KHTML, like Gecko) Chrome/74.0.3729.169 Safari/537.36"
18.223.212.149 - - [22/Dec/2024:19:13:02 +0000] "HEAD /old HTTP/1.1" 200 0 "-" "Mozilla/5.0 (Windows NT 10.0; Win64; x64) AppleWebKit/537.36 (KHTML, like Gecko) Chrome/74.0.3729.169 Safari/537.36"
18.223.212.149 - - [22/Dec/2024:19:13:02 +0000] "HEAD /new HTTP/1.1" 200 0 "-" "Mozilla/5.0 (Windows NT 10.0; Win64; x64) AppleWebKit/537.36 (KHTML, like Gecko) Chrome/74.0.3729.169 Safari/537.36"
18.223.212.149 - - [22/Dec/2024:19:13:03 +0000] "HEAD /main HTTP/1.1" 200 0 "-" "Mozilla/5.0 (Windows NT 10.0; Win64; x64) AppleWebKit/537.36 (KHTML, like Gecko) Chrome/74.0.3729.169 Safari/537.36"
18.223.212.149 - - [22/Dec/2024:19:13:03 +0000] "HEAD /home HTTP/1.1" 200 0 "-" "Mozilla/5.0 (Windows NT 10.0; Win64; x64) AppleWebKit/537.36 (KHTML, like Gecko) Chrome/74.0.3729.169 Safari/537.36"
66.249.72.3 - - [22/Dec/2024:19:16:17 +0000] "GET /184771895488.shtml HTTP/1.1" 200 21543 "-" "Mozilla/5.0 (Linux; Android 6.0.1; Nexus 5X Build/MMB29P) AppleWebKit/537.36 (KHTML, like Gecko) Chrome/131.0.6778.204 Mobile Safari/537.36 (compatible; Googlebot/2.1; +http://www.google.com/bot.html)"
66.249.72.4 - - [22/Dec/2024:19:12:48 +0000] "GET /188501883032.shtml HTTP/1.1" 200 22426 "-" "Mozilla/5.0 (Linux; Android 6.0.1; Nexus 5X Build/MMB29P) AppleWebKit/537.36 (KHTML, like Gecko) Chrome/131.0.6778.204 Mobile Safari/537.36 (compatible; Googlebot/2.1; +http://www.google.com/bot.html)"
66.249.72.4 - - [22/Dec/2024:19:32:27 +0000] "GET /509231140892.shtml HTTP/1.1" 200 19928 "-" "Mozilla/5.0 (Linux; Android 6.0.1; Nexus 5X Build/MMB29P) AppleWebKit/537.36 (KHTML, like Gecko) Chrome/131.0.6778.204 Mobile Safari/537.36 (compatible; Googlebot/2.1; +http://www.google.com/bot.html)"
66.249.72.4 - - [22/Dec/2024:19:33:23 +0000] "GET /07531264315.shtml HTTP/1.1" 200 24965 "-" "Mozilla/5.0 (Linux; Android 6.0.1; Nexus 5X Build/MMB29P) AppleWebKit/537.36 (KHTML, like Gecko) Chrome/131.0.6778.204 Mobile Safari/537.36 (compatible; Googlebot/2.1; +http://www.google.com/bot.html)"
66.249.72.3 - - [22/Dec/2024:19:34:05 +0000] "GET /295391751754.shtml HTTP/1.1" 200 21492 "-" "Mozilla/5.0 (Linux; Android 6.0.1; Nexus 5X Build/MMB29P) AppleWebKit/537.36 (KHTML, like Gecko) Chrome/131.0.6778.204 Mobile Safari/537.36 (compatible; Googlebot/2.1; +http://www.google.com/bot.html)"
66.249.72.4 - - [22/Dec/2024:19:29:48 +0000] "GET /149781600610.shtml HTTP/1.1" 200 22200 "-" "Mozilla/5.0 (Linux; Android 6.0.1; Nexus 5X Build/MMB29P) AppleWebKit/537.36 (KHTML, like Gecko) Chrome/131.0.6778.204 Mobile Safari/537.36 (compatible; Googlebot/2.1; +http://www.google.com/bot.html)"
66.249.72.4 - - [22/Dec/2024:19:31:59 +0000] "GET /120791161214.shtml HTTP/1.1" 200 20911 "-" "Mozilla/5.0 (Linux; Android 6.0.1; Nexus 5X Build/MMB29P) AppleWebKit/537.36 (KHTML, like Gecko) Chrome/131.0.6778.204 Mobile Safari/537.36 (compatible; Googlebot/2.1; +http://www.google.com/bot.html)"
66.249.72.5 - - [22/Dec/2024:19:36:15 +0000] "GET /53377264311.shtml HTTP/1.1" 200 24090 "-" "Mozilla/5.0 (Linux; Android 6.0.1; Nexus 5X Build/MMB29P) AppleWebKit/537.36 (KHTML, like Gecko) Chrome/131.0.6778.204 Mobile Safari/537.36 (compatible; Googlebot/2.1; +http://www.google.com/bot.html)"
66.249.72.4 - - [22/Dec/2024:19:43:58 +0000] "GET /45853163521.shtml HTTP/1.1" 200 22366 "-" "Mozilla/5.0 (Linux; Android 6.0.1; Nexus 5X Build/MMB29P) AppleWebKit/537.36 (KHTML, like Gecko) Chrome/131.0.6778.204 Mobile Safari/537.36 (compatible; Googlebot/2.1; +http://www.google.com/bot.html)"
66.249.72.4 - - [22/Dec/2024:19:39:48 +0000] "GET /113281446437.shtml HTTP/1.1" 200 21846 "-" "Mozilla/5.0 (Linux; Android 6.0.1; Nexus 5X Build/MMB29P) AppleWebKit/537.36 (KHTML, like Gecko) Chrome/131.0.6778.204 Mobile Safari/537.36 (compatible; Googlebot/2.1; +http://www.google.com/bot.html)"
66.249.72.4 - - [22/Dec/2024:19:46:27 +0000] "GET /566321388272.shtml HTTP/1.1" 200 21735 "-" "Mozilla/5.0 (Linux; Android 6.0.1; Nexus 5X Build/MMB29P) AppleWebKit/537.36 (KHTML, like Gecko) Chrome/131.0.6778.204 Mobile Safari/537.36 (compatible; Googlebot/2.1; +http://www.google.com/bot.html)"
66.249.72.4 - - [22/Dec/2024:19:53:21 +0000] "GET /117141405793.shtml HTTP/1.1" 200 21011 "-" "Mozilla/5.0 (Linux; Android 6.0.1; Nexus 5X Build/MMB29P) AppleWebKit/537.36 (KHTML, like Gecko) Chrome/131.0.6778.204 Mobile Safari/537.36 (compatible; Googlebot/2.1; +http://www.google.com/bot.html)"
170.10.163.183 - - [22/Dec/2024:19:58:54 +0000] "GET /.well-known/acme-challenge/2PTE_EPTOW5E0ZH-BMV23YHO359A1-2P HTTP/1.1" 200 64 "-" "Cpanel-HTTP-Client/1.0"
170.10.163.183 - - [22/Dec/2024:19:58:55 +0000] "GET /.well-known/acme-challenge/8Q9ERZY5NTELEM3XR_D2P3SFXOS90SX0 HTTP/1.1" 200 64 "-" "Cpanel-HTTP-Client/1.0"
170.10.163.183 - - [22/Dec/2024:19:58:55 +0000] "GET /.well-known/acme-challenge/KASJAWU4DE1LNIHWCJVIE0LRVH--8EKD HTTP/1.1" 200 64 "-" "Cpanel-HTTP-Client/1.0"
170.10.163.183 - - [22/Dec/2024:19:58:55 +0000] "GET /.well-known/acme-challenge/CTU6Q82VY2M56SZP1FM7E-TAAARHO-WZ HTTP/1.1" 200 64 "-" "Cpanel-HTTP-Client/1.0"
114.119.153.172 - - [22/Dec/2024:19:55:46 +0000] "GET /index_pages.php?id=Heat%20Transfer%20Labels HTTP/1.1" 200 2886 "http://www.britanniabd.com/index_pages.php?id=Twill%20Tape" "Mozilla/5.0 (Linux; Android 7.0;) AppleWebKit/537.36 (KHTML, like Gecko) Mobile Safari/537.36 (compatible; PetalBot;+https://webmaster.petalsearch.com/site/petalbot)"
170.10.163.183 - - [22/Dec/2024:19:58:55 +0000] "GET /.well-known/acme-challenge/XS6BTFF-YA2REFKG_7GRLEIRRN9N8UAO HTTP/1.1" 200 64 "-" "Cpanel-HTTP-Client/1.0"
170.10.163.183 - - [22/Dec/2024:19:58:55 +0000] "GET /.well-known/acme-challenge/1RCU0O9VX8X2H41S81LD0QE4O2EF-SAU HTTP/1.1" 200 64 "-" "Cpanel-HTTP-Client/1.0"
170.10.163.183 - - [22/Dec/2024:19:58:55 +0000] "GET /.well-known/acme-challenge/6839DNT5LXKTE502ZTEHEMI_H3-9BXBG HTTP/1.1" 200 64 "-" "Cpanel-HTTP-Client/1.0"
66.249.72.3 - - [22/Dec/2024:19:46:09 +0000] "GET /27238646132.shtml HTTP/1.1" 200 23602 "-" "Mozilla/5.0 (Linux; Android 6.0.1; Nexus 5X Build/MMB29P) AppleWebKit/537.36 (KHTML, like Gecko) Chrome/131.0.6778.204 Mobile Safari/537.36 (compatible; Googlebot/2.1; +http://www.google.com/bot.html)"
124.156.157.91 - - [22/Dec/2024:19:55:50 +0000] "GET / HTTP/1.1" 200 2880 "-" "Mozilla/5.0 (iPhone; CPU iPhone OS 13_2_3 like Mac OS X) AppleWebKit/605.1.15 (KHTML, like Gecko) Version/13.0.3 Mobile/15E148 Safari/604.1"
66.249.72.5 - - [22/Dec/2024:19:57:58 +0000] "GET /88507388532.shtml HTTP/1.1" 200 20600 "-" "Mozilla/5.0 (Linux; Android 6.0.1; Nexus 5X Build/MMB29P) AppleWebKit/537.36 (KHTML, like Gecko) Chrome/131.0.6778.204 Mobile Safari/537.36 (compatible; Googlebot/2.1; +http://www.google.com/bot.html)"
170.10.163.183 - - [22/Dec/2024:19:58:49 +0000] "GET /.well-known/acme-challenge/EAQGKL5IVD7IF3LVSXC67_6LPD952BZ5 HTTP/1.1" 200 64 "-" "Cpanel-HTTP-Client/1.0"
170.10.163.183 - - [22/Dec/2024:19:58:55 +0000] "GET /.well-known/acme-challenge/DJMC8WRUZRLNO7VYUI8NARN8AQRFXULQ HTTP/1.1" 200 64 "-" "Cpanel-HTTP-Client/1.0"
35.237.72.210 - - [22/Dec/2024:20:12:50 +0000] "GET /index_pages.php?id=Hangtag HTTP/1.0" 200 2886 "-" "ZoominfoBot (zoominfobot at zoominfo dot com)"
66.249.72.5 - - [22/Dec/2024:20:11:15 +0000] "GET /214221000527.shtml HTTP/1.1" 200 22556 "-" "Mozilla/5.0 (Linux; Android 6.0.1; Nexus 5X Build/MMB29P) AppleWebKit/537.36 (KHTML, like Gecko) Chrome/131.0.6778.204 Mobile Safari/537.36 (compatible; Googlebot/2.1; +http://www.google.com/bot.html)"
66.249.72.3 - - [22/Dec/2024:20:11:27 +0000] "GET /680951999362.shtml HTTP/1.1" 200 22395 "-" "Mozilla/5.0 (Linux; Android 6.0.1; Nexus 5X Build/MMB29P) AppleWebKit/537.36 (KHTML, like Gecko) Chrome/131.0.6778.204 Mobile Safari/537.36 (compatible; Googlebot/2.1; +http://www.google.com/bot.html)"
35.237.72.210 - - [22/Dec/2024:20:12:50 +0000] "GET /robots.txt HTTP/1.0" 200 89 "-" "ZoominfoBot (zoominfobot at zoominfo dot com)"
66.249.72.3 - - [22/Dec/2024:20:06:47 +0000] "GET /205121428916.shtml HTTP/1.1" 200 21498 "-" "Mozilla/5.0 (Linux; Android 6.0.1; Nexus 5X Build/MMB29P) AppleWebKit/537.36 (KHTML, like Gecko) Chrome/131.0.6778.204 Mobile Safari/537.36 (compatible; Googlebot/2.1; +http://www.google.com/bot.html)"
66.249.72.3 - - [22/Dec/2024:20:06:58 +0000] "GET /30313875991.shtml HTTP/1.1" 200 22790 "-" "Mozilla/5.0 (Linux; Android 6.0.1; Nexus 5X Build/MMB29P) AppleWebKit/537.36 (KHTML, like Gecko) Chrome/131.0.6778.204 Mobile Safari/537.36 (compatible; Googlebot/2.1; +http://www.google.com/bot.html)"
66.249.72.3 - - [22/Dec/2024:20:19:47 +0000] "GET /29553122399.shtml HTTP/1.1" 200 20713 "-" "Mozilla/5.0 (Linux; Android 6.0.1; Nexus 5X Build/MMB29P) AppleWebKit/537.36 (KHTML, like Gecko) Chrome/131.0.6778.204 Mobile Safari/537.36 (compatible; Googlebot/2.1; +http://www.google.com/bot.html)"
35.237.72.210 - - [22/Dec/2024:20:27:11 +0000] "GET /robots.txt HTTP/1.0" 200 85 "-" "ZoominfoBot (zoominfobot at zoominfo dot com)"
52.167.144.22 - - [22/Dec/2024:20:25:33 +0000] "GET /index_pages.php?id=heat%20transfer%20labels HTTP/1.1" 200 2544 "-" "Mozilla/5.0 AppleWebKit/537.36 (KHTML, like Gecko; compatible; bingbot/2.0; +http://www.bing.com/bingbot.htm) Chrome/116.0.1938.76 Safari/537.36"
66.249.72.5 - - [22/Dec/2024:20:20:09 +0000] "GET /67114873190.shtml HTTP/1.1" 200 22175 "-" "Mozilla/5.0 (Linux; Android 6.0.1; Nexus 5X Build/MMB29P) AppleWebKit/537.36 (KHTML, like Gecko) Chrome/131.0.6778.204 Mobile Safari/537.36 (compatible; Googlebot/2.1; +http://www.google.com/bot.html)"
66.249.72.3 - - [22/Dec/2024:20:20:58 +0000] "GET /778191315387.shtml HTTP/1.1" 200 21596 "-" "Mozilla/5.0 (Linux; Android 6.0.1; Nexus 5X Build/MMB29P) AppleWebKit/537.36 (KHTML, like Gecko) Chrome/131.0.6778.204 Mobile Safari/537.36 (compatible; Googlebot/2.1; +http://www.google.com/bot.html)"
35.237.72.210 - - [22/Dec/2024:20:27:11 +0000] "GET /index_pages.php?id=Company%20Profile HTTP/1.0" 200 2880 "-" "ZoominfoBot (zoominfobot at zoominfo dot com)"
35.237.72.210 - - [22/Dec/2024:20:32:27 +0000] "GET /index_pages.php?id=Company%20Profile HTTP/1.0" 200 2880 "-" "ZoominfoBot (zoominfobot at zoominfo dot com)"
35.237.72.210 - - [22/Dec/2024:20:50:16 +0000] "GET /index_pages.php?id=Rubber%20and%20Leather%20Patch HTTP/1.0" 200 2886 "-" "ZoominfoBot (zoominfobot at zoominfo dot com)"
35.237.72.210 - - [22/Dec/2024:20:47:17 +0000] "GET /index_contact.php?id=Contact%20Us HTTP/1.0" 403 1242 "-" "ZoominfoBot (zoominfobot at zoominfo dot com)"
66.249.72.4 - - [22/Dec/2024:20:58:24 +0000] "GET /88308452537.shtml HTTP/1.1" 200 20435 "-" "Mozilla/5.0 (Linux; Android 6.0.1; Nexus 5X Build/MMB29P) AppleWebKit/537.36 (KHTML, like Gecko) Chrome/131.0.6778.204 Mobile Safari/537.36 (compatible; Googlebot/2.1; +http://www.google.com/bot.html)"
66.249.72.3 - - [22/Dec/2024:21:00:11 +0000] "GET /007271981841.shtml HTTP/1.1" 200 22657 "-" "Mozilla/5.0 (Linux; Android 6.0.1; Nexus 5X Build/MMB29P) AppleWebKit/537.36 (KHTML, like Gecko) Chrome/131.0.6778.204 Mobile Safari/537.36 (compatible; Googlebot/2.1; +http://www.google.com/bot.html)"
66.249.72.3 - - [22/Dec/2024:21:03:17 +0000] "GET /524971831483.shtml HTTP/1.1" 200 19640 "-" "Mozilla/5.0 (Linux; Android 6.0.1; Nexus 5X Build/MMB29P) AppleWebKit/537.36 (KHTML, like Gecko) Chrome/131.0.6778.204 Mobile Safari/537.36 (compatible; Googlebot/2.1; +http://www.google.com/bot.html)"
66.249.72.3 - - [22/Dec/2024:21:16:28 +0000] "GET /257501865511.shtml HTTP/1.1" 200 21409 "-" "Mozilla/5.0 (Linux; Android 6.0.1; Nexus 5X Build/MMB29P) AppleWebKit/537.36 (KHTML, like Gecko) Chrome/131.0.6778.204 Mobile Safari/537.36 (compatible; Googlebot/2.1; +http://www.google.com/bot.html)"
66.249.72.3 - - [22/Dec/2024:21:18:27 +0000] "GET /09921734394.shtml HTTP/1.1" 200 21510 "-" "Mozilla/5.0 (Linux; Android 6.0.1; Nexus 5X Build/MMB29P) AppleWebKit/537.36 (KHTML, like Gecko) Chrome/131.0.6778.204 Mobile Safari/537.36 (compatible; Googlebot/2.1; +http://www.google.com/bot.html)"
66.249.72.4 - - [22/Dec/2024:21:23:10 +0000] "GET /4404037843.shtml HTTP/1.1" 200 20596 "-" "Mozilla/5.0 (Linux; Android 6.0.1; Nexus 5X Build/MMB29P) AppleWebKit/537.36 (KHTML, like Gecko) Chrome/131.0.6778.204 Mobile Safari/537.36 (compatible; Googlebot/2.1; +http://www.google.com/bot.html)"
66.249.72.5 - - [22/Dec/2024:21:10:47 +0000] "GET /96790209537.shtml HTTP/1.1" 200 23707 "-" "Mozilla/5.0 (Linux; Android 6.0.1; Nexus 5X Build/MMB29P) AppleWebKit/537.36 (KHTML, like Gecko) Chrome/131.0.6778.204 Mobile Safari/537.36 (compatible; Googlebot/2.1; +http://www.google.com/bot.html)"
66.249.72.5 - - [22/Dec/2024:21:25:59 +0000] "GET /98507206736.shtml HTTP/1.1" 200 21470 "-" "Mozilla/5.0 (Linux; Android 6.0.1; Nexus 5X Build/MMB29P) AppleWebKit/537.36 (KHTML, like Gecko) Chrome/131.0.6778.204 Mobile Safari/537.36 (compatible; Googlebot/2.1; +http://www.google.com/bot.html)"
66.249.72.5 - - [22/Dec/2024:21:40:21 +0000] "GET /347691693817.shtml HTTP/1.1" 200 19402 "-" "Mozilla/5.0 (Linux; Android 6.0.1; Nexus 5X Build/MMB29P) AppleWebKit/537.36 (KHTML, like Gecko) Chrome/131.0.6778.204 Mobile Safari/537.36 (compatible; Googlebot/2.1; +http://www.google.com/bot.html)"
66.249.72.3 - - [22/Dec/2024:21:30:09 +0000] "GET /884841597809.shtml HTTP/1.1" 200 22203 "-" "Mozilla/5.0 (Linux; Android 6.0.1; Nexus 5X Build/MMB29P) AppleWebKit/537.36 (KHTML, like Gecko) Chrome/131.0.6778.204 Mobile Safari/537.36 (compatible; Googlebot/2.1; +http://www.google.com/bot.html)"
35.237.72.210 - - [22/Dec/2024:21:40:55 +0000] "GET /index_pages.php?id=Management HTTP/1.0" 200 2886 "-" "ZoominfoBot (zoominfobot at zoominfo dot com)"
66.249.72.5 - - [22/Dec/2024:21:53:18 +0000] "GET /88727308803.shtml HTTP/1.1" 200 21594 "-" "Mozilla/5.0 (Linux; Android 6.0.1; Nexus 5X Build/MMB29P) AppleWebKit/537.36 (KHTML, like Gecko) Chrome/131.0.6778.204 Mobile Safari/537.36 (compatible; Googlebot/2.1; +http://www.google.com/bot.html)"
66.249.72.5 - - [22/Dec/2024:21:57:42 +0000] "GET /28696235714.shtml HTTP/1.1" 200 24930 "-" "Mozilla/5.0 (Linux; Android 6.0.1; Nexus 5X Build/MMB29P) AppleWebKit/537.36 (KHTML, like Gecko) Chrome/131.0.6778.85 Mobile Safari/537.36 (compatible; Googlebot/2.1; +http://www.google.com/bot.html)"
66.249.72.5 - - [22/Dec/2024:21:56:00 +0000] "GET /26217947744.shtml HTTP/1.1" 200 23850 "-" "Mozilla/5.0 (Linux; Android 6.0.1; Nexus 5X Build/MMB29P) AppleWebKit/537.36 (KHTML, like Gecko) Chrome/131.0.6778.204 Mobile Safari/537.36 (compatible; Googlebot/2.1; +http://www.google.com/bot.html)"
66.249.72.4 - - [22/Dec/2024:21:52:01 +0000] "GET /412141330107.shtml HTTP/1.1" 200 25133 "-" "Mozilla/5.0 (Linux; Android 6.0.1; Nexus 5X Build/MMB29P) AppleWebKit/537.36 (KHTML, like Gecko) Chrome/131.0.6778.204 Mobile Safari/537.36 (compatible; Googlebot/2.1; +http://www.google.com/bot.html)"
66.249.72.3 - - [22/Dec/2024:22:04:15 +0000] "GET /305721387059.shtml HTTP/1.1" 200 21404 "-" "Mozilla/5.0 (Linux; Android 6.0.1; Nexus 5X Build/MMB29P) AppleWebKit/537.36 (KHTML, like Gecko) Chrome/131.0.6778.204 Mobile Safari/537.36 (compatible; Googlebot/2.1; +http://www.google.com/bot.html)"
35.237.72.210 - - [22/Dec/2024:22:04:37 +0000] "GET /index_pages.php?id=Our%20Product HTTP/1.0" 200 2880 "-" "ZoominfoBot (zoominfobot at zoominfo dot com)"
66.249.72.4 - - [22/Dec/2024:22:09:09 +0000] "GET /10700121209.shtml HTTP/1.1" 200 21119 "-" "Mozilla/5.0 (Linux; Android 6.0.1; Nexus 5X Build/MMB29P) AppleWebKit/537.36 (KHTML, like Gecko) Chrome/131.0.6778.204 Mobile Safari/537.36 (compatible; Googlebot/2.1; +http://www.google.com/bot.html)"
35.237.72.210 - - [22/Dec/2024:22:15:16 +0000] "GET /index_pages.php?id=Heat%20Transfer%20Labels HTTP/1.0" 200 2886 "-" "ZoominfoBot (zoominfobot at zoominfo dot com)"
35.237.72.210 - - [22/Dec/2024:22:15:52 +0000] "GET /index_pages.php?id=Hangtag HTTP/1.0" 200 2886 "-" "ZoominfoBot (zoominfobot at zoominfo dot com)"
35.237.72.210 - - [22/Dec/2024:21:59:50 +0000] "GET /index_pages.php?id=Management HTTP/1.0" 200 2886 "-" "ZoominfoBot (zoominfobot at zoominfo dot com)"
35.237.72.210 - - [22/Dec/2024:22:01:16 +0000] "GET /index_pages.php?id=Woven%20Label HTTP/1.0" 200 2880 "-" "ZoominfoBot (zoominfobot at zoominfo dot com)"
35.237.72.210 - - [22/Dec/2024:22:19:15 +0000] "GET /index_pages.php?id=Our%20Service HTTP/1.0" 200 2886 "-" "ZoominfoBot (zoominfobot at zoominfo dot com)"
66.249.72.3 - - [22/Dec/2024:22:19:00 +0000] "GET /087231180283.shtml HTTP/1.1" 200 20069 "-" "Mozilla/5.0 (Linux; Android 6.0.1; Nexus 5X Build/MMB29P) AppleWebKit/537.36 (KHTML, like Gecko) Chrome/131.0.6778.204 Mobile Safari/537.36 (compatible; Googlebot/2.1; +http://www.google.com/bot.html)"
35.237.72.210 - - [22/Dec/2024:22:17:38 +0000] "GET /index_pages.php?id=Commitment HTTP/1.0" 200 2880 "-" "ZoominfoBot (zoominfobot at zoominfo dot com)"
91.242.228.46 - - [22/Dec/2024:22:36:44 +0000] "GET /index_contact.php?id=Contact+Us HTTP/1.1" 403 1242 "-" "Mozilla/5.0 (X11; Linux x86_64) AppleWebKit/537.36 (KHTML, like Gecko) Chrome/114.0.0.0 Safari/537.36"
185.77.220.40 - - [22/Dec/2024:22:36:52 +0000] "GET /index_contact.php?id=Contact%20Us HTTP/1.1" 403 1242 "http://britanniabd.com/index_contact.php?id=Contact+Us" "Mozilla/5.0 (X11; Linux x86_64) AppleWebKit/537.36 (KHTML, like Gecko) Chrome/114.0.0.0 Safari/537.36"
87.121.86.59 - - [22/Dec/2024:22:36:05 +0000] "POST / HTTP/1.1" 200 2886 "-" "Mozilla/5.0 (X11; Linux x86_64) AppleWebKit/537.36 (KHTML, like Gecko) Chrome/81.0.4044.129 Safari/537.36"
45.132.185.229 - - [22/Dec/2024:22:36:43 +0000] "GET /index_contact.php?id=Contact+Us HTTP/1.1" 403 1242 "-" "Mozilla/5.0 (X11; Linux x86_64) AppleWebKit/537.36 (KHTML, like Gecko) Chrome/114.0.0.0 Safari/537.36"
193.233.83.156 - - [22/Dec/2024:22:36:45 +0000] "GET /index_contact.php?id=Contact+Us HTTP/1.1" 403 1242 "-" "Mozilla/5.0 (X11; Linux x86_64) AppleWebKit/537.36 (KHTML, like Gecko) Chrome/114.0.0.0 Safari/537.36"
194.104.9.25 - - [22/Dec/2024:22:36:47 +0000] "GET / HTTP/1.1" 200 2544 "-" "Mozilla/5.0 (X11; Linux x86_64) AppleWebKit/537.36 (KHTML, like Gecko) Chrome/114.0.0.0 Safari/537.36"
94.154.127.250 - - [22/Dec/2024:22:36:49 +0000] "GET /index_contact.php?id=Contact%20Us HTTP/1.1" 403 1242 "http://britanniabd.com/index_contact.php?id=Contact+Us" "Mozilla/5.0 (X11; Linux x86_64) AppleWebKit/537.36 (KHTML, like Gecko) Chrome/114.0.0.0 Safari/537.36"
193.93.193.169 - - [22/Dec/2024:22:36:50 +0000] "GET /index_contact.php?id=Contact%20Us HTTP/1.1" 403 1242 "http://britanniabd.com/index_contact.php?id=Contact+Us" "Mozilla/5.0 (X11; Linux x86_64) AppleWebKit/537.36 (KHTML, like Gecko) Chrome/114.0.0.0 Safari/537.36"
35.237.72.210 - - [22/Dec/2024:22:34:21 +0000] "GET /index_pages.php?id=Printed%20Label HTTP/1.0" 200 2886 "-" "ZoominfoBot (zoominfobot at zoominfo dot com)"
35.237.72.210 - - [22/Dec/2024:22:35:58 +0000] "GET /index_pages.php?id=About HTTP/1.0" 200 2886 "-" "ZoominfoBot (zoominfobot at zoominfo dot com)"
87.121.86.59 - - [22/Dec/2024:22:36:04 +0000] "GET /.env HTTP/1.1" 200 2880 "-" "Mozilla/5.0 (X11; Linux x86_64) AppleWebKit/537.36 (KHTML, like Gecko) Chrome/81.0.4044.129 Safari/537.36"
194.104.9.25 - - [22/Dec/2024:22:36:46 +0000] "GET /index_contact.php?id=Contact+Us HTTP/1.1" 403 1242 "-" "Mozilla/5.0 (X11; Linux x86_64) AppleWebKit/537.36 (KHTML, like Gecko) Chrome/114.0.0.0 Safari/537.36"
45.80.106.90 - - [22/Dec/2024:22:36:51 +0000] "GET /index_contact.php?id=Contact%20Us HTTP/1.1" 403 1242 "http://britanniabd.com/index_contact.php?id=Contact+Us" "Mozilla/5.0 (X11; Linux x86_64) AppleWebKit/537.36 (KHTML, like Gecko) Chrome/114.0.0.0 Safari/537.36"
66.249.72.3 - - [22/Dec/2024:22:39:01 +0000] "GET /720921619029.shtml HTTP/1.1" 200 20845 "-" "Mozilla/5.0 (Linux; Android 6.0.1; Nexus 5X Build/MMB29P) AppleWebKit/537.36 (KHTML, like Gecko) Chrome/131.0.6778.204 Mobile Safari/537.36 (compatible; Googlebot/2.1; +http://www.google.com/bot.html)"
170.10.163.183 - - [22/Dec/2024:22:58:51 +0000] "GET /.well-known/acme-challenge/DH28S3S2RF0UYTD1DA6N2ZW7-E2E0WDW HTTP/1.1" 200 64 "-" "Cpanel-HTTP-Client/1.0"
170.10.163.183 - - [22/Dec/2024:22:58:56 +0000] "GET /.well-known/acme-challenge/WJHGMW34BBUCM76B_O34HMYHYSDJUMEK HTTP/1.1" 200 64 "-" "Cpanel-HTTP-Client/1.0"
170.10.163.183 - - [22/Dec/2024:22:58:57 +0000] "GET /.well-known/acme-challenge/J2VJLL7ROKMXCTCILVM2CHMTDC2S69AP HTTP/1.1" 200 64 "-" "Cpanel-HTTP-Client/1.0"
170.10.163.183 - - [22/Dec/2024:22:58:57 +0000] "GET /.well-known/acme-challenge/KH_BX5KE9_WKSJT44DBKYKKOFBAR97AC HTTP/1.1" 200 64 "-" "Cpanel-HTTP-Client/1.0"
66.249.72.4 - - [22/Dec/2024:22:59:06 +0000] "GET /40826224257.shtml HTTP/1.1" 200 20803 "-" "Mozilla/5.0 (Linux; Android 6.0.1; Nexus 5X Build/MMB29P) AppleWebKit/537.36 (KHTML, like Gecko) Chrome/131.0.6778.204 Mobile Safari/537.36 (compatible; Googlebot/2.1; +http://www.google.com/bot.html)"
66.249.72.3 - - [22/Dec/2024:23:00:48 +0000] "GET /104121923676.shtml HTTP/1.1" 200 21727 "-" "Mozilla/5.0 (Linux; Android 6.0.1; Nexus 5X Build/MMB29P) AppleWebKit/537.36 (KHTML, like Gecko) Chrome/131.0.6778.204 Mobile Safari/537.36 (compatible; Googlebot/2.1; +http://www.google.com/bot.html)"
5.252.162.219 - - [22/Dec/2024:23:01:24 +0000] "GET /index_contact.php?id=Contact%20Us HTTP/1.1" 403 1242 "http://britanniabd.com/index_contact.php?id=Contact%20Us%09%092024-06-18+20:55%09Ready+contact+form+successfully+found+/+Requires+captcha+input%09http://britanniabd.com%09%09%09%09%09" "Mozilla/5.0 (X11; Linux x86_64) AppleWebKit/537.36 (KHTML, like Gecko) Chrome/114.0.0.0 Safari/537.36"
52.167.144.173 - - [22/Dec/2024:22:50:16 +0000] "GET /index_pages.php?id=our%20bank HTTP/1.1" 200 2544 "-" "Mozilla/5.0 AppleWebKit/537.36 (KHTML, like Gecko; compatible; bingbot/2.0; +http://www.bing.com/bingbot.htm) Chrome/116.0.1938.76 Safari/537.36"
35.237.72.210 - - [22/Dec/2024:22:55:00 +0000] "GET /index_pages.php?id=About HTTP/1.0" 200 2880 "-" "ZoominfoBot (zoominfobot at zoominfo dot com)"
66.249.72.3 - - [22/Dec/2024:23:05:22 +0000] "GET /885991958689.shtml HTTP/1.1" 200 21393 "-" "Mozilla/5.0 (Linux; Android 6.0.1; Nexus 5X Build/MMB29P) AppleWebKit/537.36 (KHTML, like Gecko) Chrome/131.0.6778.85 Mobile Safari/537.36 (compatible; Googlebot/2.1; +http://www.google.com/bot.html)"
35.237.72.210 - - [22/Dec/2024:22:55:51 +0000] "GET /index_pages.php?id=Our%20Product HTTP/1.0" 200 2886 "-" "ZoominfoBot (zoominfobot at zoominfo dot com)"
170.10.163.183 - - [22/Dec/2024:22:58:56 +0000] "GET /.well-known/acme-challenge/O6NA_L0JS78V4HJ6SNY4A81BC3CRT8FK HTTP/1.1" 200 64 "-" "Cpanel-HTTP-Client/1.0"
170.10.163.183 - - [22/Dec/2024:22:58:56 +0000] "GET /.well-known/acme-challenge/02L5XFVR2K14W9GRX3I86M30KD9KQXST HTTP/1.1" 200 64 "-" "Cpanel-HTTP-Client/1.0"
170.10.163.183 - - [22/Dec/2024:22:58:56 +0000] "GET /.well-known/acme-challenge/CG0S90XTDLVGGK18DLBV3M6GI68E7YE- HTTP/1.1" 200 64 "-" "Cpanel-HTTP-Client/1.0"
170.10.163.183 - - [22/Dec/2024:22:58:56 +0000] "GET /.well-known/acme-challenge/E34TMC9-K1VLN8AVNR0E5LDPNE_BFNSR HTTP/1.1" 200 64 "-" "Cpanel-HTTP-Client/1.0"
170.10.163.183 - - [22/Dec/2024:22:58:57 +0000] "GET /.well-known/acme-challenge/JZNRUNHT6VYCQTPAXQ1V9C9BZPM-AWS0 HTTP/1.1" 200 64 "-" "Cpanel-HTTP-Client/1.0"
5.252.162.219 - - [22/Dec/2024:23:01:23 +0000] "GET /index_contact.php?id=Contact%20Us%09%092024-06-18+20:55%09Ready+contact+form+successfully+found+/+Requires+captcha+input%09http://britanniabd.com%09%09%09%09%09 HTTP/1.1" 403 1242 "-" "Mozilla/5.0 (X11; Linux x86_64) AppleWebKit/537.36 (KHTML, like Gecko) Chrome/114.0.0.0 Safari/537.36"
5.252.162.219 - - [22/Dec/2024:23:01:23 +0000] "GET / HTTP/1.1" 200 2544 "-" "Mozilla/5.0 (X11; Linux x86_64) AppleWebKit/537.36 (KHTML, like Gecko) Chrome/114.0.0.0 Safari/537.36"
3.142.90.126 - - [22/Dec/2024:23:06:39 +0000] "HEAD /wordpress HTTP/1.1" 200 0 "-" "Mozilla/5.0 (Windows NT 10.0; Win64; x64) AppleWebKit/537.36 (KHTML, like Gecko) Chrome/74.0.3729.169 Safari/537.36"
3.142.90.126 - - [22/Dec/2024:23:06:40 +0000] "HEAD / HTTP/1.1" 200 0 "-" "Mozilla/5.0 (Windows NT 10.0; Win64; x64) AppleWebKit/537.36 (KHTML, like Gecko) Chrome/74.0.3729.169 Safari/537.36"
3.142.90.126 - - [22/Dec/2024:23:06:40 +0000] "HEAD /wp HTTP/1.1" 200 0 "-" "Mozilla/5.0 (Windows NT 10.0; Win64; x64) AppleWebKit/537.36 (KHTML, like Gecko) Chrome/74.0.3729.169 Safari/537.36"
3.142.90.126 - - [22/Dec/2024:23:06:40 +0000] "HEAD /bc HTTP/1.1" 200 0 "-" "Mozilla/5.0 (Windows NT 10.0; Win64; x64) AppleWebKit/537.36 (KHTML, like Gecko) Chrome/74.0.3729.169 Safari/537.36"
3.142.90.126 - - [22/Dec/2024:23:06:41 +0000] "HEAD /bk HTTP/1.1" 200 0 "-" "Mozilla/5.0 (Windows NT 10.0; Win64; x64) AppleWebKit/537.36 (KHTML, like Gecko) Chrome/74.0.3729.169 Safari/537.36"
3.142.90.126 - - [22/Dec/2024:23:06:41 +0000] "HEAD /backup HTTP/1.1" 200 0 "-" "Mozilla/5.0 (Windows NT 10.0; Win64; x64) AppleWebKit/537.36 (KHTML, like Gecko) Chrome/74.0.3729.169 Safari/537.36"
3.142.90.126 - - [22/Dec/2024:23:06:41 +0000] "HEAD /old HTTP/1.1" 200 0 "-" "Mozilla/5.0 (Windows NT 10.0; Win64; x64) AppleWebKit/537.36 (KHTML, like Gecko) Chrome/74.0.3729.169 Safari/537.36"
3.142.90.126 - - [22/Dec/2024:23:06:42 +0000] "HEAD /new HTTP/1.1" 200 0 "-" "Mozilla/5.0 (Windows NT 10.0; Win64; x64) AppleWebKit/537.36 (KHTML, like Gecko) Chrome/74.0.3729.169 Safari/537.36"
3.142.90.126 - - [22/Dec/2024:23:06:42 +0000] "HEAD /main HTTP/1.1" 200 0 "-" "Mozilla/5.0 (Windows NT 10.0; Win64; x64) AppleWebKit/537.36 (KHTML, like Gecko) Chrome/74.0.3729.169 Safari/537.36"
3.142.90.126 - - [22/Dec/2024:23:06:42 +0000] "HEAD /home HTTP/1.1" 200 0 "-" "Mozilla/5.0 (Windows NT 10.0; Win64; x64) AppleWebKit/537.36 (KHTML, like Gecko) Chrome/74.0.3729.169 Safari/537.36"
216.244.66.228 - - [22/Dec/2024:23:09:11 +0000] "GET /robots.txt HTTP/1.1" 200 69 "-" "Mozilla/5.0 (compatible; DotBot/1.2; +https://opensiteexplorer.org/dotbot; help@moz.com)"
216.244.66.228 - - [22/Dec/2024:23:18:06 +0000] "GET /index_pages.php?id=About HTTP/1.1" 200 9057 "-" "Mozilla/5.0 (compatible; DotBot/1.2; +https://opensiteexplorer.org/dotbot; help@moz.com)"
66.249.72.5 - - [22/Dec/2024:23:18:27 +0000] "GET /robots.txt HTTP/1.1" 200 69 "-" "Mozilla/5.0 (compatible; Googlebot/2.1; +http://www.google.com/bot.html)"
66.249.72.4 - - [22/Dec/2024:23:18:27 +0000] "GET /088911731660.shtml HTTP/1.1" 200 21069 "-" "Mozilla/5.0 (Linux; Android 6.0.1; Nexus 5X Build/MMB29P) AppleWebKit/537.36 (KHTML, like Gecko) Chrome/131.0.6778.204 Mobile Safari/537.36 (compatible; Googlebot/2.1; +http://www.google.com/bot.html)"
35.237.72.210 - - [22/Dec/2024:23:31:25 +0000] "GET /index_pages.php?id=Heat%20Transfer%20Labels HTTP/1.0" 200 2886 "-" "ZoominfoBot (zoominfobot at zoominfo dot com)"
66.249.72.5 - - [22/Dec/2024:23:36:01 +0000] "GET /408191408594.shtml HTTP/1.1" 200 20316 "-" "Mozilla/5.0 (Linux; Android 6.0.1; Nexus 5X Build/MMB29P) AppleWebKit/537.36 (KHTML, like Gecko) Chrome/131.0.6778.204 Mobile Safari/537.36 (compatible; Googlebot/2.1; +http://www.google.com/bot.html)"
66.249.72.4 - - [22/Dec/2024:23:40:10 +0000] "GET /246061772304.shtml HTTP/1.1" 200 23607 "-" "Mozilla/5.0 (Linux; Android 6.0.1; Nexus 5X Build/MMB29P) AppleWebKit/537.36 (KHTML, like Gecko) Chrome/131.0.6778.204 Mobile Safari/537.36 (compatible; Googlebot/2.1; +http://www.google.com/bot.html)"
35.237.72.210 - - [22/Dec/2024:23:24:40 +0000] "GET /index_pages.php?id=Our%20Bank HTTP/1.0" 200 2886 "-" "ZoominfoBot (zoominfobot at zoominfo dot com)"
114.119.159.87 - - [22/Dec/2024:23:34:19 +0000] "GET / HTTP/1.1" 200 2880 "http://www.britanniabd.com/" "Mozilla/5.0 (Linux; Android 7.0;) AppleWebKit/537.36 (KHTML, like Gecko) Mobile Safari/537.36 (compatible; PetalBot;+https://webmaster.petalsearch.com/site/petalbot)"
35.237.72.210 - - [22/Dec/2024:23:52:48 +0000] "GET /index_pages.php?id=Printed%20Label HTTP/1.0" 200 2886 "-" "ZoominfoBot (zoominfobot at zoominfo dot com)"
5.252.162.219 - - [23/Dec/2024:00:01:08 +0000] "GET /index_contact.php?id=Contact%20Us HTTP/1.1" 403 1242 "http://britanniabd.com/index_contact.php?id=Contact%20Us%09%092024-06-18+20:55%09Ready+contact+form+successfully+found+/+Requires+captcha+input%09http://britanniabd.com%09%09%09%09%09" "Mozilla/5.0 (X11; Linux x86_64) AppleWebKit/537.36 (KHTML, like Gecko) Chrome/114.0.0.0 Safari/537.36"
139.59.227.157 - - [23/Dec/2024:00:02:12 +0000] "GET / HTTP/1.1" 200 9057 "-" "fasthttp"
66.249.72.5 - - [23/Dec/2024:00:09:10 +0000] "GET /96379320265.shtml HTTP/1.1" 200 22201 "-" "Mozilla/5.0 (Linux; Android 6.0.1; Nexus 5X Build/MMB29P) AppleWebKit/537.36 (KHTML, like Gecko) Chrome/131.0.6778.204 Mobile Safari/537.36 (compatible; Googlebot/2.1; +http://www.google.com/bot.html)"
5.252.162.219 - - [23/Dec/2024:00:01:07 +0000] "GET /index_contact.php?id=Contact%20Us%09%092024-06-18+20:55%09Ready+contact+form+successfully+found+/+Requires+captcha+input%09http://britanniabd.com%09%09%09%09%09 HTTP/1.1" 403 1242 "-" "Mozilla/5.0 (X11; Linux x86_64) AppleWebKit/537.36 (KHTML, like Gecko) Chrome/114.0.0.0 Safari/537.36"
5.252.162.219 - - [23/Dec/2024:00:01:07 +0000] "GET / HTTP/1.1" 200 2544 "-" "Mozilla/5.0 (X11; Linux x86_64) AppleWebKit/537.36 (KHTML, like Gecko) Chrome/114.0.0.0 Safari/537.36"
66.249.72.4 - - [23/Dec/2024:00:23:10 +0000] "GET /809081181536.shtml HTTP/1.1" 200 19863 "-" "Mozilla/5.0 (Linux; Android 6.0.1; Nexus 5X Build/MMB29P) AppleWebKit/537.36 (KHTML, like Gecko) Chrome/131.0.6778.204 Mobile Safari/537.36 (compatible; Googlebot/2.1; +http://www.google.com/bot.html)"
46.101.167.152 - - [23/Dec/2024:00:14:10 +0000] "GET /favicon.ico HTTP/1.1" 404 1251 "http://britanniabd.com/" "Mozilla/5.0 (compatible)"
46.101.167.152 - - [23/Dec/2024:00:14:10 +0000] "GET / HTTP/1.1" 200 2886 "-" "Mozilla/5.0 (compatible)"
66.249.72.3 - - [23/Dec/2024:00:14:25 +0000] "GET /834051277544.shtml HTTP/1.1" 200 29097 "-" "Mozilla/5.0 (Linux; Android 6.0.1; Nexus 5X Build/MMB29P) AppleWebKit/537.36 (KHTML, like Gecko) Chrome/131.0.6778.204 Mobile Safari/537.36 (compatible; Googlebot/2.1; +http://www.google.com/bot.html)"
66.249.72.5 - - [23/Dec/2024:00:23:09 +0000] "GET /494771178735.shtml HTTP/1.1" 200 21347 "-" "Mozilla/5.0 (Linux; Android 6.0.1; Nexus 5X Build/MMB29P) AppleWebKit/537.36 (KHTML, like Gecko) Chrome/131.0.6778.204 Mobile Safari/537.36 (compatible; Googlebot/2.1; +http://www.google.com/bot.html)"
35.237.72.210 - - [23/Dec/2024:00:24:35 +0000] "GET /index_pages.php?id=Carton HTTP/1.0" 200 2886 "-" "ZoominfoBot (zoominfobot at zoominfo dot com)"
31.42.184.113 - - [23/Dec/2024:00:42:13 +0000] "GET /index.php?params HTTP/1.1" 200 350 "-" "Mozilla/5.0 (Windows NT 10.0; Win64; x64) AppleWebKit/537.36 (KHTML, like Gecko) Chrome/91.0.4472.106 Safari/537.36"
66.249.72.4 - - [23/Dec/2024:00:32:06 +0000] "GET /787521958718.shtml HTTP/1.1" 200 21061 "-" "Mozilla/5.0 (Linux; Android 6.0.1; Nexus 5X Build/MMB29P) AppleWebKit/537.36 (KHTML, like Gecko) Chrome/131.0.6778.204 Mobile Safari/537.36 (compatible; Googlebot/2.1; +http://www.google.com/bot.html)"
66.249.72.3 - - [23/Dec/2024:00:40:16 +0000] "GET /99574264341.shtml HTTP/1.1" 200 24719 "-" "Mozilla/5.0 (Linux; Android 6.0.1; Nexus 5X Build/MMB29P) AppleWebKit/537.36 (KHTML, like Gecko) Chrome/131.0.6778.204 Mobile Safari/537.36 (compatible; Googlebot/2.1; +http://www.google.com/bot.html)"
66.249.72.3 - - [23/Dec/2024:00:45:01 +0000] "GET /14202299943.shtml HTTP/1.1" 200 23090 "-" "Mozilla/5.0 (Linux; Android 6.0.1; Nexus 5X Build/MMB29P) AppleWebKit/537.36 (KHTML, like Gecko) Chrome/131.0.6778.204 Mobile Safari/537.36 (compatible; Googlebot/2.1; +http://www.google.com/bot.html)"
66.249.72.4 - - [23/Dec/2024:00:45:16 +0000] "GET /58486704297.shtml HTTP/1.1" 200 22766 "-" "Mozilla/5.0 (Linux; Android 6.0.1; Nexus 5X Build/MMB29P) AppleWebKit/537.36 (KHTML, like Gecko) Chrome/131.0.6778.204 Mobile Safari/537.36 (compatible; Googlebot/2.1; +http://www.google.com/bot.html)"
35.237.72.210 - - [23/Dec/2024:00:47:08 +0000] "GET /index_pages.php?id=Woven%20Label HTTP/1.0" 200 2886 "-" "ZoominfoBot (zoominfobot at zoominfo dot com)"
66.249.72.4 - - [23/Dec/2024:00:32:11 +0000] "GET /348581196256.shtml HTTP/1.1" 200 21218 "-" "Mozilla/5.0 (Linux; Android 6.0.1; Nexus 5X Build/MMB29P) AppleWebKit/537.36 (KHTML, like Gecko) Chrome/131.0.6778.204 Mobile Safari/537.36 (compatible; Googlebot/2.1; +http://www.google.com/bot.html)"
35.237.72.210 - - [23/Dec/2024:00:39:38 +0000] "GET /index_contact.php?id=Contact%20Us HTTP/1.0" 403 1242 "-" "ZoominfoBot (zoominfobot at zoominfo dot com)"
66.249.72.3 - - [23/Dec/2024:00:41:14 +0000] "GET /96091264350.shtml HTTP/1.1" 200 24205 "-" "Mozilla/5.0 (Linux; Android 6.0.1; Nexus 5X Build/MMB29P) AppleWebKit/537.36 (KHTML, like Gecko) Chrome/131.0.6778.204 Mobile Safari/537.36 (compatible; Googlebot/2.1; +http://www.google.com/bot.html)"
35.237.72.210 - - [23/Dec/2024:00:53:22 +0000] "GET /index_pages.php?id=Our%20Bank HTTP/1.0" 200 2886 "-" "ZoominfoBot (zoominfobot at zoominfo dot com)"
66.249.72.3 - - [23/Dec/2024:00:49:17 +0000] "GET /9514275686.shtml HTTP/1.1" 200 20862 "-" "Mozilla/5.0 (Linux; Android 6.0.1; Nexus 5X Build/MMB29P) AppleWebKit/537.36 (KHTML, like Gecko) Chrome/131.0.6778.204 Mobile Safari/537.36 (compatible; Googlebot/2.1; +http://www.google.com/bot.html)"
46.191.188.109 - - [23/Dec/2024:00:56:14 +0000] "GET / HTTP/1.0" 200 9057 "http://britanniabd.com/" "Mozilla/5.0 (Windows NT 6.3; Win64; x64) AppleWebKit/537.36 (KHTML, like Gecko) Chrome/103.0.5060.53 Safari/537.36"
35.237.72.210 - - [23/Dec/2024:00:59:54 +0000] "GET /index_pages.php?id=Security%20Tag HTTP/1.0" 200 2886 "-" "ZoominfoBot (zoominfobot at zoominfo dot com)"
66.249.72.3 - - [23/Dec/2024:00:57:25 +0000] "GET /21712951677.shtml HTTP/1.1" 200 19601 "-" "Mozilla/5.0 (Linux; Android 6.0.1; Nexus 5X Build/MMB29P) AppleWebKit/537.36 (KHTML, like Gecko) Chrome/131.0.6778.204 Mobile Safari/537.36 (compatible; Googlebot/2.1; +http://www.google.com/bot.html)"
35.237.72.210 - - [23/Dec/2024:01:03:26 +0000] "GET /index_pages.php?id=Commitment HTTP/1.0" 200 2880 "-" "ZoominfoBot (zoominfobot at zoominfo dot com)"
3.81.145.148 - - [23/Dec/2024:01:19:26 +0000] "GET /robots.txt HTTP/1.1" 200 69 "-" "Mozilla/5.0 (X11; Linux x86_64) AppleWebKit/537.36 (KHTML, like Gecko) Chrome/94.0.4606.81 Safari/537.36"
3.81.145.148 - - [23/Dec/2024:01:19:26 +0000] "GET / HTTP/1.1" 200 9057 "-" "Mozilla/5.0 (X11; Linux x86_64) AppleWebKit/537.36 (KHTML, like Gecko) Chrome/94.0.4606.81 Safari/537.36"
66.249.72.4 - - [23/Dec/2024:01:19:26 +0000] "GET /249211676296.shtml HTTP/1.1" 200 20855 "-" "Mozilla/5.0 (Linux; Android 6.0.1; Nexus 5X Build/MMB29P) AppleWebKit/537.36 (KHTML, like Gecko) Chrome/131.0.6778.204 Mobile Safari/537.36 (compatible; Googlebot/2.1; +http://www.google.com/bot.html)"
35.237.72.210 - - [23/Dec/2024:01:14:05 +0000] "GET /index_pages.php?id=Security%20Tag HTTP/1.0" 200 2886 "-" "ZoominfoBot (zoominfobot at zoominfo dot com)"
66.249.72.4 - - [23/Dec/2024:01:22:25 +0000] "GET /270241292264.shtml HTTP/1.1" 200 20862 "-" "Mozilla/5.0 (Linux; Android 6.0.1; Nexus 5X Build/MMB29P) AppleWebKit/537.36 (KHTML, like Gecko) Chrome/131.0.6778.204 Mobile Safari/537.36 (compatible; Googlebot/2.1; +http://www.google.com/bot.html)"
35.237.72.210 - - [23/Dec/2024:01:22:58 +0000] "GET /index_pages.php?id=Rubber%20and%20Leather%20Patch HTTP/1.0" 200 2880 "-" "ZoominfoBot (zoominfobot at zoominfo dot com)"
35.237.72.210 - - [23/Dec/2024:01:24:50 +0000] "GET /index_pages.php?id=Our%20Service HTTP/1.0" 200 2886 "-" "ZoominfoBot (zoominfobot at zoominfo dot com)"
157.55.39.61 - - [23/Dec/2024:01:22:37 +0000] "GET /index_pages.php?id=our%20service HTTP/1.1" 200 2544 "-" "Mozilla/5.0 AppleWebKit/537.36 (KHTML, like Gecko; compatible; bingbot/2.0; +http://www.bing.com/bingbot.htm) Chrome/116.0.1938.76 Safari/537.36"
43.153.49.151 - - [23/Dec/2024:01:54:30 +0000] "GET / HTTP/1.1" 200 2880 "-" "Mozilla/5.0 (iPhone; CPU iPhone OS 13_2_3 like Mac OS X) AppleWebKit/605.1.15 (KHTML, like Gecko) Version/13.0.3 Mobile/15E148 Safari/604.1"
170.10.163.183 - - [23/Dec/2024:02:00:16 +0000] "GET /.well-known/acme-challenge/V3CJVH_25-H07TLY-4PZFV4NWWUG9E_Y HTTP/1.1" 200 64 "-" "Cpanel-HTTP-Client/1.0"
170.10.163.183 - - [23/Dec/2024:02:00:17 +0000] "GET /.well-known/acme-challenge/H4JH8VLECX_3SH7LNLOA9GQ2X4XOHAGK HTTP/1.1" 200 64 "-" "Cpanel-HTTP-Client/1.0"
170.10.163.183 - - [23/Dec/2024:02:00:11 +0000] "GET /.well-known/acme-challenge/FPN63XSMQSAMQD9LMWU2WRB6Q8X8YBPR HTTP/1.1" 200 64 "-" "Cpanel-HTTP-Client/1.0"
170.10.163.183 - - [23/Dec/2024:02:00:17 +0000] "GET /.well-known/acme-challenge/N3JV9YEUU4LLC_4AEM4BN1ZGXPG2B26M HTTP/1.1" 200 64 "-" "Cpanel-HTTP-Client/1.0"
170.10.163.183 - - [23/Dec/2024:02:00:16 +0000] "GET /.well-known/acme-challenge/SBG0BMBYE3SBP_DQ8JDPSP54ULTRJSIL HTTP/1.1" 200 64 "-" "Cpanel-HTTP-Client/1.0"
170.10.163.183 - - [23/Dec/2024:02:00:16 +0000] "GET /.well-known/acme-challenge/VYGFDA6RLF3MJNZCUZW15U38WLD1ZJZ1 HTTP/1.1" 200 64 "-" "Cpanel-HTTP-Client/1.0"
170.10.163.183 - - [23/Dec/2024:02:00:16 +0000] "GET /.well-known/acme-challenge/HBVB1U3IEPUNUA54-_L1_VOTP9OTFVBF HTTP/1.1" 200 64 "-" "Cpanel-HTTP-Client/1.0"
170.10.163.183 - - [23/Dec/2024:02:00:17 +0000] "GET /.well-known/acme-challenge/JCBJQMWJ4HHOFH5ADOF3LXC85U03CXPY HTTP/1.1" 200 64 "-" "Cpanel-HTTP-Client/1.0"
170.10.163.183 - - [23/Dec/2024:02:00:17 +0000] "GET /.well-known/acme-challenge/TE-LYUJJL7SRHX0DFUP6VWBEA17HM8JR HTTP/1.1" 200 64 "-" "Cpanel-HTTP-Client/1.0"
216.244.66.228 - - [23/Dec/2024:02:25:15 +0000] "GET /index_pages.php?id=Our%20Product HTTP/1.1" 200 9057 "-" "Mozilla/5.0 (compatible; DotBot/1.2; +https://opensiteexplorer.org/dotbot; help@moz.com)"
216.244.66.228 - - [23/Dec/2024:02:14:58 +0000] "GET /robots.txt HTTP/1.1" 200 69 "-" "Mozilla/5.0 (compatible; DotBot/1.2; +https://opensiteexplorer.org/dotbot; help@moz.com)"
66.249.72.4 - - [23/Dec/2024:02:37:11 +0000] "GET /97970648850.shtml HTTP/1.1" 200 2544 "-" "Mozilla/5.0 (Linux; Android 6.0.1; Nexus 5X Build/MMB29P) AppleWebKit/537.36 (KHTML, like Gecko) Chrome/131.0.6778.85 Mobile Safari/537.36 (compatible; GoogleOther)"
66.249.72.3 - - [23/Dec/2024:02:28:42 +0000] "GET /1988248659.shtml HTTP/1.1" 200 19739 "-" "Mozilla/5.0 (Linux; Android 6.0.1; Nexus 5X Build/MMB29P) AppleWebKit/537.36 (KHTML, like Gecko) Chrome/131.0.6778.85 Mobile Safari/537.36 (compatible; Googlebot/2.1; +http://www.google.com/bot.html)"
34.148.59.51 - - [23/Dec/2024:03:20:46 +0000] "GET /robots.txt HTTP/1.0" 200 89 "-" "ZoominfoBot (zoominfobot at zoominfo dot com)"
18.223.212.149 - - [23/Dec/2024:03:29:33 +0000] "HEAD /wordpress HTTP/1.1" 200 0 "-" "Mozilla/5.0 (Windows NT 10.0; Win64; x64) AppleWebKit/537.36 (KHTML, like Gecko) Chrome/74.0.3729.169 Safari/537.36"
18.223.212.149 - - [23/Dec/2024:03:29:34 +0000] "HEAD / HTTP/1.1" 200 0 "-" "Mozilla/5.0 (Windows NT 10.0; Win64; x64) AppleWebKit/537.36 (KHTML, like Gecko) Chrome/74.0.3729.169 Safari/537.36"
18.223.212.149 - - [23/Dec/2024:03:29:34 +0000] "HEAD /wp HTTP/1.1" 200 0 "-" "Mozilla/5.0 (Windows NT 10.0; Win64; x64) AppleWebKit/537.36 (KHTML, like Gecko) Chrome/74.0.3729.169 Safari/537.36"
18.223.212.149 - - [23/Dec/2024:03:29:35 +0000] "HEAD /bc HTTP/1.1" 200 0 "-" "Mozilla/5.0 (Windows NT 10.0; Win64; x64) AppleWebKit/537.36 (KHTML, like Gecko) Chrome/74.0.3729.169 Safari/537.36"
18.223.212.149 - - [23/Dec/2024:03:29:35 +0000] "HEAD /bk HTTP/1.1" 200 0 "-" "Mozilla/5.0 (Windows NT 10.0; Win64; x64) AppleWebKit/537.36 (KHTML, like Gecko) Chrome/74.0.3729.169 Safari/537.36"
18.223.212.149 - - [23/Dec/2024:03:29:35 +0000] "HEAD /backup HTTP/1.1" 200 0 "-" "Mozilla/5.0 (Windows NT 10.0; Win64; x64) AppleWebKit/537.36 (KHTML, like Gecko) Chrome/74.0.3729.169 Safari/537.36"
18.223.212.149 - - [23/Dec/2024:03:29:36 +0000] "HEAD /old HTTP/1.1" 200 0 "-" "Mozilla/5.0 (Windows NT 10.0; Win64; x64) AppleWebKit/537.36 (KHTML, like Gecko) Chrome/74.0.3729.169 Safari/537.36"
18.223.212.149 - - [23/Dec/2024:03:29:36 +0000] "HEAD /new HTTP/1.1" 200 0 "-" "Mozilla/5.0 (Windows NT 10.0; Win64; x64) AppleWebKit/537.36 (KHTML, like Gecko) Chrome/74.0.3729.169 Safari/537.36"
18.223.212.149 - - [23/Dec/2024:03:29:37 +0000] "HEAD /main HTTP/1.1" 200 0 "-" "Mozilla/5.0 (Windows NT 10.0; Win64; x64) AppleWebKit/537.36 (KHTML, like Gecko) Chrome/74.0.3729.169 Safari/537.36"
18.223.212.149 - - [23/Dec/2024:03:29:37 +0000] "HEAD /home HTTP/1.1" 200 0 "-" "Mozilla/5.0 (Windows NT 10.0; Win64; x64) AppleWebKit/537.36 (KHTML, like Gecko) Chrome/74.0.3729.169 Safari/537.36"
66.249.72.3 - - [23/Dec/2024:03:33:57 +0000] "GET /99471265183.shtml HTTP/1.1" 200 2544 "-" "Mozilla/5.0 (Linux; Android 6.0.1; Nexus 5X Build/MMB29P) AppleWebKit/537.36 (KHTML, like Gecko) Chrome/131.0.6778.85 Mobile Safari/537.36 (compatible; GoogleOther)"
34.148.59.51 - - [23/Dec/2024:03:35:26 +0000] "GET /robots.txt HTTP/1.0" 200 85 "-" "ZoominfoBot (zoominfobot at zoominfo dot com)"
34.148.59.51 - - [23/Dec/2024:03:35:26 +0000] "GET /index_pages.php?id=Company%20Profile HTTP/1.0" 200 2880 "-" "ZoominfoBot (zoominfobot at zoominfo dot com)"
34.148.59.51 - - [23/Dec/2024:03:20:46 +0000] "GET /index_pages.php?id=Hangtag HTTP/1.0" 200 2880 "-" "ZoominfoBot (zoominfobot at zoominfo dot com)"
170.106.181.163 - - [23/Dec/2024:03:39:13 +0000] "GET / HTTP/1.1" 200 2880 "-" "Mozilla/5.0 (iPhone; CPU iPhone OS 13_2_3 like Mac OS X) AppleWebKit/605.1.15 (KHTML, like Gecko) Version/13.0.3 Mobile/15E148 Safari/604.1"
34.148.59.51 - - [23/Dec/2024:03:40:52 +0000] "GET /index_pages.php?id=Company%20Profile HTTP/1.0" 200 2886 "-" "ZoominfoBot (zoominfobot at zoominfo dot com)"
66.249.72.4 - - [23/Dec/2024:03:50:03 +0000] "GET /87337283480.shtml HTTP/1.1" 200 2544 "-" "Mozilla/5.0 (Linux; Android 6.0.1; Nexus 5X Build/MMB29P) AppleWebKit/537.36 (KHTML, like Gecko) Chrome/131.0.6778.85 Mobile Safari/537.36 (compatible; GoogleOther)"
34.148.59.51 - - [23/Dec/2024:03:55:53 +0000] "GET /index_contact.php?id=Contact%20Us HTTP/1.0" 403 1242 "-" "ZoominfoBot (zoominfobot at zoominfo dot com)"
34.148.59.51 - - [23/Dec/2024:03:58:56 +0000] "GET /index_pages.php?id=Rubber%20and%20Leather%20Patch HTTP/1.0" 200 2880 "-" "ZoominfoBot (zoominfobot at zoominfo dot com)"
114.119.152.128 - - [23/Dec/2024:04:21:03 +0000] "GET /index_pages.php?id=Commitment HTTP/1.1" 200 2886 "http://www.britanniabd.com/index_pages.php?id=Twill%20Tape" "Mozilla/5.0 (Linux; Android 7.0;) AppleWebKit/537.36 (KHTML, like Gecko) Mobile Safari/537.36 (compatible; PetalBot;+https://webmaster.petalsearch.com/site/petalbot)"
52.167.144.158 - - [23/Dec/2024:04:26:03 +0000] "GET /index_pages.php?id=poly HTTP/1.1" 200 2542 "-" "Mozilla/5.0 AppleWebKit/537.36 (KHTML, like Gecko; compatible; bingbot/2.0; +http://www.bing.com/bingbot.htm) Chrome/116.0.1938.76 Safari/537.36"
43.159.135.203 - - [23/Dec/2024:04:30:42 +0000] "GET /index_pages.php?id=About HTTP/1.1" 200 2886 "-" "Mozilla/5.0 (iPhone; CPU iPhone OS 13_2_3 like Mac OS X) AppleWebKit/605.1.15 (KHTML, like Gecko) Version/13.0.3 Mobile/15E148 Safari/604.1"
43.153.119.119 - - [23/Dec/2024:04:49:57 +0000] "GET /index_pages.php?id=Hangtag HTTP/1.1" 200 2886 "-" "Mozilla/5.0 (iPhone; CPU iPhone OS 13_2_3 like Mac OS X) AppleWebKit/605.1.15 (KHTML, like Gecko) Version/13.0.3 Mobile/15E148 Safari/604.1"
66.249.72.5 - - [23/Dec/2024:04:47:58 +0000] "GET /22322762462.shtml HTTP/1.1" 200 21525 "-" "Mozilla/5.0 (Linux; Android 6.0.1; Nexus 5X Build/MMB29P) AppleWebKit/537.36 (KHTML, like Gecko) Chrome/131.0.6778.204 Mobile Safari/537.36 (compatible; Googlebot/2.1; +http://www.google.com/bot.html)"
34.148.59.51 - - [23/Dec/2024:04:49:28 +0000] "GET /index_pages.php?id=Management HTTP/1.0" 200 2886 "-" "ZoominfoBot (zoominfobot at zoominfo dot com)"
170.10.163.183 - - [23/Dec/2024:05:00:16 +0000] "GET /.well-known/acme-challenge/L3BC8Q-3WASL5ZC595O1GLY31OGH3KR5 HTTP/1.1" 200 64 "-" "Cpanel-HTTP-Client/1.0"
170.10.163.183 - - [23/Dec/2024:05:00:16 +0000] "GET /.well-known/acme-challenge/0D7SNY7RG6QM-3_2X2SDGUKMUHZT1E_6 HTTP/1.1" 200 64 "-" "Cpanel-HTTP-Client/1.0"
170.10.163.183 - - [23/Dec/2024:05:00:17 +0000] "GET /.well-known/acme-challenge/SHV5BBQU7X2JK0F3SM_0RRSE3BIQ4AB9 HTTP/1.1" 200 64 "-" "Cpanel-HTTP-Client/1.0"
170.10.163.183 - - [23/Dec/2024:05:00:17 +0000] "GET /.well-known/acme-challenge/57HSRHTNNSGKBTZAO2IL1I9DEAH559Q6 HTTP/1.1" 200 64 "-" "Cpanel-HTTP-Client/1.0"
66.249.72.5 - - [23/Dec/2024:05:04:03 +0000] "GET /763771783782.shtml HTTP/1.1" 200 2544 "-" "Mozilla/5.0 (Linux; Android 6.0.1; Nexus 5X Build/MMB29P) AppleWebKit/537.36 (KHTML, like Gecko) Chrome/131.0.6778.85 Mobile Safari/537.36 (compatible; GoogleOther)"
170.10.163.183 - - [23/Dec/2024:05:00:11 +0000] "GET /.well-known/acme-challenge/PQHCHJDIDV-4LQEBX8DO3__4MG1R_DIM HTTP/1.1" 200 64 "-" "Cpanel-HTTP-Client/1.0"
170.10.163.183 - - [23/Dec/2024:05:00:16 +0000] "GET /.well-known/acme-challenge/9JNS65MSK83RLWKJTR47NM7ZO-GZCFKT HTTP/1.1" 200 64 "-" "Cpanel-HTTP-Client/1.0"
170.10.163.183 - - [23/Dec/2024:05:00:17 +0000] "GET /.well-known/acme-challenge/AT_5IDL3TAQFS7TVS4TNOK2VY2UFNL37 HTTP/1.1" 200 64 "-" "Cpanel-HTTP-Client/1.0"
170.10.163.183 - - [23/Dec/2024:05:00:17 +0000] "GET /.well-known/acme-challenge/84805XB4T9BSP3G8-Q6F4_SSR0RZUN6D HTTP/1.1" 200 64 "-" "Cpanel-HTTP-Client/1.0"
170.10.163.183 - - [23/Dec/2024:05:00:17 +0000] "GET /.well-known/acme-challenge/QK0_IDVVMQ6HVE51GTT5DPPLQBV98H7_ HTTP/1.1" 200 64 "-" "Cpanel-HTTP-Client/1.0"
34.148.59.51 - - [23/Dec/2024:05:11:18 +0000] "GET /index_pages.php?id=Woven%20Label HTTP/1.0" 200 2880 "-" "ZoominfoBot (zoominfobot at zoominfo dot com)"
114.119.138.59 - - [23/Dec/2024:05:15:31 +0000] "GET /index_pages.php?id=Sewing%20Thread HTTP/1.1" 200 2886 "http://www.britanniabd.com/index_pages.php?id=Twill%20Tape" "Mozilla/5.0 (Linux; Android 7.0;) AppleWebKit/537.36 (KHTML, like Gecko) Mobile Safari/537.36 (compatible; PetalBot;+https://webmaster.petalsearch.com/site/petalbot)"
34.148.59.51 - - [23/Dec/2024:05:09:44 +0000] "GET /index_pages.php?id=Management HTTP/1.0" 200 2886 "-" "ZoominfoBot (zoominfobot at zoominfo dot com)"
34.148.59.51 - - [23/Dec/2024:05:15:00 +0000] "GET /index_pages.php?id=Our%20Product HTTP/1.0" 200 2886 "-" "ZoominfoBot (zoominfobot at zoominfo dot com)"
