34.148.59.51 - - [23/Dec/2024:05:28:27 +0000] "GET /index_pages.php?id=Commitment HTTP/1.0" 200 2880 "-" "ZoominfoBot (zoominfobot at zoominfo dot com)"
34.148.59.51 - - [23/Dec/2024:05:26:08 +0000] "GET /index_pages.php?id=Heat%20Transfer%20Labels HTTP/1.0" 200 2886 "-" "ZoominfoBot (zoominfobot at zoominfo dot com)"
34.148.59.51 - - [23/Dec/2024:05:26:45 +0000] "GET /index_pages.php?id=Hangtag HTTP/1.0" 200 2880 "-" "ZoominfoBot (zoominfobot at zoominfo dot com)"
34.148.59.51 - - [23/Dec/2024:05:30:02 +0000] "GET /index_pages.php?id=Our%20Service HTTP/1.0" 200 2886 "-" "ZoominfoBot (zoominfobot at zoominfo dot com)"
49.51.72.236 - - [23/Dec/2024:05:36:54 +0000] "GET /index_pages.php?id=Carton HTTP/1.1" 200 2886 "-" "Mozilla/5.0 (iPhone; CPU iPhone OS 13_2_3 like Mac OS X) AppleWebKit/605.1.15 (KHTML, like Gecko) Version/13.0.3 Mobile/15E148 Safari/604.1"
66.249.72.3 - - [23/Dec/2024:05:47:48 +0000] "GET /82628971999.shtml HTTP/1.1" 200 23126 "-" "Mozilla/5.0 (Linux; Android 6.0.1; Nexus 5X Build/MMB29P) AppleWebKit/537.36 (KHTML, like Gecko) Chrome/131.0.6778.204 Mobile Safari/537.36 (compatible; Googlebot/2.1; +http://www.google.com/bot.html)"
34.148.59.51 - - [23/Dec/2024:05:46:37 +0000] "GET /index_pages.php?id=About HTTP/1.0" 200 2886 "-" "ZoominfoBot (zoominfobot at zoominfo dot com)"
34.148.59.51 - - [23/Dec/2024:05:44:58 +0000] "GET /index_pages.php?id=Printed%20Label HTTP/1.0" 200 2886 "-" "ZoominfoBot (zoominfobot at zoominfo dot com)"
66.249.72.5 - - [23/Dec/2024:06:00:09 +0000] "GET /84696512281.shtml HTTP/1.1" 200 23428 "-" "Mozilla/5.0 (Linux; Android 6.0.1; Nexus 5X Build/MMB29P) AppleWebKit/537.36 (KHTML, like Gecko) Chrome/131.0.6778.204 Mobile Safari/537.36 (compatible; Googlebot/2.1; +http://www.google.com/bot.html)"
66.249.72.4 - - [23/Dec/2024:06:00:18 +0000] "GET /80401683975.shtml HTTP/1.1" 200 20545 "-" "Mozilla/5.0 (Linux; Android 6.0.1; Nexus 5X Build/MMB29P) AppleWebKit/537.36 (KHTML, like Gecko) Chrome/131.0.6778.204 Mobile Safari/537.36 (compatible; Googlebot/2.1; +http://www.google.com/bot.html)"
43.134.142.8 - - [23/Dec/2024:05:51:38 +0000] "GET /index_pages.php?id=Poly HTTP/1.1" 200 2886 "-" "Mozilla/5.0 (iPhone; CPU iPhone OS 13_2_3 like Mac OS X) AppleWebKit/605.1.15 (KHTML, like Gecko) Version/13.0.3 Mobile/15E148 Safari/604.1"
34.148.59.51 - - [23/Dec/2024:06:05:37 +0000] "GET /index_pages.php?id=About HTTP/1.0" 200 2886 "-" "ZoominfoBot (zoominfobot at zoominfo dot com)"
34.148.59.51 - - [23/Dec/2024:06:06:31 +0000] "GET /index_pages.php?id=Our%20Product HTTP/1.0" 200 2886 "-" "ZoominfoBot (zoominfobot at zoominfo dot com)"
66.249.72.5 - - [23/Dec/2024:06:15:23 +0000] "GET /080871577487.shtml HTTP/1.1" 200 21170 "-" "Mozilla/5.0 (Linux; Android 6.0.1; Nexus 5X Build/MMB29P) AppleWebKit/537.36 (KHTML, like Gecko) Chrome/131.0.6778.204 Mobile Safari/537.36 (compatible; Googlebot/2.1; +http://www.google.com/bot.html)"
66.249.72.3 - - [23/Dec/2024:06:25:00 +0000] "GET /2885172885.shtml HTTP/1.1" 200 20835 "-" "Mozilla/5.0 (Linux; Android 6.0.1; Nexus 5X Build/MMB29P) AppleWebKit/537.36 (KHTML, like Gecko) Chrome/131.0.6778.204 Mobile Safari/537.36 (compatible; Googlebot/2.1; +http://www.google.com/bot.html)"
34.73.236.144 - - [23/Dec/2024:06:34:17 +0000] "GET /index_pages.php?id=Hangtag HTTP/1.0" 200 2880 "-" "ZoominfoBot (zoominfobot at zoominfo dot com)"
66.249.72.3 - - [23/Dec/2024:06:27:10 +0000] "GET /67597779983.shtml HTTP/1.1" 200 24551 "-" "Mozilla/5.0 (Linux; Android 6.0.1; Nexus 5X Build/MMB29P) AppleWebKit/537.36 (KHTML, like Gecko) Chrome/131.0.6778.204 Mobile Safari/537.36 (compatible; Googlebot/2.1; +http://www.google.com/bot.html)"
34.73.236.144 - - [23/Dec/2024:06:34:17 +0000] "GET /robots.txt HTTP/1.0" 200 89 "-" "ZoominfoBot (zoominfobot at zoominfo dot com)"
101.91.148.219 - - [23/Dec/2024:06:35:39 +0000] "GET / HTTP/1.1" 200 2886 "-" "Mozilla/5.0 (iPhone; CPU iPhone OS 13_2_3 like Mac OS X) AppleWebKit/605.1.15 (KHTML, like Gecko) Version/13.0.3 Mobile/15E148 Safari/604.1"
43.157.149.188 - - [23/Dec/2024:06:38:00 +0000] "GET /index_pages.php?id=Management HTTP/1.1" 200 2886 "-" "Mozilla/5.0 (iPhone; CPU iPhone OS 13_2_3 like Mac OS X) AppleWebKit/605.1.15 (KHTML, like Gecko) Version/13.0.3 Mobile/15E148 Safari/604.1"
34.73.236.144 - - [23/Dec/2024:06:48:30 +0000] "GET /robots.txt HTTP/1.0" 200 85 "-" "ZoominfoBot (zoominfobot at zoominfo dot com)"
34.73.236.144 - - [23/Dec/2024:06:53:39 +0000] "GET /index_pages.php?id=Company%20Profile HTTP/1.0" 200 2886 "-" "ZoominfoBot (zoominfobot at zoominfo dot com)"
43.153.67.21 - - [23/Dec/2024:06:55:12 +0000] "GET /index_pages.php?id=Commitment HTTP/1.1" 200 2880 "-" "Mozilla/5.0 (iPhone; CPU iPhone OS 13_2_3 like Mac OS X) AppleWebKit/605.1.15 (KHTML, like Gecko) Version/13.0.3 Mobile/15E148 Safari/604.1"
66.249.72.3 - - [23/Dec/2024:06:44:24 +0000] "GET /10915742140.shtml HTTP/1.1" 200 19509 "-" "Mozilla/5.0 (Linux; Android 6.0.1; Nexus 5X Build/MMB29P) AppleWebKit/537.36 (KHTML, like Gecko) Chrome/131.0.6778.204 Mobile Safari/537.36 (compatible; Googlebot/2.1; +http://www.google.com/bot.html)"
34.73.236.144 - - [23/Dec/2024:06:48:31 +0000] "GET /index_pages.php?id=Company%20Profile HTTP/1.0" 200 2886 "-" "ZoominfoBot (zoominfobot at zoominfo dot com)"
34.73.236.144 - - [23/Dec/2024:07:11:31 +0000] "GET /index_pages.php?id=Rubber%20and%20Leather%20Patch HTTP/1.0" 200 2880 "-" "ZoominfoBot (zoominfobot at zoominfo dot com)"
34.73.236.144 - - [23/Dec/2024:07:08:33 +0000] "GET /index_contact.php?id=Contact%20Us HTTP/1.0" 403 1242 "-" "ZoominfoBot (zoominfobot at zoominfo dot com)"
59.25.185.52 - - [23/Dec/2024:07:30:32 +0000] "GET /media/mainstream/all/fc2/2.js HTTP/1.1" 200 9057 "-" "Mozilla/5.0 (Windows NT 10.0; Win64; x64) AppleWebKit/537.36 (KHTML, like Gecko) Chrome/124.0.0.0 Safari/537.36"
170.10.163.183 - - [23/Dec/2024:07:58:53 +0000] "GET /.well-known/acme-challenge/OSET8I2DS4WLT4_J2Y7C34VYC7N17VI0 HTTP/1.1" 200 64 "-" "Cpanel-HTTP-Client/1.0"
170.10.163.183 - - [23/Dec/2024:07:58:54 +0000] "GET /.well-known/acme-challenge/7YQLWJ504HLPPNLFCFYNG82AVEBRB9ZK HTTP/1.1" 200 64 "-" "Cpanel-HTTP-Client/1.0"
170.10.163.183 - - [23/Dec/2024:07:58:53 +0000] "GET /.well-known/acme-challenge/JJLM4P5JOIELA-J1Y3FD_V2UJGV1KIEV HTTP/1.1" 200 64 "-" "Cpanel-HTTP-Client/1.0"
170.10.163.183 - - [23/Dec/2024:07:58:53 +0000] "GET /.well-known/acme-challenge/7V8R_EGTD1KD4-D9ZZR50NT42NGBXCLP HTTP/1.1" 200 64 "-" "Cpanel-HTTP-Client/1.0"
170.10.163.183 - - [23/Dec/2024:07:58:54 +0000] "GET /.well-known/acme-challenge/KPFYD_I0CR6-UG29RKMZEX6EK5VQ8ENT HTTP/1.1" 200 64 "-" "Cpanel-HTTP-Client/1.0"
170.10.163.183 - - [23/Dec/2024:07:58:54 +0000] "GET /.well-known/acme-challenge/XJLNYKV_7YT8SH5DHWVYVU-RC-BKJ7JI HTTP/1.1" 200 64 "-" "Cpanel-HTTP-Client/1.0"
170.10.163.183 - - [23/Dec/2024:07:58:54 +0000] "GET /.well-known/acme-challenge/O0R9Q45K8TY6AISKWREYEJ22L6ESKFVC HTTP/1.1" 200 64 "-" "Cpanel-HTTP-Client/1.0"
170.10.163.183 - - [23/Dec/2024:07:58:54 +0000] "GET /.well-known/acme-challenge/PTCFQNDM5OI9KUQZN6XGX6WREYJK0HGO HTTP/1.1" 200 64 "-" "Cpanel-HTTP-Client/1.0"
34.73.236.144 - - [23/Dec/2024:08:01:06 +0000] "GET /index_pages.php?id=Management HTTP/1.0" 200 2886 "-" "ZoominfoBot (zoominfobot at zoominfo dot com)"
52.167.144.209 - - [23/Dec/2024:07:50:41 +0000] "GET /index_pages.php?id=security%20tag HTTP/1.1" 200 2542 "-" "Mozilla/5.0 AppleWebKit/537.36 (KHTML, like Gecko; compatible; bingbot/2.0; +http://www.bing.com/bingbot.htm) Chrome/116.0.1938.76 Safari/537.36"
170.10.163.183 - - [23/Dec/2024:07:58:48 +0000] "GET /.well-known/acme-challenge/3257ZFU5_L3C8M024R6IBK8NF18N-XNS HTTP/1.1" 200 64 "-" "Cpanel-HTTP-Client/1.0"
66.249.72.5 - - [23/Dec/2024:08:00:23 +0000] "GET /73704973264.shtml HTTP/1.1" 200 24054 "-" "Mozilla/5.0 (Linux; Android 6.0.1; Nexus 5X Build/MMB29P) AppleWebKit/537.36 (KHTML, like Gecko) Chrome/131.0.6778.204 Mobile Safari/537.36 (compatible; Googlebot/2.1; +http://www.google.com/bot.html)"
66.249.72.4 - - [23/Dec/2024:08:00:24 +0000] "GET /27798258692.shtml HTTP/1.1" 200 21652 "-" "Mozilla/5.0 (Linux; Android 6.0.1; Nexus 5X Build/MMB29P) AppleWebKit/537.36 (KHTML, like Gecko) Chrome/131.0.6778.204 Mobile Safari/537.36 (compatible; Googlebot/2.1; +http://www.google.com/bot.html)"
146.70.181.228 - - [23/Dec/2024:08:18:37 +0000] "GET / HTTP/1.0" 200 9057 "http://britanniabd.com/" "Mozilla/5.0 (Windows NT 15.0.0; Win64; x64; ) AppleWebKit/537.36 (KHTML, like Gecko) Chrome/124.0.6367.60 Chrome/124.0.6367.60 Not-A.Brand/99  Safari/537.36"
146.70.181.228 - - [23/Dec/2024:08:18:37 +0000] "GET /index_pages.php?id=Commitment HTTP/1.0" 200 9057 "http://britanniabd.com/index_pages.php?id=Commitment" "Mozilla/5.0 (Windows NT 15.0.0; Win64; x64; ) AppleWebKit/537.36 (KHTML, like Gecko) Chrome/124.0.6367.60 Chrome/124.0.6367.60 Not-A.Brand/99  Safari/537.36"
114.119.138.59 - - [23/Dec/2024:08:19:42 +0000] "GET /admin2015/upload/1384418786Printed-Label-New.jpg HTTP/1.1" 200 86446 "http://www.britanniabd.com/index_pages.php?id=Printed%20Label" "Mozilla/5.0 (Linux; Android 7.0;) AppleWebKit/537.36 (KHTML, like Gecko) Mobile Safari/537.36 (compatible; PetalBot;+https://webmaster.petalsearch.com/site/petalbot)"
34.73.236.144 - - [23/Dec/2024:08:21:03 +0000] "GET /index_pages.php?id=Management HTTP/1.0" 200 2886 "-" "ZoominfoBot (zoominfobot at zoominfo dot com)"
34.73.236.144 - - [23/Dec/2024:08:22:31 +0000] "GET /index_pages.php?id=Woven%20Label HTTP/1.0" 200 2886 "-" "ZoominfoBot (zoominfobot at zoominfo dot com)"
66.249.72.4 - - [23/Dec/2024:08:25:15 +0000] "GET /124201007041.shtml HTTP/1.1" 200 19791 "-" "Mozilla/5.0 (Linux; Android 6.0.1; Nexus 5X Build/MMB29P) AppleWebKit/537.36 (KHTML, like Gecko) Chrome/131.0.6778.204 Mobile Safari/537.36 (compatible; Googlebot/2.1; +http://www.google.com/bot.html)"
34.73.236.144 - - [23/Dec/2024:08:37:39 +0000] "GET /index_pages.php?id=Hangtag HTTP/1.0" 200 2886 "-" "ZoominfoBot (zoominfobot at zoominfo dot com)"
66.249.72.5 - - [23/Dec/2024:08:23:47 +0000] "GET /75945628611.shtml HTTP/1.1" 200 22186 "-" "Mozilla/5.0 (Linux; Android 6.0.1; Nexus 5X Build/MMB29P) AppleWebKit/537.36 (KHTML, like Gecko) Chrome/131.0.6778.204 Mobile Safari/537.36 (compatible; Googlebot/2.1; +http://www.google.com/bot.html)"
34.73.236.144 - - [23/Dec/2024:08:26:11 +0000] "GET /index_pages.php?id=Our%20Product HTTP/1.0" 200 2886 "-" "ZoominfoBot (zoominfobot at zoominfo dot com)"
34.73.236.144 - - [23/Dec/2024:08:37:04 +0000] "GET /index_pages.php?id=Heat%20Transfer%20Labels HTTP/1.0" 200 2880 "-" "ZoominfoBot (zoominfobot at zoominfo dot com)"
34.73.236.144 - - [23/Dec/2024:08:41:02 +0000] "GET /index_pages.php?id=Our%20Service HTTP/1.0" 200 2880 "-" "ZoominfoBot (zoominfobot at zoominfo dot com)"
34.73.236.144 - - [23/Dec/2024:08:39:25 +0000] "GET /index_pages.php?id=Commitment HTTP/1.0" 200 2886 "-" "ZoominfoBot (zoominfobot at zoominfo dot com)"
66.249.72.4 - - [23/Dec/2024:08:49:23 +0000] "GET /14202299943.shtml HTTP/1.1" 200 23088 "-" "Mozilla/5.0 (Linux; Android 6.0.1; Nexus 5X Build/MMB29P) AppleWebKit/537.36 (KHTML, like Gecko) Chrome/131.0.6778.204 Mobile Safari/537.36 (compatible; Googlebot/2.1; +http://www.google.com/bot.html)"
66.249.72.3 - - [23/Dec/2024:08:41:10 +0000] "GET /348581196256.shtml HTTP/1.1" 200 21216 "-" "Mozilla/5.0 (Linux; Android 6.0.1; Nexus 5X Build/MMB29P) AppleWebKit/537.36 (KHTML, like Gecko) Chrome/131.0.6778.204 Mobile Safari/537.36 (compatible; Googlebot/2.1; +http://www.google.com/bot.html)"
66.249.72.4 - - [23/Dec/2024:08:41:18 +0000] "GET /28798129346.shtml HTTP/1.1" 200 23470 "-" "Mozilla/5.0 (Linux; Android 6.0.1; Nexus 5X Build/MMB29P) AppleWebKit/537.36 (KHTML, like Gecko) Chrome/131.0.6778.204 Mobile Safari/537.36 (compatible; Googlebot/2.1; +http://www.google.com/bot.html)"
66.249.72.5 - - [23/Dec/2024:08:44:25 +0000] "GET /834051277544.shtml HTTP/1.1" 200 29091 "-" "Mozilla/5.0 (Linux; Android 6.0.1; Nexus 5X Build/MMB29P) AppleWebKit/537.36 (KHTML, like Gecko) Chrome/131.0.6778.204 Mobile Safari/537.36 (compatible; Googlebot/2.1; +http://www.google.com/bot.html)"
66.249.72.3 - - [23/Dec/2024:08:55:23 +0000] "GET /184171082727.shtml HTTP/1.1" 200 23002 "-" "Mozilla/5.0 (Linux; Android 6.0.1; Nexus 5X Build/MMB29P) AppleWebKit/537.36 (KHTML, like Gecko) Chrome/131.0.6778.204 Mobile Safari/537.36 (compatible; Googlebot/2.1; +http://www.google.com/bot.html)"
34.73.236.144 - - [23/Dec/2024:08:57:28 +0000] "GET /index_pages.php?id=About HTTP/1.0" 200 2886 "-" "ZoominfoBot (zoominfobot at zoominfo dot com)"
66.249.72.4 - - [23/Dec/2024:08:55:10 +0000] "GET /249211676296.shtml HTTP/1.1" 200 20852 "-" "Mozilla/5.0 (Linux; Android 6.0.1; Nexus 5X Build/MMB29P) AppleWebKit/537.36 (KHTML, like Gecko) Chrome/131.0.6778.204 Mobile Safari/537.36 (compatible; Googlebot/2.1; +http://www.google.com/bot.html)"
34.73.236.144 - - [23/Dec/2024:08:55:52 +0000] "GET /index_pages.php?id=Printed%20Label HTTP/1.0" 200 2880 "-" "ZoominfoBot (zoominfobot at zoominfo dot com)"
43.156.204.134 - - [23/Dec/2024:08:57:54 +0000] "GET /index_pages.php?id=Management HTTP/1.1" 200 2886 "-" "Mozilla/5.0 (iPhone; CPU iPhone OS 13_2_3 like Mac OS X) AppleWebKit/605.1.15 (KHTML, like Gecko) Version/13.0.3 Mobile/15E148 Safari/604.1"
43.156.228.27 - - [23/Dec/2024:09:11:36 +0000] "GET /index_pages.php?id=Commitment HTTP/1.1" 200 2886 "-" "Mozilla/5.0 (iPhone; CPU iPhone OS 13_2_3 like Mac OS X) AppleWebKit/605.1.15 (KHTML, like Gecko) Version/13.0.3 Mobile/15E148 Safari/604.1"
66.249.72.5 - - [23/Dec/2024:09:19:25 +0000] "GET /685031201204.shtml HTTP/1.1" 200 23028 "-" "Mozilla/5.0 (Linux; Android 6.0.1; Nexus 5X Build/MMB29P) AppleWebKit/537.36 (KHTML, like Gecko) Chrome/131.0.6778.204 Mobile Safari/537.36 (compatible; Googlebot/2.1; +http://www.google.com/bot.html)"
66.249.72.5 - - [23/Dec/2024:09:16:48 +0000] "GET /70004123008.shtml HTTP/1.1" 200 20212 "-" "Mozilla/5.0 (Linux; Android 6.0.1; Nexus 5X Build/MMB29P) AppleWebKit/537.36 (KHTML, like Gecko) Chrome/131.0.6778.204 Mobile Safari/537.36 (compatible; Googlebot/2.1; +http://www.google.com/bot.html)"
34.73.236.144 - - [23/Dec/2024:09:17:14 +0000] "GET /index_pages.php?id=Our%20Product HTTP/1.0" 200 2886 "-" "ZoominfoBot (zoominfobot at zoominfo dot com)"
66.249.72.4 - - [23/Dec/2024:09:24:15 +0000] "GET /76161954540.shtml HTTP/1.1" 200 24168 "-" "Mozilla/5.0 (Linux; Android 6.0.1; Nexus 5X Build/MMB29P) AppleWebKit/537.36 (KHTML, like Gecko) Chrome/131.0.6778.204 Mobile Safari/537.36 (compatible; Googlebot/2.1; +http://www.google.com/bot.html)"
34.73.236.144 - - [23/Dec/2024:09:16:22 +0000] "GET /index_pages.php?id=About HTTP/1.0" 200 2880 "-" "ZoominfoBot (zoominfobot at zoominfo dot com)"
66.249.72.5 - - [23/Dec/2024:09:20:48 +0000] "GET /170781589242.shtml HTTP/1.1" 200 23227 "-" "Mozilla/5.0 (Linux; Android 6.0.1; Nexus 5X Build/MMB29P) AppleWebKit/537.36 (KHTML, like Gecko) Chrome/131.0.6778.204 Mobile Safari/537.36 (compatible; Googlebot/2.1; +http://www.google.com/bot.html)"
66.249.72.5 - - [23/Dec/2024:09:33:16 +0000] "GET /641491041106.shtml HTTP/1.1" 200 22978 "-" "Mozilla/5.0 (Linux; Android 6.0.1; Nexus 5X Build/MMB29P) AppleWebKit/537.36 (KHTML, like Gecko) Chrome/131.0.6778.204 Mobile Safari/537.36 (compatible; Googlebot/2.1; +http://www.google.com/bot.html)"
66.249.72.4 - - [23/Dec/2024:09:45:57 +0000] "GET /75842566681.shtml HTTP/1.1" 200 21688 "-" "Mozilla/5.0 (Linux; Android 6.0.1; Nexus 5X Build/MMB29P) AppleWebKit/537.36 (KHTML, like Gecko) Chrome/131.0.6778.204 Mobile Safari/537.36 (compatible; Googlebot/2.1; +http://www.google.com/bot.html)"
43.155.166.202 - - [23/Dec/2024:09:50:08 +0000] "GET /index.php HTTP/1.1" 200 2886 "-" "Mozilla/5.0 (iPhone; CPU iPhone OS 13_2_3 like Mac OS X) AppleWebKit/605.1.15 (KHTML, like Gecko) Version/13.0.3 Mobile/15E148 Safari/604.1"
34.73.236.144 - - [23/Dec/2024:09:45:42 +0000] "GET /index_pages.php?id=Our%20Bank HTTP/1.0" 200 2886 "-" "ZoominfoBot (zoominfobot at zoominfo dot com)"
66.249.72.4 - - [23/Dec/2024:09:47:47 +0000] "GET /89194437335.shtml HTTP/1.1" 200 22331 "-" "Mozilla/5.0 (Linux; Android 6.0.1; Nexus 5X Build/MMB29P) AppleWebKit/537.36 (KHTML, like Gecko) Chrome/131.0.6778.204 Mobile Safari/537.36 (compatible; Googlebot/2.1; +http://www.google.com/bot.html)"
34.73.236.144 - - [23/Dec/2024:09:52:27 +0000] "GET /index_pages.php?id=Heat%20Transfer%20Labels HTTP/1.0" 200 2886 "-" "ZoominfoBot (zoominfobot at zoominfo dot com)"
66.249.72.5 - - [23/Dec/2024:09:53:18 +0000] "GET /72821954719.shtml HTTP/1.1" 200 20229 "-" "Mozilla/5.0 (Linux; Android 6.0.1; Nexus 5X Build/MMB29P) AppleWebKit/537.36 (KHTML, like Gecko) Chrome/131.0.6778.204 Mobile Safari/537.36 (compatible; Googlebot/2.1; +http://www.google.com/bot.html)"
62.182.81.27 - - [23/Dec/2024:10:16:53 +0000] "GET //index.php?dump HTTP/1.1" 200 169498 "-" "Mozilla/5.0 (compatible; Googlebot/2.1; +http://www.google.com/bot.html)"
34.73.236.144 - - [23/Dec/2024:10:14:25 +0000] "GET /index_pages.php?id=Printed%20Label HTTP/1.0" 200 2886 "-" "ZoominfoBot (zoominfobot at zoominfo dot com)"
62.182.81.27 - - [23/Dec/2024:10:16:52 +0000] "GET //index.php?params HTTP/1.1" 200 307 "-" "Mozilla/5.0 (compatible; Googlebot/2.1; +http://www.google.com/bot.html)"
66.249.72.5 - - [23/Dec/2024:10:29:00 +0000] "GET /08405825373.shtml HTTP/1.1" 200 21966 "-" "Mozilla/5.0 (Linux; Android 6.0.1; Nexus 5X Build/MMB29P) AppleWebKit/537.36 (KHTML, like Gecko) Chrome/131.0.6778.204 Mobile Safari/537.36 (compatible; Googlebot/2.1; +http://www.google.com/bot.html)"
66.249.72.4 - - [23/Dec/2024:10:29:06 +0000] "GET /738171090403.shtml HTTP/1.1" 200 21446 "-" "Mozilla/5.0 (Linux; Android 6.0.1; Nexus 5X Build/MMB29P) AppleWebKit/537.36 (KHTML, like Gecko) Chrome/131.0.6778.204 Mobile Safari/537.36 (compatible; Googlebot/2.1; +http://www.google.com/bot.html)"
66.249.72.4 - - [23/Dec/2024:10:41:21 +0000] "GET /1882492256.shtml HTTP/1.1" 200 24550 "-" "Mozilla/5.0 (Linux; Android 6.0.1; Nexus 5X Build/MMB29P) AppleWebKit/537.36 (KHTML, like Gecko) Chrome/131.0.6778.204 Mobile Safari/537.36 (compatible; Googlebot/2.1; +http://www.google.com/bot.html)"
34.73.236.144 - - [23/Dec/2024:10:46:14 +0000] "GET /index_pages.php?id=Carton HTTP/1.0" 200 2886 "-" "ZoominfoBot (zoominfobot at zoominfo dot com)"
66.249.72.5 - - [23/Dec/2024:10:52:24 +0000] "GET /679981269046.shtml HTTP/1.1" 200 21086 "-" "Mozilla/5.0 (Linux; Android 6.0.1; Nexus 5X Build/MMB29P) AppleWebKit/537.36 (KHTML, like Gecko) Chrome/131.0.6778.204 Mobile Safari/537.36 (compatible; Googlebot/2.1; +http://www.google.com/bot.html)"
170.10.163.183 - - [23/Dec/2024:10:58:53 +0000] "GET /.well-known/acme-challenge/3X2IZ_QLE_WLELZCACSJHP6OUI4KJ72_ HTTP/1.1" 200 64 "-" "Cpanel-HTTP-Client/1.0"
170.10.163.183 - - [23/Dec/2024:10:58:54 +0000] "GET /.well-known/acme-challenge/O6LVQ9BESDVK-9YKTB5X2FVM-Y0ERQ4E HTTP/1.1" 200 64 "-" "Cpanel-HTTP-Client/1.0"
170.10.163.183 - - [23/Dec/2024:10:58:54 +0000] "GET /.well-known/acme-challenge/BZEL-N5CJ43H0HTBPN021NZ5095VZ1X8 HTTP/1.1" 200 64 "-" "Cpanel-HTTP-Client/1.0"
34.73.236.144 - - [23/Dec/2024:11:00:07 +0000] "GET /index_contact.php?id=Contact%20Us HTTP/1.0" 403 1242 "-" "ZoominfoBot (zoominfobot at zoominfo dot com)"
170.10.163.183 - - [23/Dec/2024:10:58:53 +0000] "GET /.well-known/acme-challenge/9YJ7NTI6BDDBRCG9YE6B55X97L7UJLVM HTTP/1.1" 200 64 "-" "Cpanel-HTTP-Client/1.0"
170.10.163.183 - - [23/Dec/2024:10:58:53 +0000] "GET /.well-known/acme-challenge/H104OD334JXH61LEQA7RYAUT-AU8W8MH HTTP/1.1" 200 64 "-" "Cpanel-HTTP-Client/1.0"
170.10.163.183 - - [23/Dec/2024:10:58:48 +0000] "GET /.well-known/acme-challenge/J-NL9HARRKHYVXVZ76WFPOZ5O7ECY5NY HTTP/1.1" 200 64 "-" "Cpanel-HTTP-Client/1.0"
170.10.163.183 - - [23/Dec/2024:10:58:53 +0000] "GET /.well-known/acme-challenge/C780QEVNSPORWA8E24SJ0JVUY7LWINYL HTTP/1.1" 200 64 "-" "Cpanel-HTTP-Client/1.0"
170.10.163.183 - - [23/Dec/2024:10:58:53 +0000] "GET /.well-known/acme-challenge/EEODV3YCV-T-NYRU5KF3PU9N6WSXGJF8 HTTP/1.1" 200 64 "-" "Cpanel-HTTP-Client/1.0"
170.10.163.183 - - [23/Dec/2024:10:58:54 +0000] "GET /.well-known/acme-challenge/O0RCSCDU_4VRHZGQ9BL89IJWP5-HMIE9 HTTP/1.1" 200 64 "-" "Cpanel-HTTP-Client/1.0"
66.249.72.3 - - [23/Dec/2024:11:05:00 +0000] "GET /316261916596.shtml HTTP/1.1" 200 23185 "-" "Mozilla/5.0 (Linux; Android 6.0.1; Nexus 5X Build/MMB29P) AppleWebKit/537.36 (KHTML, like Gecko) Chrome/131.0.6778.204 Mobile Safari/537.36 (compatible; Googlebot/2.1; +http://www.google.com/bot.html)"
66.249.72.3 - - [23/Dec/2024:11:05:09 +0000] "GET /969021114686.shtml HTTP/1.1" 200 21663 "-" "Mozilla/5.0 (Linux; Android 6.0.1; Nexus 5X Build/MMB29P) AppleWebKit/537.36 (KHTML, like Gecko) Chrome/131.0.6778.204 Mobile Safari/537.36 (compatible; Googlebot/2.1; +http://www.google.com/bot.html)"
34.73.236.144 - - [23/Dec/2024:11:06:44 +0000] "GET /index_pages.php?id=Woven%20Label HTTP/1.0" 200 2886 "-" "ZoominfoBot (zoominfobot at zoominfo dot com)"
34.73.236.144 - - [23/Dec/2024:11:19:30 +0000] "GET /index_pages.php?id=Security%20Tag HTTP/1.0" 200 2880 "-" "ZoominfoBot (zoominfobot at zoominfo dot com)"
34.73.236.144 - - [23/Dec/2024:11:23:00 +0000] "GET /index_pages.php?id=Commitment HTTP/1.0" 200 2886 "-" "ZoominfoBot (zoominfobot at zoominfo dot com)"
34.73.236.144 - - [23/Dec/2024:11:12:49 +0000] "GET /index_pages.php?id=Our%20Bank HTTP/1.0" 200 2886 "-" "ZoominfoBot (zoominfobot at zoominfo dot com)"
66.249.72.5 - - [23/Dec/2024:11:19:24 +0000] "GET /96051734036.shtml HTTP/1.1" 200 21741 "-" "Mozilla/5.0 (Linux; Android 6.0.1; Nexus 5X Build/MMB29P) AppleWebKit/537.36 (KHTML, like Gecko) Chrome/131.0.6778.204 Mobile Safari/537.36 (compatible; Googlebot/2.1; +http://www.google.com/bot.html)"
66.249.72.3 - - [23/Dec/2024:11:13:09 +0000] "GET /896501346656.shtml HTTP/1.1" 200 19591 "-" "Mozilla/5.0 (Linux; Android 6.0.1; Nexus 5X Build/MMB29P) AppleWebKit/537.36 (KHTML, like Gecko) Chrome/131.0.6778.204 Mobile Safari/537.36 (compatible; Googlebot/2.1; +http://www.google.com/bot.html)"
114.119.159.87 - - [23/Dec/2024:11:13:25 +0000] "GET /index_pages.php?id=Woven%20Label HTTP/1.1" 200 2886 "http://www.britanniabd.com/index_pages.php?id=Commitment" "Mozilla/5.0 (Linux; Android 7.0;) AppleWebKit/537.36 (KHTML, like Gecko) Mobile Safari/537.36 (compatible; PetalBot;+https://webmaster.petalsearch.com/site/petalbot)"
66.249.72.5 - - [23/Dec/2024:11:26:24 +0000] "GET /42041479149.shtml HTTP/1.1" 200 20862 "-" "Mozilla/5.0 (Linux; Android 6.0.1; Nexus 5X Build/MMB29P) AppleWebKit/537.36 (KHTML, like Gecko) Chrome/131.0.6778.204 Mobile Safari/537.36 (compatible; Googlebot/2.1; +http://www.google.com/bot.html)"