Monkey Albino

Linux altar53.supremepanel53.com 4.18.0-553.8.1.lve.el8.x86_64 #1 SMP Thu Jul 4 16:24:39 UTC 2024 x86_64
/ home/ bdapparelinfo/ access-logs/

/home/bdapparelinfo/access-logs/britanniabd.bdapparelinfo.com

66.249.72.3 - - [22/Dec/2024:12:25:58 +0000] "GET /618451941197.shtml HTTP/1.1" 200 21342 "-" "Mozilla/5.0 (Linux; Android 6.0.1; Nexus 5X Build/MMB29P) AppleWebKit/537.36 (KHTML, like Gecko) Chrome/131.0.6778.204 Mobile Safari/537.36 (compatible; Googlebot/2.1; +http://www.google.com/bot.html)"
66.249.72.5 - - [22/Dec/2024:12:34:09 +0000] "GET /87817783429.shtml HTTP/1.1" 200 20844 "-" "Mozilla/5.0 (Linux; Android 6.0.1; Nexus 5X Build/MMB29P) AppleWebKit/537.36 (KHTML, like Gecko) Chrome/131.0.6778.204 Mobile Safari/537.36 (compatible; Googlebot/2.1; +http://www.google.com/bot.html)"
66.249.72.5 - - [22/Dec/2024:12:35:09 +0000] "GET /00981453239.shtml HTTP/1.1" 200 24991 "-" "Mozilla/5.0 (Linux; Android 6.0.1; Nexus 5X Build/MMB29P) AppleWebKit/537.36 (KHTML, like Gecko) Chrome/131.0.6778.204 Mobile Safari/537.36 (compatible; Googlebot/2.1; +http://www.google.com/bot.html)"
66.249.72.3 - - [22/Dec/2024:12:35:27 +0000] "GET /41808163152.shtml HTTP/1.1" 200 22351 "-" "Mozilla/5.0 (Linux; Android 6.0.1; Nexus 5X Build/MMB29P) AppleWebKit/537.36 (KHTML, like Gecko) Chrome/131.0.6778.204 Mobile Safari/537.36 (compatible; Googlebot/2.1; +http://www.google.com/bot.html)"
66.249.72.3 - - [22/Dec/2024:12:37:58 +0000] "GET /786071443809.shtml HTTP/1.1" 200 21828 "-" "Mozilla/5.0 (Linux; Android 6.0.1; Nexus 5X Build/MMB29P) AppleWebKit/537.36 (KHTML, like Gecko) Chrome/131.0.6778.204 Mobile Safari/537.36 (compatible; Googlebot/2.1; +http://www.google.com/bot.html)"
66.249.72.3 - - [22/Dec/2024:12:38:01 +0000] "GET /43397987481.shtml HTTP/1.1" 200 20671 "-" "Mozilla/5.0 (Linux; Android 6.0.1; Nexus 5X Build/MMB29P) AppleWebKit/537.36 (KHTML, like Gecko) Chrome/131.0.6778.204 Mobile Safari/537.36 (compatible; Googlebot/2.1; +http://www.google.com/bot.html)"
66.249.72.3 - - [22/Dec/2024:12:38:10 +0000] "GET /16219163147.shtml HTTP/1.1" 200 22145 "-" "Mozilla/5.0 (Linux; Android 6.0.1; Nexus 5X Build/MMB29P) AppleWebKit/537.36 (KHTML, like Gecko) Chrome/131.0.6778.204 Mobile Safari/537.36 (compatible; Googlebot/2.1; +http://www.google.com/bot.html)"
66.249.72.3 - - [22/Dec/2024:12:54:21 +0000] "GET /998111353230.shtml HTTP/1.1" 200 20752 "-" "Mozilla/5.0 (Linux; Android 6.0.1; Nexus 5X Build/MMB29P) AppleWebKit/537.36 (KHTML, like Gecko) Chrome/131.0.6778.204 Mobile Safari/537.36 (compatible; Googlebot/2.1; +http://www.google.com/bot.html)"
66.249.72.3 - - [22/Dec/2024:12:55:00 +0000] "GET /900591830469.shtml HTTP/1.1" 200 21247 "-" "Mozilla/5.0 (Linux; Android 6.0.1; Nexus 5X Build/MMB29P) AppleWebKit/537.36 (KHTML, like Gecko) Chrome/131.0.6778.204 Mobile Safari/537.36 (compatible; Googlebot/2.1; +http://www.google.com/bot.html)"
66.249.72.3 - - [22/Dec/2024:12:55:58 +0000] "GET /882841047685.shtml HTTP/1.1" 200 23756 "-" "Mozilla/5.0 (Linux; Android 6.0.1; Nexus 5X Build/MMB29P) AppleWebKit/537.36 (KHTML, like Gecko) Chrome/131.0.6778.204 Mobile Safari/537.36 (compatible; Googlebot/2.1; +http://www.google.com/bot.html)"
66.249.72.5 - - [22/Dec/2024:12:18:09 +0000] "GET /27337163176.shtml HTTP/1.1" 200 21697 "-" "Mozilla/5.0 (Linux; Android 6.0.1; Nexus 5X Build/MMB29P) AppleWebKit/537.36 (KHTML, like Gecko) Chrome/131.0.6778.204 Mobile Safari/537.36 (compatible; Googlebot/2.1; +http://www.google.com/bot.html)"
66.249.72.5 - - [22/Dec/2024:12:20:48 +0000] "GET /29728163157.shtml HTTP/1.1" 200 22149 "-" "Mozilla/5.0 (Linux; Android 6.0.1; Nexus 5X Build/MMB29P) AppleWebKit/537.36 (KHTML, like Gecko) Chrome/131.0.6778.204 Mobile Safari/537.36 (compatible; Googlebot/2.1; +http://www.google.com/bot.html)"
66.249.72.5 - - [22/Dec/2024:12:28:09 +0000] "GET /48029165095.shtml HTTP/1.1" 200 21000 "-" "Mozilla/5.0 (Linux; Android 6.0.1; Nexus 5X Build/MMB29P) AppleWebKit/537.36 (KHTML, like Gecko) Chrome/131.0.6778.204 Mobile Safari/537.36 (compatible; Googlebot/2.1; +http://www.google.com/bot.html)"
66.249.72.3 - - [22/Dec/2024:12:42:18 +0000] "GET /964931216578.shtml HTTP/1.1" 200 21551 "-" "Mozilla/5.0 (Linux; Android 6.0.1; Nexus 5X Build/MMB29P) AppleWebKit/537.36 (KHTML, like Gecko) Chrome/131.0.6778.204 Mobile Safari/537.36 (compatible; Googlebot/2.1; +http://www.google.com/bot.html)"
66.249.72.3 - - [22/Dec/2024:12:48:58 +0000] "GET /90990513219.shtml HTTP/1.1" 200 20848 "-" "Mozilla/5.0 (Linux; Android 6.0.1; Nexus 5X Build/MMB29P) AppleWebKit/537.36 (KHTML, like Gecko) Chrome/131.0.6778.204 Mobile Safari/537.36 (compatible; Googlebot/2.1; +http://www.google.com/bot.html)"
66.249.72.3 - - [22/Dec/2024:12:49:47 +0000] "GET /998001812956.shtml HTTP/1.1" 200 20595 "-" "Mozilla/5.0 (Linux; Android 6.0.1; Nexus 5X Build/MMB29P) AppleWebKit/537.36 (KHTML, like Gecko) Chrome/131.0.6778.204 Mobile Safari/537.36 (compatible; Googlebot/2.1; +http://www.google.com/bot.html)"
66.249.72.3 - - [22/Dec/2024:12:17:00 +0000] "GET /30992163154.shtml HTTP/1.1" 200 22095 "-" "Mozilla/5.0 (Linux; Android 6.0.1; Nexus 5X Build/MMB29P) AppleWebKit/537.36 (KHTML, like Gecko) Chrome/131.0.6778.204 Mobile Safari/537.36 (compatible; Googlebot/2.1; +http://www.google.com/bot.html)"
66.249.72.3 - - [22/Dec/2024:12:35:57 +0000] "GET /851951113619.shtml HTTP/1.1" 200 21729 "-" "Mozilla/5.0 (Linux; Android 6.0.1; Nexus 5X Build/MMB29P) AppleWebKit/537.36 (KHTML, like Gecko) Chrome/131.0.6778.204 Mobile Safari/537.36 (compatible; Googlebot/2.1; +http://www.google.com/bot.html)"
66.249.72.4 - - [22/Dec/2024:12:37:00 +0000] "GET /43901102026.shtml HTTP/1.1" 200 25136 "-" "Mozilla/5.0 (Linux; Android 6.0.1; Nexus 5X Build/MMB29P) AppleWebKit/537.36 (KHTML, like Gecko) Chrome/131.0.6778.204 Mobile Safari/537.36 (compatible; Googlebot/2.1; +http://www.google.com/bot.html)"
66.249.72.3 - - [22/Dec/2024:12:37:47 +0000] "GET /269851029527.shtml HTTP/1.1" 200 23837 "-" "Mozilla/5.0 (Linux; Android 6.0.1; Nexus 5X Build/MMB29P) AppleWebKit/537.36 (KHTML, like Gecko) Chrome/131.0.6778.204 Mobile Safari/537.36 (compatible; Googlebot/2.1; +http://www.google.com/bot.html)"
66.249.72.5 - - [22/Dec/2024:12:39:16 +0000] "GET /587071440720.shtml HTTP/1.1" 200 22641 "-" "Mozilla/5.0 (Linux; Android 6.0.1; Nexus 5X Build/MMB29P) AppleWebKit/537.36 (KHTML, like Gecko) Chrome/131.0.6778.204 Mobile Safari/537.36 (compatible; Googlebot/2.1; +http://www.google.com/bot.html)"
66.249.72.4 - - [22/Dec/2024:12:43:09 +0000] "GET /129791320760.shtml HTTP/1.1" 200 23017 "-" "Mozilla/5.0 (Linux; Android 6.0.1; Nexus 5X Build/MMB29P) AppleWebKit/537.36 (KHTML, like Gecko) Chrome/131.0.6778.204 Mobile Safari/537.36 (compatible; Googlebot/2.1; +http://www.google.com/bot.html)"
66.249.72.4 - - [22/Dec/2024:12:50:06 +0000] "GET /717161939094.shtml HTTP/1.1" 200 20356 "-" "Mozilla/5.0 (Linux; Android 6.0.1; Nexus 5X Build/MMB29P) AppleWebKit/537.36 (KHTML, like Gecko) Chrome/131.0.6778.204 Mobile Safari/537.36 (compatible; Googlebot/2.1; +http://www.google.com/bot.html)"
66.249.72.5 - - [22/Dec/2024:12:57:00 +0000] "GET /980861655974.shtml HTTP/1.1" 200 19832 "-" "Mozilla/5.0 (Linux; Android 6.0.1; Nexus 5X Build/MMB29P) AppleWebKit/537.36 (KHTML, like Gecko) Chrome/131.0.6778.204 Mobile Safari/537.36 (compatible; Googlebot/2.1; +http://www.google.com/bot.html)"
66.249.72.3 - - [22/Dec/2024:13:12:46 +0000] "GET /087511943998.shtml HTTP/1.1" 200 21134 "-" "Mozilla/5.0 (Linux; Android 6.0.1; Nexus 5X Build/MMB29P) AppleWebKit/537.36 (KHTML, like Gecko) Chrome/131.0.6778.204 Mobile Safari/537.36 (compatible; Googlebot/2.1; +http://www.google.com/bot.html)"
66.249.72.3 - - [22/Dec/2024:13:14:23 +0000] "GET /960391650950.shtml HTTP/1.1" 200 21348 "-" "Mozilla/5.0 (Linux; Android 6.0.1; Nexus 5X Build/MMB29P) AppleWebKit/537.36 (KHTML, like Gecko) Chrome/131.0.6778.204 Mobile Safari/537.36 (compatible; Googlebot/2.1; +http://www.google.com/bot.html)"
66.249.72.3 - - [22/Dec/2024:13:14:58 +0000] "GET /4325259980.shtml HTTP/1.1" 200 22083 "-" "Mozilla/5.0 (Linux; Android 6.0.1; Nexus 5X Build/MMB29P) AppleWebKit/537.36 (KHTML, like Gecko) Chrome/131.0.6778.204 Mobile Safari/537.36 (compatible; Googlebot/2.1; +http://www.google.com/bot.html)"
66.249.72.3 - - [22/Dec/2024:13:19:08 +0000] "GET /231771120570.shtml HTTP/1.1" 200 21161 "-" "Mozilla/5.0 (Linux; Android 6.0.1; Nexus 5X Build/MMB29P) AppleWebKit/537.36 (KHTML, like Gecko) Chrome/131.0.6778.204 Mobile Safari/537.36 (compatible; Googlebot/2.1; +http://www.google.com/bot.html)"
66.249.72.5 - - [22/Dec/2024:13:20:20 +0000] "GET /817281044884.shtml HTTP/1.1" 200 22198 "-" "Mozilla/5.0 (Linux; Android 6.0.1; Nexus 5X Build/MMB29P) AppleWebKit/537.36 (KHTML, like Gecko) Chrome/131.0.6778.204 Mobile Safari/537.36 (compatible; Googlebot/2.1; +http://www.google.com/bot.html)"
66.249.72.4 - - [22/Dec/2024:13:20:47 +0000] "GET /32308327101.shtml HTTP/1.1" 200 23387 "-" "Mozilla/5.0 (Linux; Android 6.0.1; Nexus 5X Build/MMB29P) AppleWebKit/537.36 (KHTML, like Gecko) Chrome/131.0.6778.204 Mobile Safari/537.36 (compatible; Googlebot/2.1; +http://www.google.com/bot.html)"
66.249.72.3 - - [22/Dec/2024:13:20:59 +0000] "GET /17984738294.shtml HTTP/1.1" 200 21009 "-" "Mozilla/5.0 (Linux; Android 6.0.1; Nexus 5X Build/MMB29P) AppleWebKit/537.36 (KHTML, like Gecko) Chrome/131.0.6778.204 Mobile Safari/537.36 (compatible; Googlebot/2.1; +http://www.google.com/bot.html)"
66.249.72.4 - - [22/Dec/2024:13:32:06 +0000] "GET /51886570446.shtml HTTP/1.1" 200 20207 "-" "Mozilla/5.0 (Linux; Android 6.0.1; Nexus 5X Build/MMB29P) AppleWebKit/537.36 (KHTML, like Gecko) Chrome/131.0.6778.204 Mobile Safari/537.36 (compatible; Googlebot/2.1; +http://www.google.com/bot.html)"
66.249.72.4 - - [22/Dec/2024:13:43:10 +0000] "GET /22210759661.shtml HTTP/1.1" 200 19737 "-" "Mozilla/5.0 (Linux; Android 6.0.1; Nexus 5X Build/MMB29P) AppleWebKit/537.36 (KHTML, like Gecko) Chrome/131.0.6778.204 Mobile Safari/537.36 (compatible; Googlebot/2.1; +http://www.google.com/bot.html)"
66.249.72.5 - - [22/Dec/2024:13:45:22 +0000] "GET /94711309167.shtml HTTP/1.1" 200 21075 "-" "Mozilla/5.0 (Linux; Android 6.0.1; Nexus 5X Build/MMB29P) AppleWebKit/537.36 (KHTML, like Gecko) Chrome/131.0.6778.204 Mobile Safari/537.36 (compatible; Googlebot/2.1; +http://www.google.com/bot.html)"
66.249.72.3 - - [22/Dec/2024:13:47:11 +0000] "GET /514161426115.shtml HTTP/1.1" 200 20952 "-" "Mozilla/5.0 (Linux; Android 6.0.1; Nexus 5X Build/MMB29P) AppleWebKit/537.36 (KHTML, like Gecko) Chrome/131.0.6778.204 Mobile Safari/537.36 (compatible; Googlebot/2.1; +http://www.google.com/bot.html)"
66.249.72.5 - - [22/Dec/2024:13:49:09 +0000] "GET /202251918071.shtml HTTP/1.1" 200 21812 "-" "Mozilla/5.0 (Linux; Android 6.0.1; Nexus 5X Build/MMB29P) AppleWebKit/537.36 (KHTML, like Gecko) Chrome/131.0.6778.204 Mobile Safari/537.36 (compatible; Googlebot/2.1; +http://www.google.com/bot.html)"
146.70.181.228 - - [22/Dec/2024:13:55:25 +0000] "GET / HTTP/1.0" 200 9057 "http://britanniabd.com/" "Mozilla/5.0 (Windows NT 10.0.0; Win64; x64; ) AppleWebKit/537.36 (KHTML, like Gecko) Chrome/124.0.6367.91 Chrome/124.0.6367.91 Not-A.Brand/99  Safari/537.36"
66.249.72.3 - - [22/Dec/2024:13:12:08 +0000] "GET /18315893512.shtml HTTP/1.1" 200 20959 "-" "Mozilla/5.0 (Linux; Android 6.0.1; Nexus 5X Build/MMB29P) AppleWebKit/537.36 (KHTML, like Gecko) Chrome/131.0.6778.204 Mobile Safari/537.36 (compatible; Googlebot/2.1; +http://www.google.com/bot.html)"
66.249.72.3 - - [22/Dec/2024:13:18:46 +0000] "GET /157461524812.shtml HTTP/1.1" 200 20823 "-" "Mozilla/5.0 (Linux; Android 6.0.1; Nexus 5X Build/MMB29P) AppleWebKit/537.36 (KHTML, like Gecko) Chrome/131.0.6778.204 Mobile Safari/537.36 (compatible; Googlebot/2.1; +http://www.google.com/bot.html)"
66.249.72.3 - - [22/Dec/2024:13:22:26 +0000] "GET /75930931355.shtml HTTP/1.1" 200 21578 "-" "Mozilla/5.0 (Linux; Android 6.0.1; Nexus 5X Build/MMB29P) AppleWebKit/537.36 (KHTML, like Gecko) Chrome/131.0.6778.204 Mobile Safari/537.36 (compatible; Googlebot/2.1; +http://www.google.com/bot.html)"
66.249.72.4 - - [22/Dec/2024:13:23:47 +0000] "GET /97602306078.shtml HTTP/1.1" 200 25542 "-" "Mozilla/5.0 (Linux; Android 6.0.1; Nexus 5X Build/MMB29P) AppleWebKit/537.36 (KHTML, like Gecko) Chrome/131.0.6778.204 Mobile Safari/537.36 (compatible; Googlebot/2.1; +http://www.google.com/bot.html)"
5.252.162.219 - - [22/Dec/2024:13:31:28 +0000] "GET /index_contact.php?id=Contact%20Us%09%092024-06-18+20:55%09Ready+contact+form+successfully+found+/+Requires+captcha+input%09http://britanniabd.com%09%09%09%09%09 HTTP/1.1" 403 1242 "-" "Mozilla/5.0 (X11; Linux x86_64) AppleWebKit/537.36 (KHTML, like Gecko) Chrome/114.0.0.0 Safari/537.36"
5.252.162.219 - - [22/Dec/2024:13:31:29 +0000] "GET /index_contact.php?id=Contact%20Us HTTP/1.1" 403 1242 "http://britanniabd.com/index_contact.php?id=Contact%20Us%09%092024-06-18+20:55%09Ready+contact+form+successfully+found+/+Requires+captcha+input%09http://britanniabd.com%09%09%09%09%09" "Mozilla/5.0 (X11; Linux x86_64) AppleWebKit/537.36 (KHTML, like Gecko) Chrome/114.0.0.0 Safari/537.36"
66.249.72.3 - - [22/Dec/2024:13:33:59 +0000] "GET /50781471173.shtml HTTP/1.1" 200 21685 "-" "Mozilla/5.0 (Linux; Android 6.0.1; Nexus 5X Build/MMB29P) AppleWebKit/537.36 (KHTML, like Gecko) Chrome/131.0.6778.204 Mobile Safari/537.36 (compatible; Googlebot/2.1; +http://www.google.com/bot.html)"
66.249.72.3 - - [22/Dec/2024:13:34:51 +0000] "GET /206881215595.shtml HTTP/1.1" 200 22117 "-" "Mozilla/5.0 (Linux; Android 6.0.1; Nexus 5X Build/MMB29P) AppleWebKit/537.36 (KHTML, like Gecko) Chrome/131.0.6778.85 Mobile Safari/537.36 (compatible; Googlebot/2.1; +http://www.google.com/bot.html)"
66.249.72.4 - - [22/Dec/2024:13:37:22 +0000] "GET /61977816282.shtml HTTP/1.1" 200 20149 "-" "Mozilla/5.0 (Linux; Android 6.0.1; Nexus 5X Build/MMB29P) AppleWebKit/537.36 (KHTML, like Gecko) Chrome/131.0.6778.85 Mobile Safari/537.36 (compatible; Googlebot/2.1; +http://www.google.com/bot.html)"
66.249.72.4 - - [22/Dec/2024:13:38:39 +0000] "GET /92485958379.shtml HTTP/1.1" 200 20622 "-" "Mozilla/5.0 (Linux; Android 6.0.1; Nexus 5X Build/MMB29P) AppleWebKit/537.36 (KHTML, like Gecko) Chrome/131.0.6778.85 Mobile Safari/537.36 (compatible; Googlebot/2.1; +http://www.google.com/bot.html)"
66.249.72.5 - - [22/Dec/2024:13:44:18 +0000] "GET /46822264373.shtml HTTP/1.1" 200 24124 "-" "Mozilla/5.0 (Linux; Android 6.0.1; Nexus 5X Build/MMB29P) AppleWebKit/537.36 (KHTML, like Gecko) Chrome/131.0.6778.204 Mobile Safari/537.36 (compatible; Googlebot/2.1; +http://www.google.com/bot.html)"
66.249.72.3 - - [22/Dec/2024:13:56:47 +0000] "GET /280121961519.shtml HTTP/1.1" 200 20777 "-" "Mozilla/5.0 (Linux; Android 6.0.1; Nexus 5X Build/MMB29P) AppleWebKit/537.36 (KHTML, like Gecko) Chrome/131.0.6778.204 Mobile Safari/537.36 (compatible; Googlebot/2.1; +http://www.google.com/bot.html)"
170.10.163.183 - - [22/Dec/2024:13:58:51 +0000] "GET /.well-known/acme-challenge/BWX_ZD23EMST-IABEM9OIKHHXKNGIY1P HTTP/1.1" 200 64 "-" "Cpanel-HTTP-Client/1.0"
170.10.163.183 - - [22/Dec/2024:13:58:56 +0000] "GET /.well-known/acme-challenge/0QT092CWOK2MAYU-0-8C4DRSQ9U696DG HTTP/1.1" 200 64 "-" "Cpanel-HTTP-Client/1.0"
66.249.72.4 - - [22/Dec/2024:13:22:46 +0000] "GET /456021027363.shtml HTTP/1.1" 200 20917 "-" "Mozilla/5.0 (Linux; Android 6.0.1; Nexus 5X Build/MMB29P) AppleWebKit/537.36 (KHTML, like Gecko) Chrome/131.0.6778.204 Mobile Safari/537.36 (compatible; Googlebot/2.1; +http://www.google.com/bot.html)"
66.249.72.4 - - [22/Dec/2024:13:27:17 +0000] "GET /56389264317.shtml HTTP/1.1" 200 24100 "-" "Mozilla/5.0 (Linux; Android 6.0.1; Nexus 5X Build/MMB29P) AppleWebKit/537.36 (KHTML, like Gecko) Chrome/131.0.6778.204 Mobile Safari/537.36 (compatible; Googlebot/2.1; +http://www.google.com/bot.html)"
5.252.162.219 - - [22/Dec/2024:13:31:28 +0000] "GET / HTTP/1.1" 200 2544 "-" "Mozilla/5.0 (X11; Linux x86_64) AppleWebKit/537.36 (KHTML, like Gecko) Chrome/114.0.0.0 Safari/537.36"
66.249.72.3 - - [22/Dec/2024:13:39:47 +0000] "GET /08891204052.shtml HTTP/1.1" 200 22060 "-" "Mozilla/5.0 (Linux; Android 6.0.1; Nexus 5X Build/MMB29P) AppleWebKit/537.36 (KHTML, like Gecko) Chrome/131.0.6778.204 Mobile Safari/537.36 (compatible; Googlebot/2.1; +http://www.google.com/bot.html)"
66.249.72.5 - - [22/Dec/2024:13:40:25 +0000] "GET /11506288144.shtml HTTP/1.1" 200 20416 "-" "Mozilla/5.0 (Linux; Android 6.0.1; Nexus 5X Build/MMB29P) AppleWebKit/537.36 (KHTML, like Gecko) Chrome/131.0.6778.204 Mobile Safari/537.36 (compatible; Googlebot/2.1; +http://www.google.com/bot.html)"
43.153.73.200 - - [22/Dec/2024:13:44:09 +0000] "GET / HTTP/1.1" 200 2886 "-" "Mozilla/5.0 (iPhone; CPU iPhone OS 13_2_3 like Mac OS X) AppleWebKit/605.1.15 (KHTML, like Gecko) Version/13.0.3 Mobile/15E148 Safari/604.1"
66.249.72.3 - - [22/Dec/2024:13:50:01 +0000] "GET /91820264378.shtml HTTP/1.1" 200 22888 "-" "Mozilla/5.0 (Linux; Android 6.0.1; Nexus 5X Build/MMB29P) AppleWebKit/537.36 (KHTML, like Gecko) Chrome/131.0.6778.204 Mobile Safari/537.36 (compatible; Googlebot/2.1; +http://www.google.com/bot.html)"
146.70.181.228 - - [22/Dec/2024:13:55:26 +0000] "GET /index_pages.php?id=Commitment HTTP/1.0" 200 9057 "http://britanniabd.com/index_pages.php?id=Commitment" "Mozilla/5.0 (Windows NT 10.0.0; Win64; x64; ) AppleWebKit/537.36 (KHTML, like Gecko) Chrome/124.0.6367.91 Chrome/124.0.6367.91 Not-A.Brand/99  Safari/537.36"
66.249.72.3 - - [22/Dec/2024:13:55:47 +0000] "GET /278171906155.shtml HTTP/1.1" 200 22643 "-" "Mozilla/5.0 (Linux; Android 6.0.1; Nexus 5X Build/MMB29P) AppleWebKit/537.36 (KHTML, like Gecko) Chrome/131.0.6778.204 Mobile Safari/537.36 (compatible; Googlebot/2.1; +http://www.google.com/bot.html)"
66.249.72.4 - - [22/Dec/2024:13:56:21 +0000] "GET /05117302744.shtml HTTP/1.1" 200 23676 "-" "Mozilla/5.0 (Linux; Android 6.0.1; Nexus 5X Build/MMB29P) AppleWebKit/537.36 (KHTML, like Gecko) Chrome/131.0.6778.204 Mobile Safari/537.36 (compatible; Googlebot/2.1; +http://www.google.com/bot.html)"
170.10.163.183 - - [22/Dec/2024:13:58:56 +0000] "GET /.well-known/acme-challenge/I8T4JC98T5CWPFJPGAQTBGZQU8IWERDB HTTP/1.1" 200 64 "-" "Cpanel-HTTP-Client/1.0"
170.10.163.183 - - [22/Dec/2024:13:58:56 +0000] "GET /.well-known/acme-challenge/O2QFQXPH58MTFCBRWO6NSRY1U66_8OAL HTTP/1.1" 200 64 "-" "Cpanel-HTTP-Client/1.0"
170.10.163.183 - - [22/Dec/2024:13:58:56 +0000] "GET /.well-known/acme-challenge/RYZ77-ACBX_WHWN3DCLPA1YFT-E5O1X0 HTTP/1.1" 200 64 "-" "Cpanel-HTTP-Client/1.0"
66.249.72.3 - - [22/Dec/2024:14:05:09 +0000] "GET /91444148571.shtml HTTP/1.1" 200 22165 "-" "Mozilla/5.0 (Linux; Android 6.0.1; Nexus 5X Build/MMB29P) AppleWebKit/537.36 (KHTML, like Gecko) Chrome/131.0.6778.204 Mobile Safari/537.36 (compatible; Googlebot/2.1; +http://www.google.com/bot.html)"
66.249.72.4 - - [22/Dec/2024:14:05:29 +0000] "GET /73253264347.shtml HTTP/1.1" 200 24666 "-" "Mozilla/5.0 (Linux; Android 6.0.1; Nexus 5X Build/MMB29P) AppleWebKit/537.36 (KHTML, like Gecko) Chrome/131.0.6778.204 Mobile Safari/537.36 (compatible; Googlebot/2.1; +http://www.google.com/bot.html)"
66.249.72.4 - - [22/Dec/2024:13:55:59 +0000] "GET /27340666454.shtml HTTP/1.1" 200 20527 "-" "Mozilla/5.0 (Linux; Android 6.0.1; Nexus 5X Build/MMB29P) AppleWebKit/537.36 (KHTML, like Gecko) Chrome/131.0.6778.204 Mobile Safari/537.36 (compatible; Googlebot/2.1; +http://www.google.com/bot.html)"
170.10.163.183 - - [22/Dec/2024:13:58:56 +0000] "GET /.well-known/acme-challenge/W5RUKTI-K83NNBU0TN_UA0Y8_UJQBLP4 HTTP/1.1" 200 64 "-" "Cpanel-HTTP-Client/1.0"
170.10.163.183 - - [22/Dec/2024:13:58:56 +0000] "GET /.well-known/acme-challenge/POOS4XK7FATDQI_ILJNL7I1WMFLTCPVG HTTP/1.1" 200 64 "-" "Cpanel-HTTP-Client/1.0"
66.249.72.3 - - [22/Dec/2024:14:02:00 +0000] "GET /07987436595.shtml HTTP/1.1" 200 23495 "-" "Mozilla/5.0 (Linux; Android 6.0.1; Nexus 5X Build/MMB29P) AppleWebKit/537.36 (KHTML, like Gecko) Chrome/131.0.6778.204 Mobile Safari/537.36 (compatible; Googlebot/2.1; +http://www.google.com/bot.html)"
66.249.72.4 - - [22/Dec/2024:14:02:15 +0000] "GET /07598550124.shtml HTTP/1.1" 200 23189 "-" "Mozilla/5.0 (Linux; Android 6.0.1; Nexus 5X Build/MMB29P) AppleWebKit/537.36 (KHTML, like Gecko) Chrome/131.0.6778.204 Mobile Safari/537.36 (compatible; Googlebot/2.1; +http://www.google.com/bot.html)"
66.249.72.3 - - [22/Dec/2024:14:02:18 +0000] "GET /00903934156.shtml HTTP/1.1" 200 21663 "-" "Mozilla/5.0 (Linux; Android 6.0.1; Nexus 5X Build/MMB29P) AppleWebKit/537.36 (KHTML, like Gecko) Chrome/131.0.6778.204 Mobile Safari/537.36 (compatible; Googlebot/2.1; +http://www.google.com/bot.html)"
66.249.72.4 - - [22/Dec/2024:14:02:19 +0000] "GET /64462163160.shtml HTTP/1.1" 200 22099 "-" "Mozilla/5.0 (Linux; Android 6.0.1; Nexus 5X Build/MMB29P) AppleWebKit/537.36 (KHTML, like Gecko) Chrome/131.0.6778.204 Mobile Safari/537.36 (compatible; Googlebot/2.1; +http://www.google.com/bot.html)"
66.249.72.3 - - [22/Dec/2024:14:02:19 +0000] "GET /12386989520.shtml HTTP/1.1" 200 20399 "-" "Mozilla/5.0 (Linux; Android 6.0.1; Nexus 5X Build/MMB29P) AppleWebKit/537.36 (KHTML, like Gecko) Chrome/131.0.6778.204 Mobile Safari/537.36 (compatible; Googlebot/2.1; +http://www.google.com/bot.html)"
66.249.72.5 - - [22/Dec/2024:14:06:21 +0000] "GET /61841911033.shtml HTTP/1.1" 200 21302 "-" "Mozilla/5.0 (Linux; Android 6.0.1; Nexus 5X Build/MMB29P) AppleWebKit/537.36 (KHTML, like Gecko) Chrome/131.0.6778.204 Mobile Safari/537.36 (compatible; Googlebot/2.1; +http://www.google.com/bot.html)"
66.249.72.3 - - [22/Dec/2024:14:08:16 +0000] "GET /22690163166.shtml HTTP/1.1" 200 21962 "-" "Mozilla/5.0 (Linux; Android 6.0.1; Nexus 5X Build/MMB29P) AppleWebKit/537.36 (KHTML, like Gecko) Chrome/131.0.6778.204 Mobile Safari/537.36 (compatible; Googlebot/2.1; +http://www.google.com/bot.html)"
66.249.72.4 - - [22/Dec/2024:14:11:18 +0000] "GET /980711071573.shtml HTTP/1.1" 200 19993 "-" "Mozilla/5.0 (Linux; Android 6.0.1; Nexus 5X Build/MMB29P) AppleWebKit/537.36 (KHTML, like Gecko) Chrome/131.0.6778.204 Mobile Safari/537.36 (compatible; Googlebot/2.1; +http://www.google.com/bot.html)"
66.249.72.5 - - [22/Dec/2024:14:16:01 +0000] "GET /3732235042.shtml HTTP/1.1" 200 25206 "-" "Mozilla/5.0 (Linux; Android 6.0.1; Nexus 5X Build/MMB29P) AppleWebKit/537.36 (KHTML, like Gecko) Chrome/131.0.6778.204 Mobile Safari/537.36 (compatible; Googlebot/2.1; +http://www.google.com/bot.html)"
170.10.163.183 - - [22/Dec/2024:13:58:56 +0000] "GET /.well-known/acme-challenge/4086RNBL36GA6WDZQ55-U89YDGPUH08J HTTP/1.1" 200 64 "-" "Cpanel-HTTP-Client/1.0"
170.10.163.183 - - [22/Dec/2024:13:58:56 +0000] "GET /.well-known/acme-challenge/I4POZCGV48NNUKC9-G_1NOPFCZ__KWEH HTTP/1.1" 200 64 "-" "Cpanel-HTTP-Client/1.0"
66.249.72.3 - - [22/Dec/2024:14:12:48 +0000] "GET /87358163162.shtml HTTP/1.1" 200 22054 "-" "Mozilla/5.0 (Linux; Android 6.0.1; Nexus 5X Build/MMB29P) AppleWebKit/537.36 (KHTML, like Gecko) Chrome/131.0.6778.204 Mobile Safari/537.36 (compatible; Googlebot/2.1; +http://www.google.com/bot.html)"
66.249.72.4 - - [22/Dec/2024:14:13:05 +0000] "GET /92241163165.shtml HTTP/1.1" 200 21952 "-" "Mozilla/5.0 (Linux; Android 6.0.1; Nexus 5X Build/MMB29P) AppleWebKit/537.36 (KHTML, like Gecko) Chrome/131.0.6778.204 Mobile Safari/537.36 (compatible; Googlebot/2.1; +http://www.google.com/bot.html)"
66.249.72.3 - - [22/Dec/2024:14:08:59 +0000] "GET /902891957028.shtml HTTP/1.1" 200 23846 "-" "Mozilla/5.0 (Linux; Android 6.0.1; Nexus 5X Build/MMB29P) AppleWebKit/537.36 (KHTML, like Gecko) Chrome/131.0.6778.204 Mobile Safari/537.36 (compatible; Googlebot/2.1; +http://www.google.com/bot.html)"
66.249.72.3 - - [22/Dec/2024:14:09:00 +0000] "GET /02852285055.shtml HTTP/1.1" 200 22617 "-" "Mozilla/5.0 (Linux; Android 6.0.1; Nexus 5X Build/MMB29P) AppleWebKit/537.36 (KHTML, like Gecko) Chrome/131.0.6778.204 Mobile Safari/537.36 (compatible; Googlebot/2.1; +http://www.google.com/bot.html)"
66.249.72.3 - - [22/Dec/2024:14:09:19 +0000] "GET /287981668884.shtml HTTP/1.1" 200 21388 "-" "Mozilla/5.0 (Linux; Android 6.0.1; Nexus 5X Build/MMB29P) AppleWebKit/537.36 (KHTML, like Gecko) Chrome/131.0.6778.204 Mobile Safari/537.36 (compatible; Googlebot/2.1; +http://www.google.com/bot.html)"
66.249.72.3 - - [22/Dec/2024:14:14:26 +0000] "GET /30097360909.shtml HTTP/1.1" 200 21761 "-" "Mozilla/5.0 (Linux; Android 6.0.1; Nexus 5X Build/MMB29P) AppleWebKit/537.36 (KHTML, like Gecko) Chrome/131.0.6778.204 Mobile Safari/537.36 (compatible; Googlebot/2.1; +http://www.google.com/bot.html)"
66.249.72.3 - - [22/Dec/2024:14:15:09 +0000] "GET /220081236900.shtml HTTP/1.1" 200 22318 "-" "Mozilla/5.0 (Linux; Android 6.0.1; Nexus 5X Build/MMB29P) AppleWebKit/537.36 (KHTML, like Gecko) Chrome/131.0.6778.204 Mobile Safari/537.36 (compatible; Googlebot/2.1; +http://www.google.com/bot.html)"
216.244.66.228 - - [22/Dec/2024:14:21:42 +0000] "GET /robots.txt HTTP/1.1" 200 69 "-" "Mozilla/5.0 (compatible; DotBot/1.2; +https://opensiteexplorer.org/dotbot; help@moz.com)"
66.249.72.5 - - [22/Dec/2024:14:18:27 +0000] "GET /20894264342.shtml HTTP/1.1" 200 23247 "-" "Mozilla/5.0 (Linux; Android 6.0.1; Nexus 5X Build/MMB29P) AppleWebKit/537.36 (KHTML, like Gecko) Chrome/131.0.6778.204 Mobile Safari/537.36 (compatible; Googlebot/2.1; +http://www.google.com/bot.html)"
66.249.72.5 - - [22/Dec/2024:14:26:00 +0000] "GET /320891065206.shtml HTTP/1.1" 200 20462 "-" "Mozilla/5.0 (Linux; Android 6.0.1; Nexus 5X Build/MMB29P) AppleWebKit/537.36 (KHTML, like Gecko) Chrome/131.0.6778.204 Mobile Safari/537.36 (compatible; Googlebot/2.1; +http://www.google.com/bot.html)"
66.249.72.3 - - [22/Dec/2024:14:35:14 +0000] "GET /86174163153.shtml HTTP/1.1" 200 22028 "-" "Mozilla/5.0 (Linux; Android 6.0.1; Nexus 5X Build/MMB29P) AppleWebKit/537.36 (KHTML, like Gecko) Chrome/131.0.6778.204 Mobile Safari/537.36 (compatible; Googlebot/2.1; +http://www.google.com/bot.html)"
216.244.66.228 - - [22/Dec/2024:14:31:34 +0000] "GET /index_pages.php?id=Twill%20Tape HTTP/1.1" 200 9057 "-" "Mozilla/5.0 (compatible; DotBot/1.2; +https://opensiteexplorer.org/dotbot; help@moz.com)"
66.249.72.3 - - [22/Dec/2024:14:28:00 +0000] "GET /07161597311.shtml HTTP/1.1" 200 20892 "-" "Mozilla/5.0 (Linux; Android 6.0.1; Nexus 5X Build/MMB29P) AppleWebKit/537.36 (KHTML, like Gecko) Chrome/131.0.6778.204 Mobile Safari/537.36 (compatible; Googlebot/2.1; +http://www.google.com/bot.html)"
66.249.72.5 - - [22/Dec/2024:14:46:11 +0000] "GET /71079699337.shtml HTTP/1.1" 200 21492 "-" "Mozilla/5.0 (Linux; Android 6.0.1; Nexus 5X Build/MMB29P) AppleWebKit/537.36 (KHTML, like Gecko) Chrome/131.0.6778.204 Mobile Safari/537.36 (compatible; Googlebot/2.1; +http://www.google.com/bot.html)"
66.249.72.5 - - [22/Dec/2024:14:51:01 +0000] "GET /727921885833.shtml HTTP/1.1" 200 20851 "-" "Mozilla/5.0 (Linux; Android 6.0.1; Nexus 5X Build/MMB29P) AppleWebKit/537.36 (KHTML, like Gecko) Chrome/131.0.6778.204 Mobile Safari/537.36 (compatible; Googlebot/2.1; +http://www.google.com/bot.html)"
165.154.254.150 - - [22/Dec/2024:14:51:26 +0000] "GET / HTTP/1.1" 200 9057 "-" "Embarcadero URI Client/1.0"
66.249.72.5 - - [22/Dec/2024:14:52:12 +0000] "GET /231791979040.shtml HTTP/1.1" 200 23104 "-" "Mozilla/5.0 (Linux; Android 6.0.1; Nexus 5X Build/MMB29P) AppleWebKit/537.36 (KHTML, like Gecko) Chrome/131.0.6778.204 Mobile Safari/537.36 (compatible; Googlebot/2.1; +http://www.google.com/bot.html)"
66.249.72.3 - - [22/Dec/2024:14:52:58 +0000] "GET /47754340587.shtml HTTP/1.1" 200 22165 "-" "Mozilla/5.0 (Linux; Android 6.0.1; Nexus 5X Build/MMB29P) AppleWebKit/537.36 (KHTML, like Gecko) Chrome/131.0.6778.204 Mobile Safari/537.36 (compatible; Googlebot/2.1; +http://www.google.com/bot.html)"
66.249.72.5 - - [22/Dec/2024:14:43:48 +0000] "GET /262771485855.shtml HTTP/1.1" 200 23060 "-" "Mozilla/5.0 (Linux; Android 6.0.1; Nexus 5X Build/MMB29P) AppleWebKit/537.36 (KHTML, like Gecko) Chrome/131.0.6778.204 Mobile Safari/537.36 (compatible; Googlebot/2.1; +http://www.google.com/bot.html)"
66.249.72.3 - - [22/Dec/2024:14:44:09 +0000] "GET /51167163164.shtml HTTP/1.1" 200 21877 "-" "Mozilla/5.0 (Linux; Android 6.0.1; Nexus 5X Build/MMB29P) AppleWebKit/537.36 (KHTML, like Gecko) Chrome/131.0.6778.204 Mobile Safari/537.36 (compatible; Googlebot/2.1; +http://www.google.com/bot.html)"
66.249.72.5 - - [22/Dec/2024:14:56:14 +0000] "GET /72461990570.shtml HTTP/1.1" 200 25003 "-" "Mozilla/5.0 (Linux; Android 6.0.1; Nexus 5X Build/MMB29P) AppleWebKit/537.36 (KHTML, like Gecko) Chrome/131.0.6778.204 Mobile Safari/537.36 (compatible; Googlebot/2.1; +http://www.google.com/bot.html)"
34.23.234.93 - - [22/Dec/2024:15:02:31 +0000] "GET /robots.txt HTTP/1.0" 200 89 "-" "ZoominfoBot (zoominfobot at zoominfo dot com)"
34.23.234.93 - - [22/Dec/2024:15:02:32 +0000] "GET / HTTP/1.0" 200 2880 "-" "ZoominfoBot (zoominfobot at zoominfo dot com)"
66.249.72.4 - - [22/Dec/2024:15:15:00 +0000] "GET /80640797504.shtml HTTP/1.1" 200 20916 "-" "Mozilla/5.0 (Linux; Android 6.0.1; Nexus 5X Build/MMB29P) AppleWebKit/537.36 (KHTML, like Gecko) Chrome/131.0.6778.204 Mobile Safari/537.36 (compatible; Googlebot/2.1; +http://www.google.com/bot.html)"
77.237.238.88 - - [22/Dec/2024:15:04:41 +0000] "GET /wp-login.php HTTP/1.1" 200 2880 "-" "Mozilla/5.0 (X11; Fedora; Linux x86_64; rv:94.0) Gecko/20100101 Firefox/95.0"
66.249.72.3 - - [22/Dec/2024:15:11:29 +0000] "GET /568101503789.shtml HTTP/1.1" 200 23087 "-" "Mozilla/5.0 (Linux; Android 6.0.1; Nexus 5X Build/MMB29P) AppleWebKit/537.36 (KHTML, like Gecko) Chrome/131.0.6778.204 Mobile Safari/537.36 (compatible; Googlebot/2.1; +http://www.google.com/bot.html)"
66.249.72.4 - - [22/Dec/2024:15:21:27 +0000] "GET /77792247380.shtml HTTP/1.1" 200 21079 "-" "Mozilla/5.0 (Linux; Android 6.0.1; Nexus 5X Build/MMB29P) AppleWebKit/537.36 (KHTML, like Gecko) Chrome/131.0.6778.204 Mobile Safari/537.36 (compatible; Googlebot/2.1; +http://www.google.com/bot.html)"
114.119.132.114 - - [22/Dec/2024:15:22:47 +0000] "GET /index_pages.php?id=Hangtag HTTP/1.1" 200 2886 "http://www.britanniabd.com/index_pages.php?id=Twill%20Tape" "Mozilla/5.0 (Linux; Android 7.0;) AppleWebKit/537.36 (KHTML, like Gecko) Mobile Safari/537.36 (compatible; PetalBot;+https://webmaster.petalsearch.com/site/petalbot)"
180.102.134.69 - - [22/Dec/2024:15:26:32 +0000] "GET / HTTP/1.1" 200 2886 "-" "Mozilla/5.0 (iPhone; CPU iPhone OS 13_2_3 like Mac OS X) AppleWebKit/605.1.15 (KHTML, like Gecko) Version/13.0.3 Mobile/15E148 Safari/604.1"
66.249.72.4 - - [22/Dec/2024:15:27:17 +0000] "GET /41448264320.shtml HTTP/1.1" 200 22502 "-" "Mozilla/5.0 (Linux; Android 6.0.1; Nexus 5X Build/MMB29P) AppleWebKit/537.36 (KHTML, like Gecko) Chrome/131.0.6778.204 Mobile Safari/537.36 (compatible; Googlebot/2.1; +http://www.google.com/bot.html)"
66.249.72.4 - - [22/Dec/2024:15:19:12 +0000] "GET /90287163156.shtml HTTP/1.1" 200 22082 "-" "Mozilla/5.0 (Linux; Android 6.0.1; Nexus 5X Build/MMB29P) AppleWebKit/537.36 (KHTML, like Gecko) Chrome/131.0.6778.204 Mobile Safari/537.36 (compatible; Googlebot/2.1; +http://www.google.com/bot.html)"
66.249.72.5 - - [22/Dec/2024:15:20:27 +0000] "GET /92114264313.shtml HTTP/1.1" 200 23642 "-" "Mozilla/5.0 (Linux; Android 6.0.1; Nexus 5X Build/MMB29P) AppleWebKit/537.36 (KHTML, like Gecko) Chrome/131.0.6778.204 Mobile Safari/537.36 (compatible; Googlebot/2.1; +http://www.google.com/bot.html)"
66.249.72.3 - - [22/Dec/2024:15:21:10 +0000] "GET /12177131050.shtml HTTP/1.1" 200 21570 "-" "Mozilla/5.0 (Linux; Android 6.0.1; Nexus 5X Build/MMB29P) AppleWebKit/537.36 (KHTML, like Gecko) Chrome/131.0.6778.204 Mobile Safari/537.36 (compatible; Googlebot/2.1; +http://www.google.com/bot.html)"
66.249.72.4 - - [22/Dec/2024:15:36:16 +0000] "GET /2765193207.shtml HTTP/1.1" 200 21157 "-" "Mozilla/5.0 (Linux; Android 6.0.1; Nexus 5X Build/MMB29P) AppleWebKit/537.36 (KHTML, like Gecko) Chrome/131.0.6778.204 Mobile Safari/537.36 (compatible; Googlebot/2.1; +http://www.google.com/bot.html)"
66.249.72.3 - - [22/Dec/2024:15:41:00 +0000] "GET /841111103049.shtml HTTP/1.1" 200 21931 "-" "Mozilla/5.0 (Linux; Android 6.0.1; Nexus 5X Build/MMB29P) AppleWebKit/537.36 (KHTML, like Gecko) Chrome/131.0.6778.204 Mobile Safari/537.36 (compatible; Googlebot/2.1; +http://www.google.com/bot.html)"
66.249.72.5 - - [22/Dec/2024:15:46:00 +0000] "GET /02584225075.shtml HTTP/1.1" 200 21748 "-" "Mozilla/5.0 (Linux; Android 6.0.1; Nexus 5X Build/MMB29P) AppleWebKit/537.36 (KHTML, like Gecko) Chrome/131.0.6778.204 Mobile Safari/537.36 (compatible; Googlebot/2.1; +http://www.google.com/bot.html)"
66.249.72.3 - - [22/Dec/2024:15:46:58 +0000] "GET /93232416273.shtml HTTP/1.1" 200 25035 "-" "Mozilla/5.0 (Linux; Android 6.0.1; Nexus 5X Build/MMB29P) AppleWebKit/537.36 (KHTML, like Gecko) Chrome/131.0.6778.204 Mobile Safari/537.36 (compatible; Googlebot/2.1; +http://www.google.com/bot.html)"
66.249.72.4 - - [22/Dec/2024:15:38:58 +0000] "GET /199191789825.shtml HTTP/1.1" 200 21732 "-" "Mozilla/5.0 (Linux; Android 6.0.1; Nexus 5X Build/MMB29P) AppleWebKit/537.36 (KHTML, like Gecko) Chrome/131.0.6778.204 Mobile Safari/537.36 (compatible; Googlebot/2.1; +http://www.google.com/bot.html)"
66.249.72.4 - - [22/Dec/2024:15:39:48 +0000] "GET /63998244579.shtml HTTP/1.1" 200 23395 "-" "Mozilla/5.0 (Linux; Android 6.0.1; Nexus 5X Build/MMB29P) AppleWebKit/537.36 (KHTML, like Gecko) Chrome/131.0.6778.204 Mobile Safari/537.36 (compatible; Googlebot/2.1; +http://www.google.com/bot.html)"
66.249.72.3 - - [22/Dec/2024:15:43:26 +0000] "GET /970921696618.shtml HTTP/1.1" 200 22140 "-" "Mozilla/5.0 (Linux; Android 6.0.1; Nexus 5X Build/MMB29P) AppleWebKit/537.36 (KHTML, like Gecko) Chrome/131.0.6778.204 Mobile Safari/537.36 (compatible; Googlebot/2.1; +http://www.google.com/bot.html)"
66.249.72.3 - - [22/Dec/2024:15:49:57 +0000] "GET /68720264361.shtml HTTP/1.1" 200 24226 "-" "Mozilla/5.0 (Linux; Android 6.0.1; Nexus 5X Build/MMB29P) AppleWebKit/537.36 (KHTML, like Gecko) Chrome/131.0.6778.204 Mobile Safari/537.36 (compatible; Googlebot/2.1; +http://www.google.com/bot.html)"
66.249.72.3 - - [22/Dec/2024:16:15:11 +0000] "GET /98003587967.shtml HTTP/1.1" 200 22677 "-" "Mozilla/5.0 (Linux; Android 6.0.1; Nexus 5X Build/MMB29P) AppleWebKit/537.36 (KHTML, like Gecko) Chrome/131.0.6778.204 Mobile Safari/537.36 (compatible; Googlebot/2.1; +http://www.google.com/bot.html)"
66.249.72.5 - - [22/Dec/2024:16:19:00 +0000] "GET /42817864432.shtml HTTP/1.1" 200 21264 "-" "Mozilla/5.0 (Linux; Android 6.0.1; Nexus 5X Build/MMB29P) AppleWebKit/537.36 (KHTML, like Gecko) Chrome/131.0.6778.204 Mobile Safari/537.36 (compatible; Googlebot/2.1; +http://www.google.com/bot.html)"
66.249.72.5 - - [22/Dec/2024:16:10:48 +0000] "GET /88277759317.shtml HTTP/1.1" 200 21740 "-" "Mozilla/5.0 (Linux; Android 6.0.1; Nexus 5X Build/MMB29P) AppleWebKit/537.36 (KHTML, like Gecko) Chrome/131.0.6778.204 Mobile Safari/537.36 (compatible; Googlebot/2.1; +http://www.google.com/bot.html)"
66.249.72.4 - - [22/Dec/2024:16:10:59 +0000] "GET /71108494760.shtml HTTP/1.1" 200 22016 "-" "Mozilla/5.0 (Linux; Android 6.0.1; Nexus 5X Build/MMB29P) AppleWebKit/537.36 (KHTML, like Gecko) Chrome/131.0.6778.204 Mobile Safari/537.36 (compatible; Googlebot/2.1; +http://www.google.com/bot.html)"
66.249.72.4 - - [22/Dec/2024:16:14:26 +0000] "GET /81882969198.shtml HTTP/1.1" 200 20533 "-" "Mozilla/5.0 (Linux; Android 6.0.1; Nexus 5X Build/MMB29P) AppleWebKit/537.36 (KHTML, like Gecko) Chrome/131.0.6778.204 Mobile Safari/537.36 (compatible; Googlebot/2.1; +http://www.google.com/bot.html)"
34.23.234.93 - - [22/Dec/2024:16:21:00 +0000] "GET / HTTP/1.0" 200 2880 "-" "ZoominfoBot (zoominfobot at zoominfo dot com)"
84.239.27.148 - - [22/Dec/2024:16:09:18 +0000] "GET /.env HTTP/1.1" 200 2880 "-" "Mozilla/5.0 (Macintosh; Intel Mac OS X 10.15; rv:77.0) Gecko/20100101 Firefox/77.0"
66.249.72.5 - - [22/Dec/2024:16:12:58 +0000] "GET /861091152576.shtml HTTP/1.1" 200 20225 "-" "Mozilla/5.0 (Linux; Android 6.0.1; Nexus 5X Build/MMB29P) AppleWebKit/537.36 (KHTML, like Gecko) Chrome/131.0.6778.204 Mobile Safari/537.36 (compatible; Googlebot/2.1; +http://www.google.com/bot.html)"
66.249.72.5 - - [22/Dec/2024:16:13:17 +0000] "GET /28114163161.shtml HTTP/1.1" 200 22105 "-" "Mozilla/5.0 (Linux; Android 6.0.1; Nexus 5X Build/MMB29P) AppleWebKit/537.36 (KHTML, like Gecko) Chrome/131.0.6778.204 Mobile Safari/537.36 (compatible; Googlebot/2.1; +http://www.google.com/bot.html)"
66.249.72.4 - - [22/Dec/2024:16:19:06 +0000] "GET /370671855002.shtml HTTP/1.1" 200 20589 "-" "Mozilla/5.0 (Linux; Android 6.0.1; Nexus 5X Build/MMB29P) AppleWebKit/537.36 (KHTML, like Gecko) Chrome/131.0.6778.204 Mobile Safari/537.36 (compatible; Googlebot/2.1; +http://www.google.com/bot.html)"
34.23.234.93 - - [22/Dec/2024:16:20:59 +0000] "GET /robots.txt HTTP/1.0" 200 85 "-" "ZoominfoBot (zoominfobot at zoominfo dot com)"
66.249.72.5 - - [22/Dec/2024:16:26:21 +0000] "GET /483501542445.shtml HTTP/1.1" 200 22817 "-" "Mozilla/5.0 (Linux; Android 6.0.1; Nexus 5X Build/MMB29P) AppleWebKit/537.36 (KHTML, like Gecko) Chrome/131.0.6778.204 Mobile Safari/537.36 (compatible; Googlebot/2.1; +http://www.google.com/bot.html)"
66.249.72.5 - - [22/Dec/2024:16:28:18 +0000] "GET /09260369147.shtml HTTP/1.1" 200 23765 "-" "Mozilla/5.0 (Linux; Android 6.0.1; Nexus 5X Build/MMB29P) AppleWebKit/537.36 (KHTML, like Gecko) Chrome/131.0.6778.204 Mobile Safari/537.36 (compatible; Googlebot/2.1; +http://www.google.com/bot.html)"
66.249.72.3 - - [22/Dec/2024:16:32:15 +0000] "GET /76432852868.shtml HTTP/1.1" 200 22011 "-" "Mozilla/5.0 (Linux; Android 6.0.1; Nexus 5X Build/MMB29P) AppleWebKit/537.36 (KHTML, like Gecko) Chrome/131.0.6778.204 Mobile Safari/537.36 (compatible; Googlebot/2.1; +http://www.google.com/bot.html)"
66.249.72.4 - - [22/Dec/2024:16:34:24 +0000] "GET /499341689907.shtml HTTP/1.1" 200 22684 "-" "Mozilla/5.0 (Linux; Android 6.0.1; Nexus 5X Build/MMB29P) AppleWebKit/537.36 (KHTML, like Gecko) Chrome/131.0.6778.204 Mobile Safari/537.36 (compatible; Googlebot/2.1; +http://www.google.com/bot.html)"
66.249.72.4 - - [22/Dec/2024:16:38:47 +0000] "GET /84812264310.shtml HTTP/1.1" 200 23750 "-" "Mozilla/5.0 (Linux; Android 6.0.1; Nexus 5X Build/MMB29P) AppleWebKit/537.36 (KHTML, like Gecko) Chrome/131.0.6778.204 Mobile Safari/537.36 (compatible; Googlebot/2.1; +http://www.google.com/bot.html)"
66.249.72.4 - - [22/Dec/2024:16:39:00 +0000] "GET /31900817826.shtml HTTP/1.1" 200 19807 "-" "Mozilla/5.0 (Linux; Android 6.0.1; Nexus 5X Build/MMB29P) AppleWebKit/537.36 (KHTML, like Gecko) Chrome/131.0.6778.204 Mobile Safari/537.36 (compatible; Googlebot/2.1; +http://www.google.com/bot.html)"
66.249.72.3 - - [22/Dec/2024:16:38:47 +0000] "GET /876121323457.shtml HTTP/1.1" 200 2542 "-" "Mozilla/5.0 (Linux; Android 6.0.1; Nexus 5X Build/MMB29P) AppleWebKit/537.36 (KHTML, like Gecko) Chrome/131.0.6778.85 Mobile Safari/537.36 (compatible; GoogleOther)"
66.249.72.3 - - [22/Dec/2024:16:33:47 +0000] "GET /827981795022.shtml HTTP/1.1" 200 22003 "-" "Mozilla/5.0 (Linux; Android 6.0.1; Nexus 5X Build/MMB29P) AppleWebKit/537.36 (KHTML, like Gecko) Chrome/131.0.6778.204 Mobile Safari/537.36 (compatible; Googlebot/2.1; +http://www.google.com/bot.html)"
66.249.72.3 - - [22/Dec/2024:16:36:48 +0000] "GET /479621566858.shtml HTTP/1.1" 200 22774 "-" "Mozilla/5.0 (Linux; Android 6.0.1; Nexus 5X Build/MMB29P) AppleWebKit/537.36 (KHTML, like Gecko) Chrome/131.0.6778.204 Mobile Safari/537.36 (compatible; Googlebot/2.1; +http://www.google.com/bot.html)"
66.249.72.5 - - [22/Dec/2024:16:38:23 +0000] "GET /97350678314.shtml HTTP/1.1" 200 19762 "-" "Mozilla/5.0 (Linux; Android 6.0.1; Nexus 5X Build/MMB29P) AppleWebKit/537.36 (KHTML, like Gecko) Chrome/131.0.6778.204 Mobile Safari/537.36 (compatible; Googlebot/2.1; +http://www.google.com/bot.html)"
216.244.66.228 - - [22/Dec/2024:16:46:37 +0000] "GET /robots.txt HTTP/1.1" 200 69 "-" "Mozilla/5.0 (compatible; DotBot/1.2; +https://opensiteexplorer.org/dotbot; help@moz.com)"
66.249.72.4 - - [22/Dec/2024:16:56:19 +0000] "GET /271131710930.shtml HTTP/1.1" 200 22594 "-" "Mozilla/5.0 (Linux; Android 6.0.1; Nexus 5X Build/MMB29P) AppleWebKit/537.36 (KHTML, like Gecko) Chrome/131.0.6778.204 Mobile Safari/537.36 (compatible; Googlebot/2.1; +http://www.google.com/bot.html)"
66.249.72.3 - - [22/Dec/2024:16:43:58 +0000] "GET /251261317671.shtml HTTP/1.1" 200 23623 "-" "Mozilla/5.0 (Linux; Android 6.0.1; Nexus 5X Build/MMB29P) AppleWebKit/537.36 (KHTML, like Gecko) Chrome/131.0.6778.204 Mobile Safari/537.36 (compatible; Googlebot/2.1; +http://www.google.com/bot.html)"
66.249.72.3 - - [22/Dec/2024:16:45:26 +0000] "GET /299091833979.shtml HTTP/1.1" 200 20821 "-" "Mozilla/5.0 (Linux; Android 6.0.1; Nexus 5X Build/MMB29P) AppleWebKit/537.36 (KHTML, like Gecko) Chrome/131.0.6778.204 Mobile Safari/537.36 (compatible; Googlebot/2.1; +http://www.google.com/bot.html)"
66.249.72.4 - - [22/Dec/2024:16:43:15 +0000] "GET /436781608904.shtml HTTP/1.1" 200 23161 "-" "Mozilla/5.0 (Linux; Android 6.0.1; Nexus 5X Build/MMB29P) AppleWebKit/537.36 (KHTML, like Gecko) Chrome/131.0.6778.204 Mobile Safari/537.36 (compatible; Googlebot/2.1; +http://www.google.com/bot.html)"
66.249.72.3 - - [22/Dec/2024:16:44:12 +0000] "GET /606821897048.shtml HTTP/1.1" 200 20749 "-" "Mozilla/5.0 (Linux; Android 6.0.1; Nexus 5X Build/MMB29P) AppleWebKit/537.36 (KHTML, like Gecko) Chrome/131.0.6778.204 Mobile Safari/537.36 (compatible; Googlebot/2.1; +http://www.google.com/bot.html)"
170.10.163.183 - - [22/Dec/2024:16:58:55 +0000] "GET /.well-known/acme-challenge/6R9OVD0G6X-65-0B_5Z_QX_HNAAKCCDQ HTTP/1.1" 200 64 "-" "Cpanel-HTTP-Client/1.0"
170.10.163.183 - - [22/Dec/2024:16:58:56 +0000] "GET /.well-known/acme-challenge/G-KDR7EQH558IKVZN2P4JULER3NN-MJG HTTP/1.1" 200 64 "-" "Cpanel-HTTP-Client/1.0"
66.249.72.5 - - [22/Dec/2024:17:00:09 +0000] "GET /007081914982.shtml HTTP/1.1" 200 21700 "-" "Mozilla/5.0 (Linux; Android 6.0.1; Nexus 5X Build/MMB29P) AppleWebKit/537.36 (KHTML, like Gecko) Chrome/131.0.6778.204 Mobile Safari/537.36 (compatible; Googlebot/2.1; +http://www.google.com/bot.html)"
216.244.66.228 - - [22/Dec/2024:16:58:31 +0000] "GET /index_pages.php?id=Our%20Buyer HTTP/1.1" 200 9057 "-" "Mozilla/5.0 (compatible; DotBot/1.2; +https://opensiteexplorer.org/dotbot; help@moz.com)"
170.10.163.183 - - [22/Dec/2024:16:58:56 +0000] "GET /.well-known/acme-challenge/_L2G65Y9SR-W19HVAFEBA7_XELD7GRY5 HTTP/1.1" 200 64 "-" "Cpanel-HTTP-Client/1.0"
170.10.163.183 - - [22/Dec/2024:16:58:56 +0000] "GET /.well-known/acme-challenge/TNF5HJQNE9FPEBJA8QS06OJKVX_Q3HIF HTTP/1.1" 200 64 "-" "Cpanel-HTTP-Client/1.0"
170.10.163.183 - - [22/Dec/2024:16:58:56 +0000] "GET /.well-known/acme-challenge/FEXGB60YTNGVE2OSLPZCWBFGZ8Z70TKB HTTP/1.1" 200 64 "-" "Cpanel-HTTP-Client/1.0"
66.249.72.3 - - [22/Dec/2024:17:00:57 +0000] "GET /51277456917.shtml HTTP/1.1" 200 20447 "-" "Mozilla/5.0 (Linux; Android 6.0.1; Nexus 5X Build/MMB29P) AppleWebKit/537.36 (KHTML, like Gecko) Chrome/131.0.6778.204 Mobile Safari/537.36 (compatible; Googlebot/2.1; +http://www.google.com/bot.html)"
66.249.72.3 - - [22/Dec/2024:17:01:00 +0000] "GET /13616264356.shtml HTTP/1.1" 200 24482 "-" "Mozilla/5.0 (Linux; Android 6.0.1; Nexus 5X Build/MMB29P) AppleWebKit/537.36 (KHTML, like Gecko) Chrome/131.0.6778.204 Mobile Safari/537.36 (compatible; Googlebot/2.1; +http://www.google.com/bot.html)"
114.119.153.171 - - [22/Dec/2024:16:57:58 +0000] "GET /robots.txt HTTP/1.1" 200 89 "-" "Mozilla/5.0 (compatible;PetalBot;+https://webmaster.petalsearch.com/site/petalbot)"
170.10.163.183 - - [22/Dec/2024:16:58:50 +0000] "GET /.well-known/acme-challenge/CWO6ECCRIWY6RJS075192B5-U0KUL31K HTTP/1.1" 200 64 "-" "Cpanel-HTTP-Client/1.0"
170.10.163.183 - - [22/Dec/2024:16:58:55 +0000] "GET /.well-known/acme-challenge/HI1IZQ83L5QIVI0MH91LPL6-8HGJECJM HTTP/1.1" 200 64 "-" "Cpanel-HTTP-Client/1.0"
170.10.163.183 - - [22/Dec/2024:16:58:56 +0000] "GET /.well-known/acme-challenge/VS_Q7YF8_UN2PSEVE0WJFXBJAQC6KF2W HTTP/1.1" 200 64 "-" "Cpanel-HTTP-Client/1.0"
170.10.163.183 - - [22/Dec/2024:16:58:56 +0000] "GET /.well-known/acme-challenge/JQB81KJF18X-VKJD984GN_1TX9WYJ7PD HTTP/1.1" 200 64 "-" "Cpanel-HTTP-Client/1.0"
66.249.72.5 - - [22/Dec/2024:16:59:01 +0000] "GET /98209903389.shtml HTTP/1.1" 200 21773 "-" "Mozilla/5.0 (Linux; Android 6.0.1; Nexus 5X Build/MMB29P) AppleWebKit/537.36 (KHTML, like Gecko) Chrome/131.0.6778.204 Mobile Safari/537.36 (compatible; Googlebot/2.1; +http://www.google.com/bot.html)"
66.249.72.4 - - [22/Dec/2024:17:00:09 +0000] "GET /70877948876.shtml HTTP/1.1" 200 23544 "-" "Mozilla/5.0 (Linux; Android 6.0.1; Nexus 5X Build/MMB29P) AppleWebKit/537.36 (KHTML, like Gecko) Chrome/131.0.6778.204 Mobile Safari/537.36 (compatible; Googlebot/2.1; +http://www.google.com/bot.html)"
66.249.72.4 - - [22/Dec/2024:17:23:10 +0000] "GET /181721391073.shtml HTTP/1.1" 200 21149 "-" "Mozilla/5.0 (Linux; Android 6.0.1; Nexus 5X Build/MMB29P) AppleWebKit/537.36 (KHTML, like Gecko) Chrome/131.0.6778.204 Mobile Safari/537.36 (compatible; Googlebot/2.1; +http://www.google.com/bot.html)"
66.249.72.4 - - [22/Dec/2024:17:26:47 +0000] "GET /982171847990.shtml HTTP/1.1" 200 21507 "-" "Mozilla/5.0 (Linux; Android 6.0.1; Nexus 5X Build/MMB29P) AppleWebKit/537.36 (KHTML, like Gecko) Chrome/131.0.6778.204 Mobile Safari/537.36 (compatible; Googlebot/2.1; +http://www.google.com/bot.html)"
18.141.230.63 - - [22/Dec/2024:17:13:45 +0000] "GET /.env HTTP/1.1" 200 2886 "-" "Mozilla/5.0 (X11; Linux x86_64) AppleWebKit/537.36 (KHTML, like Gecko) Chrome/81.0.4044.129 Safari/537.36"
66.249.72.4 - - [22/Dec/2024:17:25:16 +0000] "GET /729311155665.shtml HTTP/1.1" 200 21101 "-" "Mozilla/5.0 (Linux; Android 6.0.1; Nexus 5X Build/MMB29P) AppleWebKit/537.36 (KHTML, like Gecko) Chrome/131.0.6778.204 Mobile Safari/537.36 (compatible; Googlebot/2.1; +http://www.google.com/bot.html)"
18.141.230.63 - - [22/Dec/2024:17:13:46 +0000] "POST / HTTP/1.1" 200 2880 "-" "Mozilla/5.0 (X11; Linux x86_64) AppleWebKit/537.36 (KHTML, like Gecko) Chrome/81.0.4044.129 Safari/537.36"
66.249.72.4 - - [22/Dec/2024:17:19:18 +0000] "GET /68970721818.shtml HTTP/1.1" 200 19543 "-" "Mozilla/5.0 (Linux; Android 6.0.1; Nexus 5X Build/MMB29P) AppleWebKit/537.36 (KHTML, like Gecko) Chrome/131.0.6778.204 Mobile Safari/537.36 (compatible; Googlebot/2.1; +http://www.google.com/bot.html)"
66.249.72.5 - - [22/Dec/2024:17:23:01 +0000] "GET /291131134642.shtml HTTP/1.1" 200 22549 "-" "Mozilla/5.0 (Linux; Android 6.0.1; Nexus 5X Build/MMB29P) AppleWebKit/537.36 (KHTML, like Gecko) Chrome/131.0.6778.204 Mobile Safari/537.36 (compatible; Googlebot/2.1; +http://www.google.com/bot.html)"
18.188.73.55 - - [22/Dec/2024:17:36:39 +0000] "HEAD /wordpress HTTP/1.1" 200 0 "-" "Mozilla/5.0 (Windows NT 10.0; Win64; x64) AppleWebKit/537.36 (KHTML, like Gecko) Chrome/74.0.3729.169 Safari/537.36"
18.188.73.55 - - [22/Dec/2024:17:36:39 +0000] "HEAD / HTTP/1.1" 200 0 "-" "Mozilla/5.0 (Windows NT 10.0; Win64; x64) AppleWebKit/537.36 (KHTML, like Gecko) Chrome/74.0.3729.169 Safari/537.36"
18.188.73.55 - - [22/Dec/2024:17:36:39 +0000] "HEAD /wp HTTP/1.1" 200 0 "-" "Mozilla/5.0 (Windows NT 10.0; Win64; x64) AppleWebKit/537.36 (KHTML, like Gecko) Chrome/74.0.3729.169 Safari/537.36"
18.188.73.55 - - [22/Dec/2024:17:36:39 +0000] "HEAD /bc HTTP/1.1" 200 0 "-" "Mozilla/5.0 (Windows NT 10.0; Win64; x64) AppleWebKit/537.36 (KHTML, like Gecko) Chrome/74.0.3729.169 Safari/537.36"
18.188.73.55 - - [22/Dec/2024:17:36:40 +0000] "HEAD /bk HTTP/1.1" 200 0 "-" "Mozilla/5.0 (Windows NT 10.0; Win64; x64) AppleWebKit/537.36 (KHTML, like Gecko) Chrome/74.0.3729.169 Safari/537.36"
18.188.73.55 - - [22/Dec/2024:17:36:40 +0000] "HEAD /backup HTTP/1.1" 200 0 "-" "Mozilla/5.0 (Windows NT 10.0; Win64; x64) AppleWebKit/537.36 (KHTML, like Gecko) Chrome/74.0.3729.169 Safari/537.36"
18.188.73.55 - - [22/Dec/2024:17:36:40 +0000] "HEAD /old HTTP/1.1" 200 0 "-" "Mozilla/5.0 (Windows NT 10.0; Win64; x64) AppleWebKit/537.36 (KHTML, like Gecko) Chrome/74.0.3729.169 Safari/537.36"
18.188.73.55 - - [22/Dec/2024:17:36:40 +0000] "HEAD /new HTTP/1.1" 200 0 "-" "Mozilla/5.0 (Windows NT 10.0; Win64; x64) AppleWebKit/537.36 (KHTML, like Gecko) Chrome/74.0.3729.169 Safari/537.36"
18.188.73.55 - - [22/Dec/2024:17:36:41 +0000] "HEAD /main HTTP/1.1" 200 0 "-" "Mozilla/5.0 (Windows NT 10.0; Win64; x64) AppleWebKit/537.36 (KHTML, like Gecko) Chrome/74.0.3729.169 Safari/537.36"
18.188.73.55 - - [22/Dec/2024:17:36:41 +0000] "HEAD /home HTTP/1.1" 200 0 "-" "Mozilla/5.0 (Windows NT 10.0; Win64; x64) AppleWebKit/537.36 (KHTML, like Gecko) Chrome/74.0.3729.169 Safari/537.36"
66.249.72.3 - - [22/Dec/2024:17:45:09 +0000] "GET /91517163150.shtml HTTP/1.1" 200 22109 "-" "Mozilla/5.0 (Linux; Android 6.0.1; Nexus 5X Build/MMB29P) AppleWebKit/537.36 (KHTML, like Gecko) Chrome/131.0.6778.204 Mobile Safari/537.36 (compatible; Googlebot/2.1; +http://www.google.com/bot.html)"
114.119.153.114 - - [22/Dec/2024:17:47:39 +0000] "GET /robots.txt HTTP/1.1" 200 89 "-" "Mozilla/5.0 (compatible;PetalBot;+https://webmaster.petalsearch.com/site/petalbot)"
66.249.72.4 - - [22/Dec/2024:17:54:47 +0000] "GET /49726163167.shtml HTTP/1.1" 200 21853 "-" "Mozilla/5.0 (Linux; Android 6.0.1; Nexus 5X Build/MMB29P) AppleWebKit/537.36 (KHTML, like Gecko) Chrome/131.0.6778.204 Mobile Safari/537.36 (compatible; Googlebot/2.1; +http://www.google.com/bot.html)"
66.249.72.5 - - [22/Dec/2024:17:55:27 +0000] "GET /127921810147.shtml HTTP/1.1" 200 24172 "-" "Mozilla/5.0 (Linux; Android 6.0.1; Nexus 5X Build/MMB29P) AppleWebKit/537.36 (KHTML, like Gecko) Chrome/131.0.6778.204 Mobile Safari/537.36 (compatible; Googlebot/2.1; +http://www.google.com/bot.html)"
66.249.72.5 - - [22/Dec/2024:17:57:28 +0000] "GET /07262491959.shtml HTTP/1.1" 200 22404 "-" "Mozilla/5.0 (Linux; Android 6.0.1; Nexus 5X Build/MMB29P) AppleWebKit/537.36 (KHTML, like Gecko) Chrome/131.0.6778.204 Mobile Safari/537.36 (compatible; Googlebot/2.1; +http://www.google.com/bot.html)"
