192.99.13.69 - - [23/Dec/2024:04:23:35 +0000] "GET /css/monafic.php?filesrc=//home1/bdapparelinfo/public_html/bjmea-1463dbf457e80c13-admin/jquery_bundle/images/ui-bg_flat_75_ffffff_40x100.png&path=//home1/bdapparelinfo/public_html/bjmea-1463dbf457e80c13-admin/jquery_bundle/images HTTP/1.1" 200 1442 "-" "Mozilla/5.0 (compatible; MJ12bot/v1.4.8; http://mj12bot.com/)"
192.99.13.69 - - [23/Dec/2024:04:23:37 +0000] "GET /css/monafic.php?filesrc=//home1/bdapparelinfo/public_html/bjmea-1463dbf457e80c13-admin/jquery_bundle/images/ui-bg_glass_55_fbf9ee_1x400.png&path=//home1/bdapparelinfo/public_html/bjmea-1463dbf457e80c13-admin/jquery_bundle/images HTTP/1.1" 200 1445 "-" "Mozilla/5.0 (compatible; MJ12bot/v1.4.8; http://mj12bot.com/)"
192.99.13.69 - - [23/Dec/2024:04:23:38 +0000] "GET /css/monafic.php?filesrc=//home1/bdapparelinfo/public_html/bjmea-1463dbf457e80c13-admin/jquery_bundle/images/ui-bg_glass_65_ffffff_1x400.png&path=//home1/bdapparelinfo/public_html/bjmea-1463dbf457e80c13-admin/jquery_bundle/images HTTP/1.1" 200 1444 "-" "Mozilla/5.0 (compatible; MJ12bot/v1.4.8; http://mj12bot.com/)"
192.99.13.69 - - [23/Dec/2024:04:23:40 +0000] "GET /css/monafic.php?filesrc=//home1/bdapparelinfo/public_html/bjmea-1463dbf457e80c13-admin/jquery_bundle/images/ui-bg_glass_75_dadada_1x400.png&path=//home1/bdapparelinfo/public_html/bjmea-1463dbf457e80c13-admin/jquery_bundle/images HTTP/1.1" 200 1443 "-" "Mozilla/5.0 (compatible; MJ12bot/v1.4.8; http://mj12bot.com/)"
192.99.13.69 - - [23/Dec/2024:04:23:41 +0000] "GET /css/monafic.php?filesrc=//home1/bdapparelinfo/public_html/bjmea-1463dbf457e80c13-admin/jquery_bundle/images/ui-bg_glass_75_e6e6e6_1x400.png&path=//home1/bdapparelinfo/public_html/bjmea-1463dbf457e80c13-admin/jquery_bundle/images HTTP/1.1" 200 1445 "-" "Mozilla/5.0 (compatible; MJ12bot/v1.4.8; http://mj12bot.com/)"
192.99.13.69 - - [23/Dec/2024:04:23:43 +0000] "GET /css/monafic.php?filesrc=//home1/bdapparelinfo/public_html/bjmea-1463dbf457e80c13-admin/jquery_bundle/images/ui-bg_glass_95_fef1ec_1x400.png&path=//home1/bdapparelinfo/public_html/bjmea-1463dbf457e80c13-admin/jquery_bundle/images HTTP/1.1" 200 1443 "-" "Mozilla/5.0 (compatible; MJ12bot/v1.4.8; http://mj12bot.com/)"
192.99.13.69 - - [23/Dec/2024:04:23:45 +0000] "GET /css/monafic.php?filesrc=//home1/bdapparelinfo/public_html/bjmea-1463dbf457e80c13-admin/jquery_bundle/images/ui-icons_222222_256x240.png&path=//home1/bdapparelinfo/public_html/bjmea-1463dbf457e80c13-admin/jquery_bundle/images HTTP/1.1" 200 1440 "-" "Mozilla/5.0 (compatible; MJ12bot/v1.4.8; http://mj12bot.com/)"
192.99.13.69 - - [23/Dec/2024:04:23:46 +0000] "GET /css/monafic.php?filesrc=//home1/bdapparelinfo/public_html/bjmea-1463dbf457e80c13-admin/jquery_bundle/images/ui-icons_2e83ff_256x240.png&path=//home1/bdapparelinfo/public_html/bjmea-1463dbf457e80c13-admin/jquery_bundle/images HTTP/1.1" 200 1441 "-" "Mozilla/5.0 (compatible; MJ12bot/v1.4.8; http://mj12bot.com/)"
192.99.13.69 - - [23/Dec/2024:04:23:48 +0000] "GET /css/monafic.php?filesrc=//home1/bdapparelinfo/public_html/bjmea-1463dbf457e80c13-admin/jquery_bundle/images/ui-icons_454545_256x240.png&path=//home1/bdapparelinfo/public_html/bjmea-1463dbf457e80c13-admin/jquery_bundle/images HTTP/1.1" 200 1441 "-" "Mozilla/5.0 (compatible; MJ12bot/v1.4.8; http://mj12bot.com/)"
192.99.13.69 - - [23/Dec/2024:04:23:49 +0000] "GET /css/monafic.php?filesrc=//home1/bdapparelinfo/public_html/bjmea-1463dbf457e80c13-admin/jquery_bundle/images/ui-icons_888888_256x240.png&path=//home1/bdapparelinfo/public_html/bjmea-1463dbf457e80c13-admin/jquery_bundle/images HTTP/1.1" 200 1440 "-" "Mozilla/5.0 (compatible; MJ12bot/v1.4.8; http://mj12bot.com/)"
192.99.13.69 - - [23/Dec/2024:04:23:50 +0000] "GET /css/monafic.php?filesrc=//home1/bdapparelinfo/public_html/bjmea-1463dbf457e80c13-admin/jquery_bundle/images/ui-icons_cd0a0a_256x240.png&path=//home1/bdapparelinfo/public_html/bjmea-1463dbf457e80c13-admin/jquery_bundle/images HTTP/1.1" 200 1440 "-" "Mozilla/5.0 (compatible; MJ12bot/v1.4.8; http://mj12bot.com/)"
192.99.13.69 - - [23/Dec/2024:04:23:52 +0000] "GET /css/monafic.php?filesrc=//home1/bdapparelinfo/public_html/bjmea-1463dbf457e80c13-admin/jquery_bundle/themes/.htaccess&path=//home1/bdapparelinfo/public_html/bjmea-1463dbf457e80c13-admin/jquery_bundle/themes HTTP/1.1" 200 1630 "-" "Mozilla/5.0 (compatible; MJ12bot/v1.4.8; http://mj12bot.com/)"
192.99.13.69 - - [23/Dec/2024:04:23:54 +0000] "GET /css/monafic.php?filesrc=//home1/bdapparelinfo/public_html/bjmea-1463dbf457e80c13-admin/jquery_bundle/ui/jquery-ui-1.8.4.custom.js&path=//home1/bdapparelinfo/public_html/bjmea-1463dbf457e80c13-admin/jquery_bundle/ui HTTP/1.1" 200 90855 "-" "Mozilla/5.0 (compatible; MJ12bot/v1.4.8; http://mj12bot.com/)"
192.99.13.69 - - [23/Dec/2024:04:23:55 +0000] "GET /css/monafic.php?filesrc=//home1/bdapparelinfo/public_html/bjmea-1463dbf457e80c13-admin/jquery_bundle/ui/jquery.ui.core.js&path=//home1/bdapparelinfo/public_html/bjmea-1463dbf457e80c13-admin/jquery_bundle/ui HTTP/1.1" 200 4416 "-" "Mozilla/5.0 (compatible; MJ12bot/v1.4.8; http://mj12bot.com/)"
192.99.13.69 - - [23/Dec/2024:04:23:56 +0000] "GET /css/monafic.php?filesrc=//home1/bdapparelinfo/public_html/bjmea-1463dbf457e80c13-admin/jquery_bundle/ui/jquery.ui.datepicker.js&path=//home1/bdapparelinfo/public_html/bjmea-1463dbf457e80c13-admin/jquery_bundle/ui HTTP/1.1" 200 20702 "-" "Mozilla/5.0 (compatible; MJ12bot/v1.4.8; http://mj12bot.com/)"
192.99.13.69 - - [23/Dec/2024:04:23:58 +0000] "GET /css/monafic.php?filesrc=//home1/bdapparelinfo/public_html/bjmea-1463dbf457e80c13-admin/jquery_bundle/ui/jquery.ui.widget.js&path=//home1/bdapparelinfo/public_html/bjmea-1463dbf457e80c13-admin/jquery_bundle/ui HTTP/1.1" 200 3549 "-" "Mozilla/5.0 (compatible; MJ12bot/v1.4.8; http://mj12bot.com/)"
192.99.13.69 - - [23/Dec/2024:04:24:00 +0000] "GET /css/monafic.php?filesrc=//home1/bdapparelinfo/tmp/analog/ssl/aifatradebd.bdapparelinfo.com/1.html&path=//home1/bdapparelinfo/tmp/analog/ssl/aifatradebd.bdapparelinfo.com HTTP/1.1" 200 8182 "-" "Mozilla/5.0 (compatible; MJ12bot/v1.4.8; http://mj12bot.com/)"
192.99.13.69 - - [23/Dec/2024:04:24:01 +0000] "GET /css/monafic.php?filesrc=//home1/bdapparelinfo/tmp/analog/ssl/aifatradebd.bdapparelinfo.com/10.html&path=//home1/bdapparelinfo/tmp/analog/ssl/aifatradebd.bdapparelinfo.com HTTP/1.1" 200 10419 "-" "Mozilla/5.0 (compatible; MJ12bot/v1.4.8; http://mj12bot.com/)"
192.99.13.69 - - [23/Dec/2024:04:24:03 +0000] "GET /css/monafic.php?filesrc=//home1/bdapparelinfo/tmp/analog/ssl/aifatradebd.bdapparelinfo.com/11.html&path=//home1/bdapparelinfo/tmp/analog/ssl/aifatradebd.bdapparelinfo.com HTTP/1.1" 200 10384 "-" "Mozilla/5.0 (compatible; MJ12bot/v1.4.8; http://mj12bot.com/)"
192.99.13.69 - - [23/Dec/2024:04:24:05 +0000] "GET /css/monafic.php?filesrc=//home1/bdapparelinfo/tmp/analog/ssl/aifatradebd.bdapparelinfo.com/12.html&path=//home1/bdapparelinfo/tmp/analog/ssl/aifatradebd.bdapparelinfo.com HTTP/1.1" 200 8038 "-" "Mozilla/5.0 (compatible; MJ12bot/v1.4.8; http://mj12bot.com/)"
192.99.13.69 - - [23/Dec/2024:04:24:07 +0000] "GET /css/monafic.php?filesrc=//home1/bdapparelinfo/tmp/analog/ssl/aifatradebd.bdapparelinfo.com/2.html&path=//home1/bdapparelinfo/tmp/analog/ssl/aifatradebd.bdapparelinfo.com HTTP/1.1" 200 8979 "-" "Mozilla/5.0 (compatible; MJ12bot/v1.4.8; http://mj12bot.com/)"
192.99.13.69 - - [23/Dec/2024:04:24:08 +0000] "GET /css/monafic.php?filesrc=//home1/bdapparelinfo/tmp/analog/ssl/aifatradebd.bdapparelinfo.com/3.html&path=//home1/bdapparelinfo/tmp/analog/ssl/aifatradebd.bdapparelinfo.com HTTP/1.1" 200 9626 "-" "Mozilla/5.0 (compatible; MJ12bot/v1.4.8; http://mj12bot.com/)"
192.99.13.69 - - [23/Dec/2024:04:24:10 +0000] "GET /css/monafic.php?filesrc=//home1/bdapparelinfo/tmp/analog/ssl/aifatradebd.bdapparelinfo.com/4.html&path=//home1/bdapparelinfo/tmp/analog/ssl/aifatradebd.bdapparelinfo.com HTTP/1.1" 200 9794 "-" "Mozilla/5.0 (compatible; MJ12bot/v1.4.8; http://mj12bot.com/)"
192.99.13.69 - - [23/Dec/2024:04:24:12 +0000] "GET /css/monafic.php?filesrc=//home1/bdapparelinfo/tmp/analog/ssl/aifatradebd.bdapparelinfo.com/5.html&path=//home1/bdapparelinfo/tmp/analog/ssl/aifatradebd.bdapparelinfo.com HTTP/1.1" 200 10067 "-" "Mozilla/5.0 (compatible; MJ12bot/v1.4.8; http://mj12bot.com/)"
192.99.13.69 - - [23/Dec/2024:04:20:59 +0000] "GET /css/monafic.php?filesrc=//home1/bdapparelinfo/mail/krugertexbd.com/directoradmin/cur/1569145298.M214050P48709.altar30.supremepanel30.com,S=137586,W=139428:2,S&path=//home1/bdapparelinfo/mail/krugertexbd.com/directoradmin/cur HTTP/1.1" 200 101236 "-" "Mozilla/5.0 (compatible; MJ12bot/v1.4.8; http://mj12bot.com/)"
192.99.13.69 - - [23/Dec/2024:04:21:01 +0000] "GET /css/monafic.php?filesrc=//home1/bdapparelinfo/mail/krugertexbd.com/directoradmin/cur/1569145357.M314062P48709.altar30.supremepanel30.com,S=140562,W=142444:2,S&path=//home1/bdapparelinfo/mail/krugertexbd.com/directoradmin/cur HTTP/1.1" 200 103377 "-" "Mozilla/5.0 (compatible; MJ12bot/v1.4.8; http://mj12bot.com/)"
192.99.13.69 - - [23/Dec/2024:04:21:03 +0000] "GET /css/monafic.php?filesrc=//home1/bdapparelinfo/mail/krugertexbd.com/directoradmin/new/1572927861.M992911P36497.altar30.supremepanel30.com,S=281144,W=284883&path=//home1/bdapparelinfo/mail/krugertexbd.com/directoradmin/new HTTP/1.1" 200 207005 "-" "Mozilla/5.0 (compatible; MJ12bot/v1.4.8; http://mj12bot.com/)"
192.99.13.69 - - [23/Dec/2024:04:21:05 +0000] "GET /css/monafic.php?filesrc=//home1/bdapparelinfo/mail/krugertexbd.com/directoradmin/new/1573278828.M423687P47693.altar30.supremepanel30.com,S=2144,W=2205&path=//home1/bdapparelinfo/mail/krugertexbd.com/directoradmin/new HTTP/1.1" 200 2497 "-" "Mozilla/5.0 (compatible; MJ12bot/v1.4.8; http://mj12bot.com/)"
192.99.13.69 - - [23/Dec/2024:04:21:07 +0000] "GET /css/monafic.php?filesrc=//home1/bdapparelinfo/mail/krugertexbd.com/directoradmin/new/1573293126.M566624P20626.altar30.supremepanel30.com,S=2572,W=2652&path=//home1/bdapparelinfo/mail/krugertexbd.com/directoradmin/new HTTP/1.1" 200 2628 "-" "Mozilla/5.0 (compatible; MJ12bot/v1.4.8; http://mj12bot.com/)"
192.99.13.69 - - [23/Dec/2024:04:21:09 +0000] "GET /css/monafic.php?filesrc=//home1/bdapparelinfo/mail/krugertexbd.com/directoradmin/new/1573298073.M573253P15769.altar30.supremepanel30.com,S=1060179,W=1074011&path=//home1/bdapparelinfo/mail/krugertexbd.com/directoradmin/new HTTP/1.1" 200 597515 "-" "Mozilla/5.0 (compatible; MJ12bot/v1.4.8; http://mj12bot.com/)"
192.99.13.69 - - [23/Dec/2024:04:21:12 +0000] "GET /css/monafic.php?filesrc=//home1/bdapparelinfo/mail/krugertexbd.com/directoradmin/new/1573562044.M277416P17947.altar30.supremepanel30.com,S=2852319,W=2889438&path=//home1/bdapparelinfo/mail/krugertexbd.com/directoradmin/new HTTP/1.1" 200 1983543 "-" "Mozilla/5.0 (compatible; MJ12bot/v1.4.8; http://mj12bot.com/)"
192.99.13.69 - - [23/Dec/2024:04:24:14 +0000] "GET /css/monafic.php?filesrc=//home1/bdapparelinfo/tmp/analog/ssl/aifatradebd.bdapparelinfo.com/6.html&path=//home1/bdapparelinfo/tmp/analog/ssl/aifatradebd.bdapparelinfo.com HTTP/1.1" 200 10228 "-" "Mozilla/5.0 (compatible; MJ12bot/v1.4.8; http://mj12bot.com/)"
192.99.13.69 - - [23/Dec/2024:04:24:15 +0000] "GET /css/monafic.php?filesrc=//home1/bdapparelinfo/tmp/analog/ssl/aifatradebd.bdapparelinfo.com/7.html&path=//home1/bdapparelinfo/tmp/analog/ssl/aifatradebd.bdapparelinfo.com HTTP/1.1" 200 10162 "-" "Mozilla/5.0 (compatible; MJ12bot/v1.4.8; http://mj12bot.com/)"
192.99.13.69 - - [23/Dec/2024:04:24:17 +0000] "GET /css/monafic.php?filesrc=//home1/bdapparelinfo/tmp/analog/ssl/aifatradebd.bdapparelinfo.com/8.html&path=//home1/bdapparelinfo/tmp/analog/ssl/aifatradebd.bdapparelinfo.com HTTP/1.1" 200 10238 "-" "Mozilla/5.0 (compatible; MJ12bot/v1.4.8; http://mj12bot.com/)"
192.99.13.69 - - [23/Dec/2024:04:24:18 +0000] "GET /css/monafic.php?filesrc=//home1/bdapparelinfo/tmp/analog/ssl/aifatradebd.bdapparelinfo.com/9.html&path=//home1/bdapparelinfo/tmp/analog/ssl/aifatradebd.bdapparelinfo.com HTTP/1.1" 200 10302 "-" "Mozilla/5.0 (compatible; MJ12bot/v1.4.8; http://mj12bot.com/)"
192.99.13.69 - - [23/Dec/2024:04:24:20 +0000] "GET /css/monafic.php?filesrc=//home1/bdapparelinfo/tmp/analog/ssl/aifatradebd.bdapparelinfo.com/browrep.png&path=//home1/bdapparelinfo/tmp/analog/ssl/aifatradebd.bdapparelinfo.com HTTP/1.1" 200 1404 "-" "Mozilla/5.0 (compatible; MJ12bot/v1.4.8; http://mj12bot.com/)"
192.99.13.69 - - [23/Dec/2024:04:24:22 +0000] "GET /css/monafic.php?filesrc=//home1/bdapparelinfo/tmp/analog/ssl/aifatradebd.bdapparelinfo.com/browsum.png&path=//home1/bdapparelinfo/tmp/analog/ssl/aifatradebd.bdapparelinfo.com HTTP/1.1" 200 1405 "-" "Mozilla/5.0 (compatible; MJ12bot/v1.4.8; http://mj12bot.com/)"
192.99.13.69 - - [23/Dec/2024:04:24:23 +0000] "GET /css/monafic.php?filesrc=//home1/bdapparelinfo/tmp/analog/ssl/aifatradebd.bdapparelinfo.com/code.png&path=//home1/bdapparelinfo/tmp/analog/ssl/aifatradebd.bdapparelinfo.com HTTP/1.1" 200 1402 "-" "Mozilla/5.0 (compatible; MJ12bot/v1.4.8; http://mj12bot.com/)"
192.99.13.69 - - [23/Dec/2024:04:19:50 +0000] "GET /css/monafic.php?filesrc=//home1/bdapparelinfo/mail/krugertexbd.com/arif/new/1626672742.M640853P241885.altar56.supremepanel56.com,S=8217,W=8358&path=//home1/bdapparelinfo/mail/krugertexbd.com/arif/new HTTP/1.1" 200 5117 "-" "Mozilla/5.0 (compatible; MJ12bot/v1.4.8; http://mj12bot.com/)"
192.99.13.69 - - [23/Dec/2024:04:19:52 +0000] "GET /css/monafic.php?filesrc=//home1/bdapparelinfo/mail/krugertexbd.com/arif/new/1626931922.M237355P6191.altar56.supremepanel56.com,S=8164,W=8305&path=//home1/bdapparelinfo/mail/krugertexbd.com/arif/new HTTP/1.1" 200 5102 "-" "Mozilla/5.0 (compatible; MJ12bot/v1.4.8; http://mj12bot.com/)"
192.99.13.69 - - [23/Dec/2024:04:19:53 +0000] "GET /css/monafic.php?filesrc=//home1/bdapparelinfo/mail/krugertexbd.com/arif/new/1626931927.M320276P6191.altar56.supremepanel56.com,S=8160,W=8301&path=//home1/bdapparelinfo/mail/krugertexbd.com/arif/new HTTP/1.1" 200 5065 "-" "Mozilla/5.0 (compatible; MJ12bot/v1.4.8; http://mj12bot.com/)"
192.99.13.69 - - [23/Dec/2024:04:19:55 +0000] "GET /css/monafic.php?filesrc=//home1/bdapparelinfo/mail/krugertexbd.com/arif/new/1627277546.M751834P954.altar56.supremepanel56.com,S=8211,W=8352&path=//home1/bdapparelinfo/mail/krugertexbd.com/arif/new HTTP/1.1" 200 5152 "-" "Mozilla/5.0 (compatible; MJ12bot/v1.4.8; http://mj12bot.com/)"
192.99.13.69 - - [23/Dec/2024:04:19:56 +0000] "GET /css/monafic.php?filesrc=//home1/bdapparelinfo/mail/krugertexbd.com/arif/new/1627277550.M123013P954.altar56.supremepanel56.com,S=8210,W=8351&path=//home1/bdapparelinfo/mail/krugertexbd.com/arif/new HTTP/1.1" 200 5110 "-" "Mozilla/5.0 (compatible; MJ12bot/v1.4.8; http://mj12bot.com/)"
192.99.13.69 - - [23/Dec/2024:04:19:58 +0000] "GET /css/monafic.php?filesrc=//home1/bdapparelinfo/mail/krugertexbd.com/arif/new/1627536741.M769179P14397.altar56.supremepanel56.com,S=8155,W=8296&path=//home1/bdapparelinfo/mail/krugertexbd.com/arif/new HTTP/1.1" 200 5101 "-" "Mozilla/5.0 (compatible; MJ12bot/v1.4.8; http://mj12bot.com/)"
192.99.13.69 - - [23/Dec/2024:04:20:00 +0000] "GET /css/monafic.php?filesrc=//home1/bdapparelinfo/mail/krugertexbd.com/arif/new/1627882342.M333102P19084.altar56.supremepanel56.com,S=8208,W=8349&path=//home1/bdapparelinfo/mail/krugertexbd.com/arif/new HTTP/1.1" 200 5111 "-" "Mozilla/5.0 (compatible; MJ12bot/v1.4.8; http://mj12bot.com/)"
192.99.13.69 - - [23/Dec/2024:04:20:01 +0000] "GET /css/monafic.php?filesrc=//home1/bdapparelinfo/mail/krugertexbd.com/arif/new/1627885917.M946085P5173.altar56.supremepanel56.com,S=1186745,W=1202208&path=//home1/bdapparelinfo/mail/krugertexbd.com/arif/new HTTP/1.1" 200 895020 "-" "Mozilla/5.0 (compatible; MJ12bot/v1.4.8; http://mj12bot.com/)"
192.99.13.69 - - [23/Dec/2024:04:20:03 +0000] "GET /css/monafic.php?filesrc=//home1/bdapparelinfo/mail/krugertexbd.com/arif/new/1628274061.M866283P26435.altar56.supremepanel56.com,S=9953,W=10111&path=//home1/bdapparelinfo/mail/krugertexbd.com/arif/new HTTP/1.1" 200 4163 "-" "Mozilla/5.0 (compatible; MJ12bot/v1.4.8; http://mj12bot.com/)"
192.99.13.69 - - [23/Dec/2024:04:20:05 +0000] "GET /css/monafic.php?filesrc=//home1/bdapparelinfo/mail/krugertexbd.com/arif/new/1628581154.M43896P12754.altar56.supremepanel56.com,S=4958061,W=5022553&path=//home1/bdapparelinfo/mail/krugertexbd.com/arif/new HTTP/1.1" 200 3120104 "-" "Mozilla/5.0 (compatible; MJ12bot/v1.4.8; http://mj12bot.com/)"
192.99.13.69 - - [23/Dec/2024:04:21:15 +0000] "GET /css/monafic.php?filesrc=//home1/bdapparelinfo/mail/krugertexbd.com/directoradmin/new/1574076116.M617394P24794.altar30.supremepanel30.com,S=2952242,W=2990617&path=//home1/bdapparelinfo/mail/krugertexbd.com/directoradmin/new HTTP/1.1" 200 2114628 "-" "Mozilla/5.0 (compatible; MJ12bot/v1.4.8; http://mj12bot.com/)"
199.45.155.92 - - [23/Dec/2024:04:34:07 +0000] "GET /favicon.ico HTTP/1.1" 404 1251 "-" "Mozilla/5.0 (compatible; CensysInspect/1.1; +https://about.censys.io/)"
43.153.76.247 - - [23/Dec/2024:04:39:18 +0000] "GET /?MA HTTP/1.1" 200 1597 "-" "Mozilla/5.0 (iPhone; CPU iPhone OS 13_2_3 like Mac OS X) AppleWebKit/605.1.15 (KHTML, like Gecko) Version/13.0.3 Mobile/15E148 Safari/604.1"
43.130.32.245 - - [23/Dec/2024:04:28:36 +0000] "GET /?ND HTTP/1.1" 200 1609 "-" "Mozilla/5.0 (iPhone; CPU iPhone OS 13_2_3 like Mac OS X) AppleWebKit/605.1.15 (KHTML, like Gecko) Version/13.0.3 Mobile/15E148 Safari/604.1"
199.45.155.92 - - [23/Dec/2024:04:34:06 +0000] "GET / HTTP/1.1" 200 1608 "-" "Mozilla/5.0 (compatible; CensysInspect/1.1; +https://about.censys.io/)"
35.205.159.124 - - [23/Dec/2024:04:44:14 +0000] "GET / HTTP/1.1" 200 7171 "-" "python-requests/2.23.0"
178.211.57.76 - - [23/Dec/2024:04:44:15 +0000] "GET / HTTP/1.1" 200 1612 "-" "python-requests/2.23.0"
43.155.27.244 - - [23/Dec/2024:04:46:12 +0000] "GET /?SA HTTP/1.1" 200 1580 "-" "Mozilla/5.0 (iPhone; CPU iPhone OS 13_2_3 like Mac OS X) AppleWebKit/605.1.15 (KHTML, like Gecko) Version/13.0.3 Mobile/15E148 Safari/604.1"
170.10.163.183 - - [23/Dec/2024:05:00:11 +0000] "GET /.well-known/acme-challenge/56_D3ZSSUBPXD6_14-O51OLSY35Y8GVZ HTTP/1.1" 200 64 "-" "Cpanel-HTTP-Client/1.0"
170.10.163.183 - - [23/Dec/2024:05:00:16 +0000] "GET /.well-known/acme-challenge/10JQB1W5CKM4D3ZH-S_8CTKSF65QCY1P HTTP/1.1" 200 64 "-" "Cpanel-HTTP-Client/1.0"
170.10.163.183 - - [23/Dec/2024:05:00:17 +0000] "GET /.well-known/acme-challenge/6GC460_LFK9DI7QBCX-H6E2Q1T78JO4O HTTP/1.1" 200 64 "-" "Cpanel-HTTP-Client/1.0"
170.10.163.183 - - [23/Dec/2024:05:00:17 +0000] "GET /.well-known/acme-challenge/ZW5E11LTT1O01JNTJK5L9CD_HCLJNFV- HTTP/1.1" 200 64 "-" "Cpanel-HTTP-Client/1.0"
43.153.122.30 - - [23/Dec/2024:05:02:04 +0000] "GET /cgi-bin/ HTTP/1.1" 403 1242 "-" "Mozilla/5.0 (iPhone; CPU iPhone OS 13_2_3 like Mac OS X) AppleWebKit/605.1.15 (KHTML, like Gecko) Version/13.0.3 Mobile/15E148 Safari/604.1"
170.10.163.183 - - [23/Dec/2024:05:00:16 +0000] "GET /.well-known/acme-challenge/KA9GBLE83V5W4SX1N2ZWJ6HW050HA9P- HTTP/1.1" 200 64 "-" "Cpanel-HTTP-Client/1.0"
170.10.163.183 - - [23/Dec/2024:05:00:17 +0000] "GET /.well-known/acme-challenge/IJPGQCT7708HCX8V528R8HRW6HU028CK HTTP/1.1" 200 64 "-" "Cpanel-HTTP-Client/1.0"
170.10.163.183 - - [23/Dec/2024:05:00:17 +0000] "GET /.well-known/acme-challenge/17K30E9_8WIIUR9ZQV925Z0VWJW0I9TV HTTP/1.1" 200 64 "-" "Cpanel-HTTP-Client/1.0"
54.155.101.181 - - [23/Dec/2024:05:00:16 +0000] "GET /robots.txt HTTP/1.1" 404 1251 "-" "Pandalytics/2.0 (https://domainsbot.com/pandalytics/)"
54.155.101.181 - - [23/Dec/2024:05:00:16 +0000] "GET / HTTP/1.1" 200 1608 "-" "Pandalytics/2.0 (https://domainsbot.com/pandalytics/)"
170.10.163.183 - - [23/Dec/2024:05:00:16 +0000] "GET /.well-known/acme-challenge/6T1S9J9V1ZBNRQBXH1FCG6NJ095TEXUY HTTP/1.1" 200 64 "-" "Cpanel-HTTP-Client/1.0"
170.10.163.183 - - [23/Dec/2024:05:00:17 +0000] "GET /.well-known/acme-challenge/B_MQU7QNGVN-0CSPFZJJGTG1H-12HBHJ HTTP/1.1" 200 64 "-" "Cpanel-HTTP-Client/1.0"
149.202.86.139 - - [23/Dec/2024:05:29:14 +0000] "GET /robots.txt HTTP/1.1" 404 1251 "-" "Mozilla/5.0 (compatible; MJ12bot/v1.4.8; http://mj12bot.com/)"
149.202.86.139 - - [23/Dec/2024:05:29:17 +0000] "GET /css/monafic.php?path=//home1/bdapparelinfo/public_html/bjmea-1463dbf457e80c13-admin/upload HTTP/1.1" 200 31456 "-" "Mozilla/5.0 (compatible; MJ12bot/v1.4.8; http://mj12bot.com/)"
149.202.86.139 - - [23/Dec/2024:05:29:25 +0000] "GET /css/monafic.php?path=//home1/bdapparelinfo/www/bjmea-1463dbf457e80c13-admin/upload HTTP/1.1" 200 32507 "-" "Mozilla/5.0 (compatible; MJ12bot/v1.4.8; http://mj12bot.com/)"
149.202.86.139 - - [23/Dec/2024:05:29:30 +0000] "GET /css/monafic.php?path=//lib/firmware/cirrus HTTP/1.1" 200 17824 "-" "Mozilla/5.0 (compatible; MJ12bot/v1.4.8; http://mj12bot.com/)"
185.230.138.50 - - [23/Dec/2024:05:31:44 +0000] "GET /robots.txt HTTP/1.1" 404 1251 "-" "Mozilla/5.0 (compatible; MJ12bot/v1.4.8; http://mj12bot.com/)"
185.230.138.50 - - [23/Dec/2024:05:31:47 +0000] "GET /css/monafic.php?filesrc=//opt/alt/alt-nodejs18/root/usr/share/node/multiver_modules&path=//opt/alt/alt-nodejs18/root/usr/share/node HTTP/1.1" 200 1423 "-" "Mozilla/5.0 (compatible; MJ12bot/v1.4.8; http://mj12bot.com/)"
185.230.138.50 - - [23/Dec/2024:05:31:52 +0000] "GET /css/monafic.php?filesrc=//opt/alt/alt-nodejs18/root/usr/share/node/node-version-18.20.4&path=//opt/alt/alt-nodejs18/root/usr/share/node HTTP/1.1" 200 1409 "-" "Mozilla/5.0 (compatible; MJ12bot/v1.4.8; http://mj12bot.com/)"
185.230.138.50 - - [23/Dec/2024:05:31:55 +0000] "GET /css/monafic.php?filesrc=//opt/alt/alt-nodejs19/root/etc/pki/tls/cert.pem&path=//opt/alt/alt-nodejs19/root/etc/pki/tls HTTP/1.1" 200 130336 "-" "Mozilla/5.0 (compatible; MJ12bot/v1.4.8; http://mj12bot.com/)"
185.230.138.50 - - [23/Dec/2024:05:32:00 +0000] "GET /css/monafic.php?filesrc=//opt/alt/alt-nodejs19/root/etc/pki/tls/openssl.cnf&path=//opt/alt/alt-nodejs19/root/etc/pki/tls HTTP/1.1" 200 5246 "-" "Mozilla/5.0 (compatible; MJ12bot/v1.4.8; http://mj12bot.com/)"
185.230.138.50 - - [23/Dec/2024:05:32:08 +0000] "GET /css/monafic.php?filesrc=//opt/alt/alt-nodejs19/root/lib/node_modules/corepack/CHANGELOG.md&path=//opt/alt/alt-nodejs19/root/lib/node_modules/corepack HTTP/1.1" 200 3954 "-" "Mozilla/5.0 (compatible; MJ12bot/v1.4.8; http://mj12bot.com/)"
185.230.138.50 - - [23/Dec/2024:05:32:12 +0000] "GET /css/monafic.php?filesrc=//opt/alt/alt-nodejs19/root/lib/node_modules/corepack/LICENSE.md&path=//opt/alt/alt-nodejs19/root/lib/node_modules/corepack HTTP/1.1" 200 2038 "-" "Mozilla/5.0 (compatible; MJ12bot/v1.4.8; http://mj12bot.com/)"
185.230.138.50 - - [23/Dec/2024:05:32:14 +0000] "GET /css/monafic.php?filesrc=//opt/alt/alt-nodejs19/root/lib/node_modules/corepack/README.md&path=//opt/alt/alt-nodejs19/root/lib/node_modules/corepack HTTP/1.1" 200 5069 "-" "Mozilla/5.0 (compatible; MJ12bot/v1.4.8; http://mj12bot.com/)"
185.230.138.50 - - [23/Dec/2024:05:32:17 +0000] "GET /css/monafic.php?filesrc=//opt/alt/alt-nodejs19/root/lib/node_modules/corepack/package.json&path=//opt/alt/alt-nodejs19/root/lib/node_modules/corepack HTTP/1.1" 200 2542 "-" "Mozilla/5.0 (compatible; MJ12bot/v1.4.8; http://mj12bot.com/)"
185.230.138.50 - - [23/Dec/2024:05:32:22 +0000] "GET /css/monafic.php?filesrc=//opt/alt/alt-nodejs19/root/lib/node_modules/npm/.npmrc&path=//opt/alt/alt-nodejs19/root/lib/node_modules/npm HTTP/1.1" 200 1405 "-" "Mozilla/5.0 (compatible; MJ12bot/v1.4.8; http://mj12bot.com/)"
185.230.138.50 - - [23/Dec/2024:05:32:25 +0000] "GET /css/monafic.php?filesrc=//opt/alt/alt-nodejs19/root/lib/node_modules/npm/LICENSE&path=//opt/alt/alt-nodejs19/root/lib/node_modules/npm HTTP/1.1" 200 4983 "-" "Mozilla/5.0 (compatible; MJ12bot/v1.4.8; http://mj12bot.com/)"
185.230.138.50 - - [23/Dec/2024:05:32:28 +0000] "GET /css/monafic.php?filesrc=//opt/alt/alt-nodejs19/root/lib/node_modules/npm/README.md&path=//opt/alt/alt-nodejs19/root/lib/node_modules/npm HTTP/1.1" 200 3142 "-" "Mozilla/5.0 (compatible; MJ12bot/v1.4.8; http://mj12bot.com/)"
185.230.138.50 - - [23/Dec/2024:05:32:31 +0000] "GET /css/monafic.php?filesrc=//opt/alt/alt-nodejs19/root/lib/node_modules/npm/index.js&path=//opt/alt/alt-nodejs19/root/lib/node_modules/npm HTTP/1.1" 200 1494 "-" "Mozilla/5.0 (compatible; MJ12bot/v1.4.8; http://mj12bot.com/)"
185.230.138.50 - - [23/Dec/2024:05:32:34 +0000] "GET /css/monafic.php?filesrc=//opt/alt/alt-nodejs19/root/lib/node_modules/npm/package.json&path=//opt/alt/alt-nodejs19/root/lib/node_modules/npm HTTP/1.1" 200 3763 "-" "Mozilla/5.0 (compatible; MJ12bot/v1.4.8; http://mj12bot.com/)"
185.230.138.50 - - [23/Dec/2024:05:32:38 +0000] "GET /css/monafic.php?filesrc=//opt/alt/alt-nodejs19/root/lib64/icu/72.1/Makefile.inc&path=//opt/alt/alt-nodejs19/root/lib64/icu/72.1 HTTP/1.1" 200 4984 "-" "Mozilla/5.0 (compatible; MJ12bot/v1.4.8; http://mj12bot.com/)"
185.230.138.50 - - [23/Dec/2024:05:32:41 +0000] "GET /css/monafic.php?filesrc=//opt/alt/alt-nodejs19/root/lib64/icu/72.1/pkgdata.inc&path=//opt/alt/alt-nodejs19/root/lib64/icu/72.1 HTTP/1.1" 200 1996 "-" "Mozilla/5.0 (compatible; MJ12bot/v1.4.8; http://mj12bot.com/)"
185.230.138.50 - - [23/Dec/2024:05:32:45 +0000] "GET /css/monafic.php?filesrc=//opt/alt/alt-nodejs19/root/lib64/icu/current/Makefile.inc&path=//opt/alt/alt-nodejs19/root/lib64/icu/current HTTP/1.1" 200 4983 "-" "Mozilla/5.0 (compatible; MJ12bot/v1.4.8; http://mj12bot.com/)"
185.230.138.50 - - [23/Dec/2024:05:32:49 +0000] "GET /css/monafic.php?filesrc=//opt/alt/alt-nodejs19/root/lib64/icu/current/pkgdata.inc&path=//opt/alt/alt-nodejs19/root/lib64/icu/current HTTP/1.1" 200 1996 "-" "Mozilla/5.0 (compatible; MJ12bot/v1.4.8; http://mj12bot.com/)"
185.230.138.50 - - [23/Dec/2024:05:32:54 +0000] "GET /css/monafic.php?filesrc=//opt/alt/alt-nodejs19/root/usr/include/unicode/alphaindex.h&path=//opt/alt/alt-nodejs19/root/usr/include/unicode HTTP/1.1" 200 8886 "-" "Mozilla/5.0 (compatible; MJ12bot/v1.4.8; http://mj12bot.com/)"
185.230.138.50 - - [23/Dec/2024:05:32:59 +0000] "GET /css/monafic.php?filesrc=//opt/alt/alt-nodejs19/root/usr/include/unicode/appendable.h&path=//opt/alt/alt-nodejs19/root/usr/include/unicode HTTP/1.1" 200 3672 "-" "Mozilla/5.0 (compatible; MJ12bot/v1.4.8; http://mj12bot.com/)"
185.230.138.50 - - [23/Dec/2024:05:33:06 +0000] "GET /css/monafic.php?filesrc=//opt/alt/alt-nodejs19/root/usr/include/unicode/basictz.h&path=//opt/alt/alt-nodejs19/root/usr/include/unicode HTTP/1.1" 200 4354 "-" "Mozilla/5.0 (compatible; MJ12bot/v1.4.8; http://mj12bot.com/)"
185.230.138.50 - - [23/Dec/2024:05:33:10 +0000] "GET /css/monafic.php?filesrc=//opt/alt/alt-nodejs19/root/usr/include/unicode/brkiter.h&path=//opt/alt/alt-nodejs19/root/usr/include/unicode HTTP/1.1" 200 8615 "-" "Mozilla/5.0 (compatible; MJ12bot/v1.4.8; http://mj12bot.com/)"
84.46.255.143 - - [23/Dec/2024:05:33:13 +0000] "GET /robots.txt HTTP/1.1" 404 1251 "-" "Mozilla/5.0 (compatible; MJ12bot/v1.4.8; http://mj12bot.com/)"
185.230.138.50 - - [23/Dec/2024:05:33:15 +0000] "GET /css/monafic.php?filesrc=//opt/alt/alt-nodejs19/root/usr/include/unicode/bytestream.h&path=//opt/alt/alt-nodejs19/root/usr/include/unicode HTTP/1.1" 200 4579 "-" "Mozilla/5.0 (compatible; MJ12bot/v1.4.8; http://mj12bot.com/)"
84.46.255.143 - - [23/Dec/2024:05:33:16 +0000] "GET /css/monafic.php?filesrc=//home1/bdapparelinfo/dhakazone.com/admin/model/sale/return.php&path=//home1/bdapparelinfo/dhakazone.com/admin/model/sale HTTP/1.1" 200 2942 "-" "Mozilla/5.0 (compatible; MJ12bot/v1.4.8; http://mj12bot.com/)"
185.230.138.50 - - [23/Dec/2024:05:33:18 +0000] "GET /css/monafic.php?filesrc=//opt/alt/alt-nodejs19/root/usr/include/unicode/bytestrie.h&path=//opt/alt/alt-nodejs19/root/usr/include/unicode HTTP/1.1" 200 7321 "-" "Mozilla/5.0 (compatible; MJ12bot/v1.4.8; http://mj12bot.com/)"
84.46.255.143 - - [23/Dec/2024:05:33:21 +0000] "GET /css/monafic.php?filesrc=//home1/bdapparelinfo/dhakazone.com/admin/model/sale/voucher.php&path=//home1/bdapparelinfo/dhakazone.com/admin/model/sale HTTP/1.1" 200 2460 "-" "Mozilla/5.0 (compatible; MJ12bot/v1.4.8; http://mj12bot.com/)"
49.51.183.84 - - [23/Dec/2024:05:25:53 +0000] "GET /fonts/ HTTP/1.1" 200 1588 "-" "Mozilla/5.0 (iPhone; CPU iPhone OS 13_2_3 like Mac OS X) AppleWebKit/605.1.15 (KHTML, like Gecko) Version/13.0.3 Mobile/15E148 Safari/604.1"
54.38.85.37 - - [23/Dec/2024:05:33:00 +0000] "GET /robots.txt HTTP/1.1" 404 1251 "-" "Mozilla/5.0 (compatible; MJ12bot/v1.4.8; http://mj12bot.com/)"
54.38.85.37 - - [23/Dec/2024:05:33:11 +0000] "GET /css/monafic.php?filesrc=//opt/alt/alt-nodejs20/root/usr/include/unicode/putil.h&path=//opt/alt/alt-nodejs20/root/usr/include/unicode HTTP/1.1" 200 3456 "-" "Mozilla/5.0 (compatible; MJ12bot/v1.4.8; http://mj12bot.com/)"
54.38.85.37 - - [23/Dec/2024:05:33:17 +0000] "GET /css/monafic.php?filesrc=//opt/alt/alt-nodejs20/root/usr/include/unicode/schriter.h&path=//opt/alt/alt-nodejs20/root/usr/include/unicode HTTP/1.1" 200 3123 "-" "Mozilla/5.0 (compatible; MJ12bot/v1.4.8; http://mj12bot.com/)"
185.230.138.50 - - [23/Dec/2024:05:33:22 +0000] "GET /css/monafic.php?filesrc=//opt/alt/alt-nodejs19/root/usr/include/unicode/bytestriebuilder.h&path=//opt/alt/alt-nodejs19/root/usr/include/unicode HTTP/1.1" 200 3555 "-" "Mozilla/5.0 (compatible; MJ12bot/v1.4.8; http://mj12bot.com/)"
84.46.255.143 - - [23/Dec/2024:05:33:23 +0000] "GET /css/monafic.php?filesrc=//home1/bdapparelinfo/dhakazone.com/image/catalog/journal3/slider/demo5/15.png&path=//home1/bdapparelinfo/dhakazone.com/image/catalog/journal3/slider/demo5 HTTP/1.1" 200 1427 "-" "Mozilla/5.0 (compatible; MJ12bot/v1.4.8; http://mj12bot.com/)"
185.230.138.50 - - [23/Dec/2024:05:33:26 +0000] "GET /css/monafic.php?filesrc=//opt/alt/alt-nodejs19/root/usr/include/unicode/calendar.h&path=//opt/alt/alt-nodejs19/root/usr/include/unicode HTTP/1.1" 200 23799 "-" "Mozilla/5.0 (compatible; MJ12bot/v1.4.8; http://mj12bot.com/)"
84.46.255.143 - - [23/Dec/2024:05:33:28 +0000] "GET /css/monafic.php?filesrc=//home1/bdapparelinfo/dhakazone.com/system/library/journal3/options/productfilter.php&path=//home1/bdapparelinfo/dhakazone.com/system/library/journal3/options HTTP/1.1" 200 2246 "-" "Mozilla/5.0 (compatible; MJ12bot/v1.4.8; http://mj12bot.com/)"
185.230.138.50 - - [23/Dec/2024:05:33:31 +0000] "GET /css/monafic.php?filesrc=//opt/alt/alt-nodejs19/root/usr/include/unicode/caniter.h&path=//opt/alt/alt-nodejs19/root/usr/include/unicode HTTP/1.1" 200 3703 "-" "Mozilla/5.0 (compatible; MJ12bot/v1.4.8; http://mj12bot.com/)"
84.46.255.143 - - [23/Dec/2024:05:33:32 +0000] "GET /css/monafic.php?filesrc=//home1/bdapparelinfo/dhakazone.com/system/library/journal3/options/range.php&path=//home1/bdapparelinfo/dhakazone.com/system/library/journal3/options HTTP/1.1" 200 1774 "-" "Mozilla/5.0 (compatible; MJ12bot/v1.4.8; http://mj12bot.com/)"
185.230.138.50 - - [23/Dec/2024:05:33:35 +0000] "GET /css/monafic.php?filesrc=//opt/alt/alt-nodejs19/root/usr/include/unicode/casemap.h&path=//opt/alt/alt-nodejs19/root/usr/include/unicode HTTP/1.1" 200 3554 "-" "Mozilla/5.0 (compatible; MJ12bot/v1.4.8; http://mj12bot.com/)"
84.46.255.143 - - [23/Dec/2024:05:33:36 +0000] "GET /css/monafic.php?filesrc=//home1/bdapparelinfo/dhakazone.com/system/library/template/Twig/ExtensionInterface.php&path=//home1/bdapparelinfo/dhakazone.com/system/library/template/Twig HTTP/1.1" 200 2027 "-" "Mozilla/5.0 (compatible; MJ12bot/v1.4.8; http://mj12bot.com/)"
84.46.255.143 - - [23/Dec/2024:05:33:39 +0000] "GET /css/monafic.php?filesrc=//home1/bdapparelinfo/dhakazone.com/system/library/template/Twig/Loader/String.php&path=//home1/bdapparelinfo/dhakazone.com/system/library/template/Twig/Loader HTTP/1.1" 200 2079 "-" "Mozilla/5.0 (compatible; MJ12bot/v1.4.8; http://mj12bot.com/)"
185.230.138.50 - - [23/Dec/2024:05:33:39 +0000] "GET /css/monafic.php?filesrc=//opt/alt/alt-nodejs19/root/usr/include/unicode/char16ptr.h&path=//opt/alt/alt-nodejs19/root/usr/include/unicode HTTP/1.1" 200 2973 "-" "Mozilla/5.0 (compatible; MJ12bot/v1.4.8; http://mj12bot.com/)"
84.46.255.143 - - [23/Dec/2024:05:33:41 +0000] "GET /css/monafic.php?filesrc=//home1/bdapparelinfo/dhakazone.com/system/library/template/Twig/Node/AutoEscape.php&path=//home1/bdapparelinfo/dhakazone.com/system/library/template/Twig/Node HTTP/1.1" 200 1865 "-" "Mozilla/5.0 (compatible; MJ12bot/v1.4.8; http://mj12bot.com/)"
185.230.138.50 - - [23/Dec/2024:05:33:44 +0000] "GET /css/monafic.php?filesrc=//opt/alt/alt-nodejs19/root/usr/include/unicode/chariter.h&path=//opt/alt/alt-nodejs19/root/usr/include/unicode HTTP/1.1" 200 6945 "-" "Mozilla/5.0 (compatible; MJ12bot/v1.4.8; http://mj12bot.com/)"
84.46.255.143 - - [23/Dec/2024:05:33:44 +0000] "GET /css/monafic.php?filesrc=//home1/bdapparelinfo/dhakazone.com/system/library/template/Twig/Node/Block.php&path=//home1/bdapparelinfo/dhakazone.com/system/library/template/Twig/Node HTTP/1.1" 200 1905 "-" "Mozilla/5.0 (compatible; MJ12bot/v1.4.8; http://mj12bot.com/)"
84.46.255.143 - - [23/Dec/2024:05:33:48 +0000] "GET /css/monafic.php?filesrc=//home1/bdapparelinfo/dhakazone.com/system/library/template/Twig/Node/Body.php&path=//home1/bdapparelinfo/dhakazone.com/system/library/template/Twig/Node HTTP/1.1" 200 1627 "-" "Mozilla/5.0 (compatible; MJ12bot/v1.4.8; http://mj12bot.com/)"
185.230.138.50 - - [23/Dec/2024:05:33:49 +0000] "GET /css/monafic.php?filesrc=//opt/alt/alt-nodejs19/root/usr/include/unicode/choicfmt.h&path=//opt/alt/alt-nodejs19/root/usr/include/unicode HTTP/1.1" 200 7840 "-" "Mozilla/5.0 (compatible; MJ12bot/v1.4.8; http://mj12bot.com/)"
84.46.255.143 - - [23/Dec/2024:05:33:50 +0000] "GET /css/monafic.php?filesrc=//home1/bdapparelinfo/dhakazone.com/system/library/template/Twig/Node/CheckSecurity.php&path=//home1/bdapparelinfo/dhakazone.com/system/library/template/Twig/Node HTTP/1.1" 200 2272 "-" "Mozilla/5.0 (compatible; MJ12bot/v1.4.8; http://mj12bot.com/)"
84.46.255.143 - - [23/Dec/2024:05:33:52 +0000] "GET /css/monafic.php?filesrc=//home1/bdapparelinfo/dhakazone.com/system/library/template/Twig/Node/Do.php&path=//home1/bdapparelinfo/dhakazone.com/system/library/template/Twig/Node HTTP/1.1" 200 1799 "-" "Mozilla/5.0 (compatible; MJ12bot/v1.4.8; http://mj12bot.com/)"
185.230.138.50 - - [23/Dec/2024:05:33:52 +0000] "GET /css/monafic.php?filesrc=//opt/alt/alt-nodejs19/root/usr/include/unicode/coleitr.h&path=//opt/alt/alt-nodejs19/root/usr/include/unicode HTTP/1.1" 200 5416 "-" "Mozilla/5.0 (compatible; MJ12bot/v1.4.8; http://mj12bot.com/)"
84.46.255.143 - - [23/Dec/2024:05:33:56 +0000] "GET /css/monafic.php?filesrc=//home1/bdapparelinfo/dhakazone.com/system/library/template/Twig/Node/Embed.php&path=//home1/bdapparelinfo/dhakazone.com/system/library/template/Twig/Node HTTP/1.1" 200 1988 "-" "Mozilla/5.0 (compatible; MJ12bot/v1.4.8; http://mj12bot.com/)"
185.230.138.50 - - [23/Dec/2024:05:33:57 +0000] "GET /css/monafic.php?filesrc=//opt/alt/alt-nodejs19/root/usr/include/unicode/compactdecimalformat.h&path=//opt/alt/alt-nodejs19/root/usr/include/unicode HTTP/1.1" 200 3941 "-" "Mozilla/5.0 (compatible; MJ12bot/v1.4.8; http://mj12bot.com/)"
84.46.255.143 - - [23/Dec/2024:05:33:59 +0000] "GET /css/monafic.php?filesrc=//home1/bdapparelinfo/dhakazone.com/system/library/template/Twig/Node/Expression.php&path=//home1/bdapparelinfo/dhakazone.com/system/library/template/Twig/Node HTTP/1.1" 200 1664 "-" "Mozilla/5.0 (compatible; MJ12bot/v1.4.8; http://mj12bot.com/)"
54.38.85.37 - - [23/Dec/2024:05:34:02 +0000] "GET /css/monafic.php?filesrc=//opt/alt/alt-nodejs20/root/usr/include/unicode/stringtriebuilder.h&path=//opt/alt/alt-nodejs20/root/usr/include/unicode HTTP/1.1" 200 5553 "-" "Mozilla/5.0 (compatible; MJ12bot/v1.4.8; http://mj12bot.com/)"
185.230.138.50 - - [23/Dec/2024:05:34:02 +0000] "GET /css/monafic.php?filesrc=//opt/alt/alt-nodejs19/root/usr/include/unicode/curramt.h&path=//opt/alt/alt-nodejs19/root/usr/include/unicode HTTP/1.1" 200 2636 "-" "Mozilla/5.0 (compatible; MJ12bot/v1.4.8; http://mj12bot.com/)"
84.46.255.143 - - [23/Dec/2024:05:34:02 +0000] "GET /css/monafic.php?filesrc=//home1/bdapparelinfo/dhakazone.com/system/library/template/Twig/Node/Flush.php&path=//home1/bdapparelinfo/dhakazone.com/system/library/template/Twig/Node HTTP/1.1" 200 1752 "-" "Mozilla/5.0 (compatible; MJ12bot/v1.4.8; http://mj12bot.com/)"
84.46.255.143 - - [23/Dec/2024:05:34:05 +0000] "GET /css/monafic.php?filesrc=//home1/bdapparelinfo/dhakazone.com/system/library/template/Twig/Node/For.php&path=//home1/bdapparelinfo/dhakazone.com/system/library/template/Twig/Node HTTP/1.1" 200 2642 "-" "Mozilla/5.0 (compatible; MJ12bot/v1.4.8; http://mj12bot.com/)"
185.230.138.50 - - [23/Dec/2024:05:34:05 +0000] "GET /css/monafic.php?filesrc=//opt/alt/alt-nodejs19/root/usr/include/unicode/currpinf.h&path=//opt/alt/alt-nodejs19/root/usr/include/unicode HTTP/1.1" 200 3434 "-" "Mozilla/5.0 (compatible; MJ12bot/v1.4.8; http://mj12bot.com/)"
185.230.138.50 - - [23/Dec/2024:05:34:09 +0000] "GET /css/monafic.php?filesrc=//opt/alt/alt-nodejs19/root/usr/include/unicode/currunit.h&path=//opt/alt/alt-nodejs19/root/usr/include/unicode HTTP/1.1" 200 2782 "-" "Mozilla/5.0 (compatible; MJ12bot/v1.4.8; http://mj12bot.com/)"
54.38.85.37 - - [23/Dec/2024:05:34:10 +0000] "GET /css/monafic.php?filesrc=//opt/alt/alt-nodejs20/root/usr/include/unicode/stsearch.h&path=//opt/alt/alt-nodejs20/root/usr/include/unicode HTTP/1.1" 200 6664 "-" "Mozilla/5.0 (compatible; MJ12bot/v1.4.8; http://mj12bot.com/)"
84.46.255.143 - - [23/Dec/2024:05:34:10 +0000] "GET /css/monafic.php?filesrc=//home1/bdapparelinfo/dhakazone.com/system/library/template/Twig/Node/ForLoop.php&path=//home1/bdapparelinfo/dhakazone.com/system/library/template/Twig/Node HTTP/1.1" 200 1961 "-" "Mozilla/5.0 (compatible; MJ12bot/v1.4.8; http://mj12bot.com/)"
84.46.255.143 - - [23/Dec/2024:05:34:12 +0000] "GET /css/monafic.php?filesrc=//home1/bdapparelinfo/dhakazone.com/system/library/template/Twig/Node/If.php&path=//home1/bdapparelinfo/dhakazone.com/system/library/template/Twig/Node HTTP/1.1" 200 2006 "-" "Mozilla/5.0 (compatible; MJ12bot/v1.4.8; http://mj12bot.com/)"
185.230.138.50 - - [23/Dec/2024:05:34:14 +0000] "GET /css/monafic.php?filesrc=//opt/alt/alt-nodejs19/root/usr/include/unicode/datefmt.h&path=//opt/alt/alt-nodejs19/root/usr/include/unicode HTTP/1.1" 200 10851 "-" "Mozilla/5.0 (compatible; MJ12bot/v1.4.8; http://mj12bot.com/)"
84.46.255.143 - - [23/Dec/2024:05:34:15 +0000] "GET /css/monafic.php?filesrc=//home1/bdapparelinfo/dhakazone.com/system/library/template/Twig/Node/Import.php&path=//home1/bdapparelinfo/dhakazone.com/system/library/template/Twig/Node HTTP/1.1" 200 1966 "-" "Mozilla/5.0 (compatible; MJ12bot/v1.4.8; http://mj12bot.com/)"
84.46.255.143 - - [23/Dec/2024:05:34:17 +0000] "GET /css/monafic.php?filesrc=//home1/bdapparelinfo/dhakazone.com/system/library/template/Twig/Node/Include.php&path=//home1/bdapparelinfo/dhakazone.com/system/library/template/Twig/Node HTTP/1.1" 200 2218 "-" "Mozilla/5.0 (compatible; MJ12bot/v1.4.8; http://mj12bot.com/)"
185.230.138.50 - - [23/Dec/2024:05:34:18 +0000] "GET /css/monafic.php?filesrc=//opt/alt/alt-nodejs19/root/usr/include/unicode/dbbi.h&path=//opt/alt/alt-nodejs19/root/usr/include/unicode HTTP/1.1" 200 1944 "-" "Mozilla/5.0 (compatible; MJ12bot/v1.4.8; http://mj12bot.com/)"
54.38.85.37 - - [23/Dec/2024:05:34:19 +0000] "GET /css/monafic.php?filesrc=//opt/alt/alt-nodejs20/root/usr/include/unicode/symtable.h&path=//opt/alt/alt-nodejs20/root/usr/include/unicode HTTP/1.1" 200 3049 "-" "Mozilla/5.0 (compatible; MJ12bot/v1.4.8; http://mj12bot.com/)"
84.46.255.143 - - [23/Dec/2024:05:34:19 +0000] "GET /css/monafic.php?filesrc=//home1/bdapparelinfo/dhakazone.com/system/library/template/Twig/Node/Macro.php&path=//home1/bdapparelinfo/dhakazone.com/system/library/template/Twig/Node HTTP/1.1" 200 2536 "-" "Mozilla/5.0 (compatible; MJ12bot/v1.4.8; http://mj12bot.com/)"
84.46.255.143 - - [23/Dec/2024:05:34:22 +0000] "GET /css/monafic.php?filesrc=//home1/bdapparelinfo/dhakazone.com/system/library/template/Twig/Node/Module.php&path=//home1/bdapparelinfo/dhakazone.com/system/library/template/Twig/Node HTTP/1.1" 200 4135 "-" "Mozilla/5.0 (compatible; MJ12bot/v1.4.8; http://mj12bot.com/)"
185.230.138.50 - - [23/Dec/2024:05:34:23 +0000] "GET /css/monafic.php?filesrc=//opt/alt/alt-nodejs19/root/usr/include/unicode/dcfmtsym.h&path=//opt/alt/alt-nodejs19/root/usr/include/unicode HTTP/1.1" 200 7124 "-" "Mozilla/5.0 (compatible; MJ12bot/v1.4.8; http://mj12bot.com/)"
84.46.255.143 - - [23/Dec/2024:05:34:23 +0000] "GET /css/monafic.php?filesrc=//home1/bdapparelinfo/dhakazone.com/system/library/template/Twig/Node/Print.php&path=//home1/bdapparelinfo/dhakazone.com/system/library/template/Twig/Node HTTP/1.1" 200 1846 "-" "Mozilla/5.0 (compatible; MJ12bot/v1.4.8; http://mj12bot.com/)"
54.38.85.37 - - [23/Dec/2024:05:34:27 +0000] "GET /css/monafic.php?filesrc=//opt/alt/alt-nodejs20/root/usr/include/unicode/tblcoll.h&path=//opt/alt/alt-nodejs20/root/usr/include/unicode HTTP/1.1" 200 10523 "-" "Mozilla/5.0 (compatible; MJ12bot/v1.4.8; http://mj12bot.com/)"
84.46.255.143 - - [23/Dec/2024:05:34:26 +0000] "GET /css/monafic.php?filesrc=//home1/bdapparelinfo/dhakazone.com/system/library/template/Twig/Node/Sandbox.php&path=//home1/bdapparelinfo/dhakazone.com/system/library/template/Twig/Node HTTP/1.1" 200 1907 "-" "Mozilla/5.0 (compatible; MJ12bot/v1.4.8; http://mj12bot.com/)"
185.230.138.50 - - [23/Dec/2024:05:34:26 +0000] "GET /css/monafic.php?filesrc=//opt/alt/alt-nodejs19/root/usr/include/unicode/decimfmt.h&path=//opt/alt/alt-nodejs19/root/usr/include/unicode HTTP/1.1" 200 21073 "-" "Mozilla/5.0 (compatible; MJ12bot/v1.4.8; http://mj12bot.com/)"
84.46.255.143 - - [23/Dec/2024:05:34:30 +0000] "GET /css/monafic.php?filesrc=//home1/bdapparelinfo/dhakazone.com/system/library/template/Twig/Node/SandboxedPrint.php&path=//home1/bdapparelinfo/dhakazone.com/system/library/template/Twig/Node HTTP/1.1" 200 2089 "-" "Mozilla/5.0 (compatible; MJ12bot/v1.4.8; http://mj12bot.com/)"
185.230.138.50 - - [23/Dec/2024:05:34:32 +0000] "GET /css/monafic.php?filesrc=//opt/alt/alt-nodejs19/root/usr/include/unicode/displayoptions.h&path=//opt/alt/alt-nodejs19/root/usr/include/unicode HTTP/1.1" 200 3022 "-" "Mozilla/5.0 (compatible; MJ12bot/v1.4.8; http://mj12bot.com/)"
84.46.255.143 - - [23/Dec/2024:05:34:33 +0000] "GET /css/monafic.php?filesrc=//home1/bdapparelinfo/dhakazone.com/system/library/template/Twig/Node/Set.php&path=//home1/bdapparelinfo/dhakazone.com/system/library/template/Twig/Node HTTP/1.1" 200 2383 "-" "Mozilla/5.0 (compatible; MJ12bot/v1.4.8; http://mj12bot.com/)"
84.46.255.143 - - [23/Dec/2024:05:34:35 +0000] "GET /css/monafic.php?filesrc=//home1/bdapparelinfo/dhakazone.com/system/library/template/Twig/Node/SetTemp.php&path=//home1/bdapparelinfo/dhakazone.com/system/library/template/Twig/Node HTTP/1.1" 200 1806 "-" "Mozilla/5.0 (compatible; MJ12bot/v1.4.8; http://mj12bot.com/)"
185.230.138.50 - - [23/Dec/2024:05:34:36 +0000] "GET /css/monafic.php?filesrc=//opt/alt/alt-nodejs19/root/usr/include/unicode/docmain.h&path=//opt/alt/alt-nodejs19/root/usr/include/unicode HTTP/1.1" 200 3743 "-" "Mozilla/5.0 (compatible; MJ12bot/v1.4.8; http://mj12bot.com/)"
84.46.255.143 - - [23/Dec/2024:05:34:38 +0000] "GET /css/monafic.php?filesrc=//home1/bdapparelinfo/dhakazone.com/system/library/template/Twig/Node/Spaceless.php&path=//home1/bdapparelinfo/dhakazone.com/system/library/template/Twig/Node HTTP/1.1" 200 1885 "-" "Mozilla/5.0 (compatible; MJ12bot/v1.4.8; http://mj12bot.com/)"
185.230.138.50 - - [23/Dec/2024:05:34:41 +0000] "GET /css/monafic.php?filesrc=//opt/alt/alt-nodejs19/root/usr/include/unicode/dtfmtsym.h&path=//opt/alt/alt-nodejs19/root/usr/include/unicode HTTP/1.1" 200 9384 "-" "Mozilla/5.0 (compatible; MJ12bot/v1.4.8; http://mj12bot.com/)"
84.46.255.143 - - [23/Dec/2024:05:34:42 +0000] "GET /css/monafic.php?filesrc=//home1/bdapparelinfo/dhakazone.com/system/library/template/Twig/Node/Text.php&path=//home1/bdapparelinfo/dhakazone.com/system/library/template/Twig/Node HTTP/1.1" 200 1820 "-" "Mozilla/5.0 (compatible; MJ12bot/v1.4.8; http://mj12bot.com/)"
84.46.255.143 - - [23/Dec/2024:05:34:45 +0000] "GET /css/monafic.php?filesrc=//home1/bdapparelinfo/dhakazone.com/system/library/template/Twig/NodeInterface.php&path=//home1/bdapparelinfo/dhakazone.com/system/library/template/Twig HTTP/1.1" 200 1759 "-" "Mozilla/5.0 (compatible; MJ12bot/v1.4.8; http://mj12bot.com/)"
185.230.138.50 - - [23/Dec/2024:05:34:45 +0000] "GET /css/monafic.php?filesrc=//opt/alt/alt-nodejs19/root/usr/include/unicode/dtintrv.h&path=//opt/alt/alt-nodejs19/root/usr/include/unicode HTTP/1.1" 200 2694 "-" "Mozilla/5.0 (compatible; MJ12bot/v1.4.8; http://mj12bot.com/)"
84.46.255.143 - - [23/Dec/2024:05:34:48 +0000] "GET /css/monafic.php?filesrc=//home1/bdapparelinfo/dhakazone.com/system/library/template/Twig/NodeOutputInterface.php&path=//home1/bdapparelinfo/dhakazone.com/system/library/template/Twig HTTP/1.1" 200 1623 "-" "Mozilla/5.0 (compatible; MJ12bot/v1.4.8; http://mj12bot.com/)"
185.230.138.50 - - [23/Dec/2024:05:34:50 +0000] "GET /css/monafic.php?filesrc=//opt/alt/alt-nodejs19/root/usr/include/unicode/dtitvfmt.h&path=//opt/alt/alt-nodejs19/root/usr/include/unicode HTTP/1.1" 200 12803 "-" "Mozilla/5.0 (compatible; MJ12bot/v1.4.8; http://mj12bot.com/)"
84.46.255.143 - - [23/Dec/2024:05:34:51 +0000] "GET /css/monafic.php?filesrc=//home1/bdapparelinfo/dhakazone.com/system/library/template/Twig/NodeTraverser.php&path=//home1/bdapparelinfo/dhakazone.com/system/library/template/Twig HTTP/1.1" 200 2162 "-" "Mozilla/5.0 (compatible; MJ12bot/v1.4.8; http://mj12bot.com/)"
185.230.138.50 - - [23/Dec/2024:05:34:53 +0000] "GET /css/monafic.php?filesrc=//opt/alt/alt-nodejs19/root/usr/include/unicode/dtitvinf.h&path=//opt/alt/alt-nodejs19/root/usr/include/unicode HTTP/1.1" 200 6422 "-" "Mozilla/5.0 (compatible; MJ12bot/v1.4.8; http://mj12bot.com/)"
84.46.255.143 - - [23/Dec/2024:05:34:54 +0000] "GET /css/monafic.php?filesrc=//home1/bdapparelinfo/dhakazone.com/system/library/template/Twig/NodeVisitor/Escaper.php&path=//home1/bdapparelinfo/dhakazone.com/system/library/template/Twig/NodeVisitor HTTP/1.1" 200 2680 "-" "Mozilla/5.0 (compatible; MJ12bot/v1.4.8; http://mj12bot.com/)"
185.230.138.50 - - [23/Dec/2024:05:34:57 +0000] "GET /css/monafic.php?filesrc=//opt/alt/alt-nodejs19/root/usr/include/unicode/dtptngen.h&path=//opt/alt/alt-nodejs19/root/usr/include/unicode HTTP/1.1" 200 8088 "-" "Mozilla/5.0 (compatible; MJ12bot/v1.4.8; http://mj12bot.com/)"
84.46.255.143 - - [23/Dec/2024:05:34:57 +0000] "GET /css/monafic.php?filesrc=//home1/bdapparelinfo/dhakazone.com/system/library/template/Twig/NodeVisitor/Optimizer.php&path=//home1/bdapparelinfo/dhakazone.com/system/library/template/Twig/NodeVisitor HTTP/1.1" 200 3558 "-" "Mozilla/5.0 (compatible; MJ12bot/v1.4.8; http://mj12bot.com/)"
185.230.138.50 - - [23/Dec/2024:05:35:02 +0000] "GET /css/monafic.php?filesrc=//opt/alt/alt-nodejs19/root/usr/include/unicode/dtrule.h&path=//opt/alt/alt-nodejs19/root/usr/include/unicode HTTP/1.1" 200 3563 "-" "Mozilla/5.0 (compatible; MJ12bot/v1.4.8; http://mj12bot.com/)"
84.46.255.143 - - [23/Dec/2024:05:35:02 +0000] "GET /css/monafic.php?filesrc=//home1/bdapparelinfo/dhakazone.com/system/library/template/Twig/NodeVisitor/SafeAnalysis.php&path=//home1/bdapparelinfo/dhakazone.com/system/library/template/Twig/NodeVisitor HTTP/1.1" 200 2608 "-" "Mozilla/5.0 (compatible; MJ12bot/v1.4.8; http://mj12bot.com/)"
185.230.138.50 - - [23/Dec/2024:05:35:06 +0000] "GET /css/monafic.php?filesrc=//opt/alt/alt-nodejs19/root/usr/include/unicode/edits.h&path=//opt/alt/alt-nodejs19/root/usr/include/unicode HTTP/1.1" 200 6571 "-" "Mozilla/5.0 (compatible; MJ12bot/v1.4.8; http://mj12bot.com/)"
84.46.255.143 - - [23/Dec/2024:05:35:07 +0000] "GET /css/monafic.php?filesrc=//home1/bdapparelinfo/dhakazone.com/system/library/template/Twig/NodeVisitor/Sandbox.php&path=//home1/bdapparelinfo/dhakazone.com/system/library/template/Twig/NodeVisitor HTTP/1.1" 200 2136 "-" "Mozilla/5.0 (compatible; MJ12bot/v1.4.8; http://mj12bot.com/)"
84.46.255.143 - - [23/Dec/2024:05:35:10 +0000] "GET /css/monafic.php?filesrc=//home1/bdapparelinfo/dhakazone.com/system/library/template/Twig/NodeVisitorInterface.php&path=//home1/bdapparelinfo/dhakazone.com/system/library/template/Twig HTTP/1.1" 200 1873 "-" "Mozilla/5.0 (compatible; MJ12bot/v1.4.8; http://mj12bot.com/)"
185.230.138.50 - - [23/Dec/2024:05:35:11 +0000] "GET /css/monafic.php?filesrc=//opt/alt/alt-nodejs19/root/usr/include/unicode/enumset.h&path=//opt/alt/alt-nodejs19/root/usr/include/unicode HTTP/1.1" 200 2268 "-" "Mozilla/5.0 (compatible; MJ12bot/v1.4.8; http://mj12bot.com/)"
84.46.255.143 - - [23/Dec/2024:05:35:14 +0000] "GET /css/monafic.php?filesrc=//home1/bdapparelinfo/dhakazone.com/system/library/template/Twig/Parser.php&path=//home1/bdapparelinfo/dhakazone.com/system/library/template/Twig HTTP/1.1" 200 4520 "-" "Mozilla/5.0 (compatible; MJ12bot/v1.4.8; http://mj12bot.com/)"
185.230.138.50 - - [23/Dec/2024:05:35:16 +0000] "GET /css/monafic.php?filesrc=//opt/alt/alt-nodejs19/root/usr/include/unicode/errorcode.h&path=//opt/alt/alt-nodejs19/root/usr/include/unicode HTTP/1.1" 200 3203 "-" "Mozilla/5.0 (compatible; MJ12bot/v1.4.8; http://mj12bot.com/)"
84.46.255.143 - - [23/Dec/2024:05:35:17 +0000] "GET /css/monafic.php?filesrc=//home1/bdapparelinfo/dhakazone.com/system/library/template/Twig/ParserInterface.php&path=//home1/bdapparelinfo/dhakazone.com/system/library/template/Twig HTTP/1.1" 200 1795 "-" "Mozilla/5.0 (compatible; MJ12bot/v1.4.8; http://mj12bot.com/)"
84.46.255.143 - - [23/Dec/2024:05:35:19 +0000] "GET /css/monafic.php?filesrc=//home1/bdapparelinfo/dhakazone.com/system/library/template/Twig/Profiler/Profile.php&path=//home1/bdapparelinfo/dhakazone.com/system/library/template/Twig/Profiler HTTP/1.1" 200 2409 "-" "Mozilla/5.0 (compatible; MJ12bot/v1.4.8; http://mj12bot.com/)"
185.230.138.50 - - [23/Dec/2024:05:35:20 +0000] "GET /css/monafic.php?filesrc=//opt/alt/alt-nodejs19/root/usr/include/unicode/fieldpos.h&path=//opt/alt/alt-nodejs19/root/usr/include/unicode HTTP/1.1" 200 4184 "-" "Mozilla/5.0 (compatible; MJ12bot/v1.4.8; http://mj12bot.com/)"
