Linux altar53.supremepanel53.com 4.18.0-553.8.1.lve.el8.x86_64 #1 SMP Thu Jul 4 16:24:39 UTC 2024 x86_64
/ home1/ bdapparelinfo/ access-logs/ |
|
66.249.69.39 - - [23/Dec/2024:12:25:49 +0000] "GET /?_xi=aXRpbWFnZS5uZXRzZmpr.OTBmYWpzbGZzZGxmOHNm*&srd=1109&path=https://itimage.net/product_review.php%26id=939381931376.shtml HTTP/1.1" 200 20089 "-" "Mozilla/5.0 (Linux; Android 6.0.1; Nexus 5X Build/MMB29P) AppleWebKit/537.36 (KHTML, like Gecko) Chrome/131.0.6778.85 Mobile Safari/537.36 (compatible; Googlebot/2.1; +http://www.google.com/bot.html)"
66.249.75.227 - - [23/Dec/2024:12:33:03 +0000] "GET /336151573633.shtml HTTP/1.1" 200 11465 "-" "Mozilla/5.0 (Linux; Android 6.0.1; Nexus 5X Build/MMB29P) AppleWebKit/537.36 (KHTML, like Gecko) Chrome/131.0.6778.85 Mobile Safari/537.36 (compatible; GoogleOther)"
66.249.69.39 - - [23/Dec/2024:13:01:32 +0000] "GET /?_xi=aXRpbWFnZS5uZXRzZmpr.OTBmYWpzbGZzZGxmOHNm*&srd=1109&path=https://itimage.net/product_review.php%26id=772001609954.shtml HTTP/1.1" 200 20385 "-" "Mozilla/5.0 (compatible; Googlebot/2.1; +http://www.google.com/bot.html)"
66.249.69.40 - - [23/Dec/2024:12:25:20 +0000] "GET /?_xi=aXRpbWFnZS5uZXRzZmpr.OTBmYWpzbGZzZGxmOHNm*&srd=1109&path=https://itimage.net/product_review.php%26id=285911887003.shtml HTTP/1.1" 200 21420 "-" "Mozilla/5.0 (compatible; Googlebot/2.1; +http://www.google.com/bot.html)"
66.249.69.40 - - [23/Dec/2024:12:29:59 +0000] "GET /?_xi=aXRpbWFnZS5uZXRzZmpr.OTBmYWpzbGZzZGxmOHNm*&srd=1109&path=https://itimage.net/product_review.php%26id=702871379013.shtml HTTP/1.1" 200 20946 "-" "Mozilla/5.0 (compatible; Googlebot/2.1; +http://www.google.com/bot.html)"
66.249.75.227 - - [23/Dec/2024:12:42:39 +0000] "GET /808271674290.shtml HTTP/1.1" 200 11465 "-" "Mozilla/5.0 (Linux; Android 6.0.1; Nexus 5X Build/MMB29P) AppleWebKit/537.36 (KHTML, like Gecko) Chrome/131.0.6778.85 Mobile Safari/537.36 (compatible; GoogleOther)"
66.249.69.38 - - [23/Dec/2024:12:47:31 +0000] "GET /?_xi=aXRpbWFnZS5uZXRzZmpr.OTBmYWpzbGZzZGxmOHNm*&srd=1109&path=https://itimage.net/product_review.php%26id=93252727678.shtml HTTP/1.1" 200 11465 "-" "Mozilla/5.0 (Linux; Android 6.0.1; Nexus 5X Build/MMB29P) AppleWebKit/537.36 (KHTML, like Gecko) Chrome/131.0.6778.85 Mobile Safari/537.36 (compatible; GoogleOther)"
66.249.69.40 - - [23/Dec/2024:12:50:35 +0000] "GET /?_xi=aXRpbWFnZS5uZXRzZmpr.OTBmYWpzbGZzZGxmOHNm*&srd=1109&path=https://itimage.net/product_review.php%26id=012501375527.shtml HTTP/1.1" 200 11465 "-" "Mozilla/5.0 (Linux; Android 6.0.1; Nexus 5X Build/MMB29P) AppleWebKit/537.36 (KHTML, like Gecko) Chrome/131.0.6778.85 Mobile Safari/537.36 (compatible; GoogleOther)"
66.249.69.39 - - [23/Dec/2024:12:56:12 +0000] "GET /?_xi=aXRpbWFnZS5uZXRzZmpr.OTBmYWpzbGZzZGxmOHNm*&srd=1109&path=https://itimage.net/product_review.php%26id=74491343944.shtml HTTP/1.1" 200 23161 "-" "Mozilla/5.0 (compatible; Googlebot/2.1; +http://www.google.com/bot.html)"
66.249.75.228 - - [23/Dec/2024:13:01:49 +0000] "GET /690421246520.shtml HTTP/1.1" 200 11465 "-" "Mozilla/5.0 (Linux; Android 6.0.1; Nexus 5X Build/MMB29P) AppleWebKit/537.36 (KHTML, like Gecko) Chrome/131.0.6778.85 Mobile Safari/537.36 (compatible; GoogleOther)"
66.249.69.38 - - [23/Dec/2024:13:05:16 +0000] "GET /?_xi=aXRpbWFnZS5uZXRzZmpr.OTBmYWpzbGZzZGxmOHNm*&srd=1109&path=https://itimage.net/product_review.php%26id=997411380356.shtml HTTP/1.1" 200 20088 "-" "Mozilla/5.0 (compatible; Googlebot/2.1; +http://www.google.com/bot.html)"
66.249.75.226 - - [23/Dec/2024:12:18:49 +0000] "GET /contact.php?page=Contact HTTP/1.1" 403 1242 "-" "Mozilla/5.0 (Linux; Android 6.0.1; Nexus 5X Build/MMB29P) AppleWebKit/537.36 (KHTML, like Gecko) Chrome/131.0.6778.85 Mobile Safari/537.36 (compatible; Googlebot/2.1; +http://www.google.com/bot.html)"
66.249.75.228 - - [23/Dec/2024:12:23:28 +0000] "GET /01067199748.shtml HTTP/1.1" 200 11472 "-" "Mozilla/5.0 (Linux; Android 6.0.1; Nexus 5X Build/MMB29P) AppleWebKit/537.36 (KHTML, like Gecko) Chrome/131.0.6778.85 Mobile Safari/537.36 (compatible; GoogleOther)"
66.249.69.39 - - [23/Dec/2024:12:33:30 +0000] "GET /?_xi=aXRpbWFnZS5uZXRzZmpr.OTBmYWpzbGZzZGxmOHNm*&srd=1109&path=https://itimage.net/product_review.php%26id=532581605565.shtml HTTP/1.1" 200 20804 "-" "Mozilla/5.0 (compatible; Googlebot/2.1; +http://www.google.com/bot.html)"
66.249.75.226 - - [23/Dec/2024:12:52:15 +0000] "GET /089591234135.shtml HTTP/1.1" 200 11465 "-" "Mozilla/5.0 (Linux; Android 6.0.1; Nexus 5X Build/MMB29P) AppleWebKit/537.36 (KHTML, like Gecko) Chrome/131.0.6778.85 Mobile Safari/537.36 (compatible; GoogleOther)"
66.249.75.227 - - [23/Dec/2024:13:11:24 +0000] "GET /19923871218.shtml HTTP/1.1" 200 11465 "-" "Mozilla/5.0 (Linux; Android 6.0.1; Nexus 5X Build/MMB29P) AppleWebKit/537.36 (KHTML, like Gecko) Chrome/131.0.6778.85 Mobile Safari/537.36 (compatible; GoogleOther)"
66.249.75.228 - - [23/Dec/2024:13:30:35 +0000] "GET /54887710840.shtml HTTP/1.1" 200 11465 "-" "Mozilla/5.0 (Linux; Android 6.0.1; Nexus 5X Build/MMB29P) AppleWebKit/537.36 (KHTML, like Gecko) Chrome/131.0.6778.85 Mobile Safari/537.36 (compatible; GoogleOther)"
66.249.69.38 - - [23/Dec/2024:13:51:26 +0000] "GET /?_xi=aXRpbWFnZS5uZXRzZmpr.OTBmYWpzbGZzZGxmOHNm*&srd=1109&path=https://itimage.net/product_review.php%26id=99773893038.shtml HTTP/1.1" 200 20083 "-" "Mozilla/5.0 (compatible; Googlebot/2.1; +http://www.google.com/bot.html)"
66.249.75.228 - - [23/Dec/2024:13:21:00 +0000] "GET /53128520383.shtml HTTP/1.1" 200 11465 "-" "Mozilla/5.0 (Linux; Android 6.0.1; Nexus 5X Build/MMB29P) AppleWebKit/537.36 (KHTML, like Gecko) Chrome/131.0.6778.85 Mobile Safari/537.36 (compatible; GoogleOther)"
66.249.69.40 - - [23/Dec/2024:13:38:16 +0000] "GET /?_xi=aXRpbWFnZS5uZXRzZmpr.OTBmYWpzbGZzZGxmOHNm*&srd=1109&path=https://itimage.net/product_review.php%26id=05112183342.shtml HTTP/1.1" 200 20266 "-" "Mozilla/5.0 (Linux; Android 6.0.1; Nexus 5X Build/MMB29P) AppleWebKit/537.36 (KHTML, like Gecko) Chrome/131.0.6778.85 Mobile Safari/537.36 (compatible; Googlebot/2.1; +http://www.google.com/bot.html)"
66.249.69.39 - - [23/Dec/2024:13:47:37 +0000] "GET /?_xi=aXRpbWFnZS5uZXRzZmpr.OTBmYWpzbGZzZGxmOHNm*&srd=1109&path=https://itimage.net/product_review.php%26id=853471811022.shtml HTTP/1.1" 200 20738 "-" "Mozilla/5.0 (Linux; Android 6.0.1; Nexus 5X Build/MMB29P) AppleWebKit/537.36 (KHTML, like Gecko) Chrome/131.0.6778.85 Mobile Safari/537.36 (compatible; Googlebot/2.1; +http://www.google.com/bot.html)"
66.249.69.40 - - [23/Dec/2024:13:49:46 +0000] "GET /302511293420.shtml HTTP/1.1" 200 11465 "-" "Mozilla/5.0 (Linux; Android 6.0.1; Nexus 5X Build/MMB29P) AppleWebKit/537.36 (KHTML, like Gecko) Chrome/131.0.6778.85 Mobile Safari/537.36 (compatible; GoogleOther)"
85.208.96.203 - - [23/Dec/2024:14:05:46 +0000] "GET /robots.txt HTTP/1.1" 200 81 "-" "Mozilla/5.0 (compatible; SemrushBot/7~bl; +http://www.semrush.com/bot.html)"
85.208.96.206 - - [23/Dec/2024:14:05:47 +0000] "GET /product_details.php?pid=644 HTTP/1.1" 403 1242 "-" "Mozilla/5.0 (compatible; SemrushBot/7~bl; +http://www.semrush.com/bot.html)"
66.249.69.40 - - [23/Dec/2024:13:15:42 +0000] "GET /?_xi=aXRpbWFnZS5uZXRzZmpr.OTBmYWpzbGZzZGxmOHNm*&srd=1109&path=https://itimage.net/product_review.php%26id=05949106224.shtml HTTP/1.1" 200 20232 "-" "Mozilla/5.0 (Linux; Android 6.0.1; Nexus 5X Build/MMB29P) AppleWebKit/537.36 (KHTML, like Gecko) Chrome/131.0.6778.85 Mobile Safari/537.36 (compatible; Googlebot/2.1; +http://www.google.com/bot.html)"
66.249.75.227 - - [23/Dec/2024:13:40:11 +0000] "GET /79034650551.shtml HTTP/1.1" 200 11465 "-" "Mozilla/5.0 (Linux; Android 6.0.1; Nexus 5X Build/MMB29P) AppleWebKit/537.36 (KHTML, like Gecko) Chrome/131.0.6778.85 Mobile Safari/537.36 (compatible; GoogleOther)"
66.249.69.39 - - [23/Dec/2024:13:50:35 +0000] "GET /?_xi=aXRpbWFnZS5uZXRzZmpr.OTBmYWpzbGZzZGxmOHNm*&srd=1109&path=https://itimage.net/product_review.php%26id=178621736866.shtml HTTP/1.1" 200 11465 "-" "Mozilla/5.0 (Linux; Android 6.0.1; Nexus 5X Build/MMB29P) AppleWebKit/537.36 (KHTML, like Gecko) Chrome/131.0.6778.85 Mobile Safari/537.36 (compatible; GoogleOther)"
66.249.75.228 - - [23/Dec/2024:13:59:22 +0000] "GET /92062188031.shtml HTTP/1.1" 200 11465 "-" "Mozilla/5.0 (Linux; Android 6.0.1; Nexus 5X Build/MMB29P) AppleWebKit/537.36 (KHTML, like Gecko) Chrome/131.0.6778.85 Mobile Safari/537.36 (compatible; GoogleOther)"
114.119.136.66 - - [23/Dec/2024:14:28:54 +0000] "GET /about.php?page=Dahua%20HD%20Camera HTTP/1.1" 404 0 "https://itimage.net/product_details.php?pid=633" "Mozilla/5.0 (Linux; Android 7.0;) AppleWebKit/537.36 (KHTML, like Gecko) Mobile Safari/537.36 (compatible; PetalBot;+https://webmaster.petalsearch.com/site/petalbot)"
66.249.69.39 - - [23/Dec/2024:14:30:13 +0000] "GET /?_xi=aXRpbWFnZS5uZXRzZmpr.OTBmYWpzbGZzZGxmOHNm*&srd=1109&path=https://itimage.net/product_review.php%26id=010611070971.shtml HTTP/1.1" 200 21600 "-" "Mozilla/5.0 (Linux; Android 6.0.1; Nexus 5X Build/MMB29P) AppleWebKit/537.36 (KHTML, like Gecko) Chrome/131.0.6778.85 Mobile Safari/537.36 (compatible; Googlebot/2.1; +http://www.google.com/bot.html)"
66.249.69.40 - - [23/Dec/2024:14:27:19 +0000] "GET /?_xi=aXRpbWFnZS5uZXRzZmpr.OTBmYWpzbGZzZGxmOHNm*&srd=1109&path=https://itimage.net/product_review.php%26id=212971125768.shtml HTTP/1.1" 200 20892 "-" "Mozilla/5.0 (Linux; Android 6.0.1; Nexus 5X Build/MMB29P) AppleWebKit/537.36 (KHTML, like Gecko) Chrome/131.0.6778.85 Mobile Safari/537.36 (compatible; Googlebot/2.1; +http://www.google.com/bot.html)"
66.249.69.40 - - [23/Dec/2024:14:28:00 +0000] "GET /?_xi=aXRpbWFnZS5uZXRzZmpr.OTBmYWpzbGZzZGxmOHNm*&srd=1109&path=https://itimage.net/product_review.php%26id=207651800681.shtml HTTP/1.1" 200 20982 "-" "Mozilla/5.0 (compatible; Googlebot/2.1; +http://www.google.com/bot.html)"
66.249.69.40 - - [23/Dec/2024:14:42:58 +0000] "GET /wp-content/uploads/master-slider/custom.css HTTP/1.1" 200 25789 "https://itimage.net/?_xi=aXRpbWFnZS5uZXRzZmpr.OTBmYWpzbGZzZGxmOHNm*&srd=1109&path=https://itimage.net/product_review.php%26id=991051436445.shtml" "Mozilla/5.0 (Linux; Android 6.0.1; Nexus 5X Build/MMB29P) AppleWebKit/537.36 (KHTML, like Gecko) Chrome/131.0.6778.139 Mobile Safari/537.36 (compatible; Googlebot/2.1; +http://www.google.com/bot.html)"
66.249.69.38 - - [23/Dec/2024:14:45:31 +0000] "GET /?_xi=aXRpbWFnZS5uZXRzZmpr.OTBmYWpzbGZzZGxmOHNm*&srd=1109&path=https://itimage.net/product_review.php%26id=7822960837.shtml HTTP/1.1" 200 22240 "-" "Mozilla/5.0 (compatible; Googlebot/2.1; +http://www.google.com/bot.html)"
188.32.5.208 - - [23/Dec/2024:14:47:34 +0000] "GET / HTTP/2" 200 11465 "https://yandex.ru/" "Mozilla/5.0 (X11; Linux x86_64) AppleWebKit/537.36 (KHTML, like Gecko) Chrome/126.0.6478.1264 YaBrowser/24.7.3.1264 (beta) Yowser/2.5 Safari/537.36"
188.32.5.208 - - [23/Dec/2024:14:47:35 +0000] "GET /wp-content/plugins/master-slider/public/assets/css/masterslider.main.css HTTP/2" 200 6658 "https://itimage.net/" "Mozilla/5.0 (X11; Linux x86_64) AppleWebKit/537.36 (KHTML, like Gecko) Chrome/126.0.6478.1264 YaBrowser/24.7.3.1264 (beta) Yowser/2.5 Safari/537.36"
188.32.5.208 - - [23/Dec/2024:14:47:35 +0000] "GET /media/1567323310banner.jpg HTTP/2" 200 47786 "https://itimage.net/" "Mozilla/5.0 (X11; Linux x86_64) AppleWebKit/537.36 (KHTML, like Gecko) Chrome/126.0.6478.1264 YaBrowser/24.7.3.1264 (beta) Yowser/2.5 Safari/537.36"
188.32.5.208 - - [23/Dec/2024:14:47:35 +0000] "GET /css/style.css HTTP/2" 200 11915 "https://itimage.net/" "Mozilla/5.0 (X11; Linux x86_64) AppleWebKit/537.36 (KHTML, like Gecko) Chrome/126.0.6478.1264 YaBrowser/24.7.3.1264 (beta) Yowser/2.5 Safari/537.36"
188.32.5.208 - - [23/Dec/2024:14:47:35 +0000] "GET /media/1567323676banner2.jpg HTTP/2" 200 60047 "https://itimage.net/" "Mozilla/5.0 (X11; Linux x86_64) AppleWebKit/537.36 (KHTML, like Gecko) Chrome/126.0.6478.1264 YaBrowser/24.7.3.1264 (beta) Yowser/2.5 Safari/537.36"
188.32.5.208 - - [23/Dec/2024:14:47:35 +0000] "GET /wp-content/plugins/acurax-social-media-widget/css/style.css HTTP/2" 200 11465 "https://itimage.net/" "Mozilla/5.0 (X11; Linux x86_64) AppleWebKit/537.36 (KHTML, like Gecko) Chrome/126.0.6478.1264 YaBrowser/24.7.3.1264 (beta) Yowser/2.5 Safari/537.36"
188.32.5.208 - - [23/Dec/2024:14:47:35 +0000] "GET /includes/css/styles.css HTTP/2" 200 11472 "https://itimage.net/" "Mozilla/5.0 (X11; Linux x86_64) AppleWebKit/537.36 (KHTML, like Gecko) Chrome/126.0.6478.1264 YaBrowser/24.7.3.1264 (beta) Yowser/2.5 Safari/537.36"
188.32.5.208 - - [23/Dec/2024:14:47:35 +0000] "GET /wp-content/plugins/acurax-social-media-widget/css/layout.css HTTP/2" 200 11472 "https://itimage.net/" "Mozilla/5.0 (X11; Linux x86_64) AppleWebKit/537.36 (KHTML, like Gecko) Chrome/126.0.6478.1264 YaBrowser/24.7.3.1264 (beta) Yowser/2.5 Safari/537.36"
188.32.5.208 - - [23/Dec/2024:14:47:35 +0000] "GET /wp-content/plugins/siteorigin-panels/css/front.css HTTP/2" 200 11472 "https://itimage.net/" "Mozilla/5.0 (X11; Linux x86_64) AppleWebKit/537.36 (KHTML, like Gecko) Chrome/126.0.6478.1264 YaBrowser/24.7.3.1264 (beta) Yowser/2.5 Safari/537.36"
188.32.5.208 - - [23/Dec/2024:14:47:35 +0000] "GET /wp-content/plugins/acurax-social-media-widget/css/style_admin.css HTTP/2" 200 11465 "https://itimage.net/" "Mozilla/5.0 (X11; Linux x86_64) AppleWebKit/537.36 (KHTML, like Gecko) Chrome/126.0.6478.1264 YaBrowser/24.7.3.1264 (beta) Yowser/2.5 Safari/537.36"
188.32.5.208 - - [23/Dec/2024:14:47:35 +0000] "GET /wp-includes/js/jquery/jquery.js HTTP/2" 200 11472 "https://itimage.net/" "Mozilla/5.0 (X11; Linux x86_64) AppleWebKit/537.36 (KHTML, like Gecko) Chrome/126.0.6478.1264 YaBrowser/24.7.3.1264 (beta) Yowser/2.5 Safari/537.36"
188.32.5.208 - - [23/Dec/2024:14:47:35 +0000] "GET /media/156733356610.jpg HTTP/1.1" 200 44786 "https://itimage.net/" "Mozilla/5.0 (X11; Linux x86_64) AppleWebKit/537.36 (KHTML, like Gecko) Chrome/126.0.6478.1264 YaBrowser/24.7.3.1264 (beta) Yowser/2.5 Safari/537.36"
188.32.5.208 - - [23/Dec/2024:14:47:35 +0000] "GET /media/1567333691Biomax_home.jpg HTTP/1.1" 200 36392 "https://itimage.net/" "Mozilla/5.0 (X11; Linux x86_64) AppleWebKit/537.36 (KHTML, like Gecko) Chrome/126.0.6478.1264 YaBrowser/24.7.3.1264 (beta) Yowser/2.5 Safari/537.36"
188.32.5.208 - - [23/Dec/2024:14:47:36 +0000] "GET /media/1568011231under-constraction.jpg HTTP/1.1" 200 53909 "https://itimage.net/" "Mozilla/5.0 (X11; Linux x86_64) AppleWebKit/537.36 (KHTML, like Gecko) Chrome/126.0.6478.1264 YaBrowser/24.7.3.1264 (beta) Yowser/2.5 Safari/537.36"
188.32.5.208 - - [23/Dec/2024:14:47:36 +0000] "GET /wp-content/plugins/ml-slider/assets/sliders/nivoslider/nivo-slidere.css HTTP/1.1" 200 764 "https://itimage.net/" "Mozilla/5.0 (X11; Linux x86_64) AppleWebKit/537.36 (KHTML, like Gecko) Chrome/126.0.6478.1264 YaBrowser/24.7.3.1264 (beta) Yowser/2.5 Safari/537.36"
188.32.5.208 - - [23/Dec/2024:14:47:36 +0000] "GET /wp-content/plugins/ml-slider/assets/metaslider/publice.css HTTP/1.1" 200 618 "https://itimage.net/" "Mozilla/5.0 (X11; Linux x86_64) AppleWebKit/537.36 (KHTML, like Gecko) Chrome/126.0.6478.1264 YaBrowser/24.7.3.1264 (beta) Yowser/2.5 Safari/537.36"
188.32.5.208 - - [23/Dec/2024:14:47:36 +0000] "GET /wp-content/plugins/lightbox/css/frontend/colorbox-1.css HTTP/1.1" 200 11465 "https://itimage.net/" "Mozilla/5.0 (X11; Linux x86_64) AppleWebKit/537.36 (KHTML, like Gecko) Chrome/126.0.6478.1264 YaBrowser/24.7.3.1264 (beta) Yowser/2.5 Safari/537.36"
188.32.5.208 - - [23/Dec/2024:14:47:36 +0000] "GET /wp-content/plugins/ml-slider/assets/sliders/nivoslider/themes/default/defaulte.css HTTP/1.1" 200 593 "https://itimage.net/" "Mozilla/5.0 (X11; Linux x86_64) AppleWebKit/537.36 (KHTML, like Gecko) Chrome/126.0.6478.1264 YaBrowser/24.7.3.1264 (beta) Yowser/2.5 Safari/537.36"
188.32.5.208 - - [23/Dec/2024:14:47:36 +0000] "GET /wp-content/plugins/contact-form-7/includes/js/jquery.form.min.js HTTP/1.1" 200 11465 "https://itimage.net/" "Mozilla/5.0 (X11; Linux x86_64) AppleWebKit/537.36 (KHTML, like Gecko) Chrome/126.0.6478.1264 YaBrowser/24.7.3.1264 (beta) Yowser/2.5 Safari/537.36"
188.32.5.208 - - [23/Dec/2024:14:47:36 +0000] "GET /wp-content/plugins/contact-form-7/includes/js/scripts.js HTTP/1.1" 200 11465 "https://itimage.net/" "Mozilla/5.0 (X11; Linux x86_64) AppleWebKit/537.36 (KHTML, like Gecko) Chrome/126.0.6478.1264 YaBrowser/24.7.3.1264 (beta) Yowser/2.5 Safari/537.36"
188.32.5.208 - - [23/Dec/2024:14:47:37 +0000] "GET /wp-content/plugins/ml-slider/assets/sliders/nivoslider/jquery.nivo.slider.packe.js HTTP/1.1" 200 2895 "https://itimage.net/" "Mozilla/5.0 (X11; Linux x86_64) AppleWebKit/537.36 (KHTML, like Gecko) Chrome/126.0.6478.1264 YaBrowser/24.7.3.1264 (beta) Yowser/2.5 Safari/537.36"
188.32.5.208 - - [23/Dec/2024:14:47:37 +0000] "GET /media/1567500948Untitled-2.jpg HTTP/1.1" 200 8338 "https://itimage.net/" "Mozilla/5.0 (X11; Linux x86_64) AppleWebKit/537.36 (KHTML, like Gecko) Chrome/126.0.6478.1264 YaBrowser/24.7.3.1264 (beta) Yowser/2.5 Safari/537.36"
188.32.5.208 - - [23/Dec/2024:14:47:37 +0000] "GET /media/1567500973logo.jpg HTTP/1.1" 200 7747 "https://itimage.net/" "Mozilla/5.0 (X11; Linux x86_64) AppleWebKit/537.36 (KHTML, like Gecko) Chrome/126.0.6478.1264 YaBrowser/24.7.3.1264 (beta) Yowser/2.5 Safari/537.36"
188.32.5.208 - - [23/Dec/2024:14:47:37 +0000] "GET /images/logo-short.jpeg HTTP/1.1" 200 3996 "https://itimage.net/" "Mozilla/5.0 (X11; Linux x86_64) AppleWebKit/537.36 (KHTML, like Gecko) Chrome/126.0.6478.1264 YaBrowser/24.7.3.1264 (beta) Yowser/2.5 Safari/537.36"
188.32.5.208 - - [23/Dec/2024:14:47:37 +0000] "GET /media/1567501117ZKTECO-LOGO.jpg HTTP/1.1" 200 7758 "https://itimage.net/" "Mozilla/5.0 (X11; Linux x86_64) AppleWebKit/537.36 (KHTML, like Gecko) Chrome/126.0.6478.1264 YaBrowser/24.7.3.1264 (beta) Yowser/2.5 Safari/537.36"
188.32.5.208 - - [23/Dec/2024:14:47:37 +0000] "GET /media/1567500997Untitled-2.jpg HTTP/1.1" 200 9012 "https://itimage.net/" "Mozilla/5.0 (X11; Linux x86_64) AppleWebKit/537.36 (KHTML, like Gecko) Chrome/126.0.6478.1264 YaBrowser/24.7.3.1264 (beta) Yowser/2.5 Safari/537.36"
188.32.5.208 - - [23/Dec/2024:14:47:37 +0000] "GET /media/1567501142SUPREMA.jpg HTTP/1.1" 200 10449 "https://itimage.net/" "Mozilla/5.0 (X11; Linux x86_64) AppleWebKit/537.36 (KHTML, like Gecko) Chrome/126.0.6478.1264 YaBrowser/24.7.3.1264 (beta) Yowser/2.5 Safari/537.36"
188.32.5.208 - - [23/Dec/2024:14:47:37 +0000] "GET /media/1567501021Untitled-2.jpg HTTP/1.1" 200 11605 "https://itimage.net/" "Mozilla/5.0 (X11; Linux x86_64) AppleWebKit/537.36 (KHTML, like Gecko) Chrome/126.0.6478.1264 YaBrowser/24.7.3.1264 (beta) Yowser/2.5 Safari/537.36"
188.32.5.208 - - [23/Dec/2024:14:47:37 +0000] "GET /media/1567501251MCD.jpg HTTP/1.1" 200 7857 "https://itimage.net/" "Mozilla/5.0 (X11; Linux x86_64) AppleWebKit/537.36 (KHTML, like Gecko) Chrome/126.0.6478.1264 YaBrowser/24.7.3.1264 (beta) Yowser/2.5 Safari/537.36"
188.32.5.208 - - [23/Dec/2024:14:47:37 +0000] "GET /media/1561193703Handshake.jpg HTTP/1.1" 200 36684 "https://itimage.net/" "Mozilla/5.0 (X11; Linux x86_64) AppleWebKit/537.36 (KHTML, like Gecko) Chrome/126.0.6478.1264 YaBrowser/24.7.3.1264 (beta) Yowser/2.5 Safari/537.36"
188.32.5.208 - - [23/Dec/2024:14:47:37 +0000] "GET /media/1567501183ZETA.jpg HTTP/1.1" 200 10703 "https://itimage.net/" "Mozilla/5.0 (X11; Linux x86_64) AppleWebKit/537.36 (KHTML, like Gecko) Chrome/126.0.6478.1264 YaBrowser/24.7.3.1264 (beta) Yowser/2.5 Safari/537.36"
188.32.5.208 - - [23/Dec/2024:14:47:37 +0000] "GET /media/1567501088Untitled-2.jpg HTTP/1.1" 200 10185 "https://itimage.net/" "Mozilla/5.0 (X11; Linux x86_64) AppleWebKit/537.36 (KHTML, like Gecko) Chrome/126.0.6478.1264 YaBrowser/24.7.3.1264 (beta) Yowser/2.5 Safari/537.36"
188.32.5.208 - - [23/Dec/2024:14:47:37 +0000] "GET /media/1567501061Untitled-2.jpg HTTP/1.1" 200 9973 "https://itimage.net/" "Mozilla/5.0 (X11; Linux x86_64) AppleWebKit/537.36 (KHTML, like Gecko) Chrome/126.0.6478.1264 YaBrowser/24.7.3.1264 (beta) Yowser/2.5 Safari/537.36"
188.32.5.208 - - [23/Dec/2024:14:47:37 +0000] "GET /media/1567501165garrett.jpg HTTP/1.1" 200 15275 "https://itimage.net/" "Mozilla/5.0 (X11; Linux x86_64) AppleWebKit/537.36 (KHTML, like Gecko) Chrome/126.0.6478.1264 YaBrowser/24.7.3.1264 (beta) Yowser/2.5 Safari/537.36"
188.32.5.208 - - [23/Dec/2024:14:47:37 +0000] "GET /images/cropped-logo.png HTTP/1.1" 200 19315 "https://itimage.net/" "Mozilla/5.0 (X11; Linux x86_64) AppleWebKit/537.36 (KHTML, like Gecko) Chrome/126.0.6478.1264 YaBrowser/24.7.3.1264 (beta) Yowser/2.5 Safari/537.36"
188.32.5.208 - - [23/Dec/2024:14:47:37 +0000] "GET /wp-content/themes/education-hub/js/skip-link-focus-fix.js HTTP/1.1" 200 11465 "https://itimage.net/" "Mozilla/5.0 (X11; Linux x86_64) AppleWebKit/537.36 (KHTML, like Gecko) Chrome/126.0.6478.1264 YaBrowser/24.7.3.1264 (beta) Yowser/2.5 Safari/537.36"
188.32.5.208 - - [23/Dec/2024:14:47:37 +0000] "GET /wp-content/themes/education-hub/js/custom.js?ver=1.0 HTTP/1.1" 200 11491 "https://itimage.net/" "Mozilla/5.0 (X11; Linux x86_64) AppleWebKit/537.36 (KHTML, like Gecko) Chrome/126.0.6478.1264 YaBrowser/24.7.3.1264 (beta) Yowser/2.5 Safari/537.36"
188.32.5.208 - - [23/Dec/2024:14:47:37 +0000] "GET /wp-content/themes/education-hub/js/navigation.js HTTP/1.1" 200 11472 "https://itimage.net/" "Mozilla/5.0 (X11; Linux x86_64) AppleWebKit/537.36 (KHTML, like Gecko) Chrome/126.0.6478.1264 YaBrowser/24.7.3.1264 (beta) Yowser/2.5 Safari/537.36"
66.249.69.38 - - [23/Dec/2024:14:42:56 +0000] "GET /?_xi=aXRpbWFnZS5uZXRzZmpr.OTBmYWpzbGZzZGxmOHNm*&srd=1109&path=https://itimage.net/product_review.php%26id=991051436445.shtml HTTP/1.1" 200 11465 "-" "Mozilla/5.0 (Linux; Android 6.0.1; Nexus 5X Build/MMB29P) AppleWebKit/537.36 (KHTML, like Gecko) Chrome/131.0.6778.85 Mobile Safari/537.36 (compatible; GoogleOther)"
66.249.69.39 - - [23/Dec/2024:14:49:51 +0000] "GET /?_xi=aXRpbWFnZS5uZXRzZmpr.OTBmYWpzbGZzZGxmOHNm*&srd=1109&path=https://itimage.net/product_review.php%26id=561751998681.shtml HTTP/1.1" 200 11491 "-" "Mozilla/5.0 (Linux; Android 6.0.1; Nexus 5X Build/MMB29P) AppleWebKit/537.36 (KHTML, like Gecko) Chrome/131.0.6778.85 Mobile Safari/537.36 (compatible; GoogleOther)"
188.32.5.208 - - [23/Dec/2024:14:47:35 +0000] "GET /wp-content/uploads/master-slider/custom.css HTTP/2" 200 11465 "https://itimage.net/" "Mozilla/5.0 (X11; Linux x86_64) AppleWebKit/537.36 (KHTML, like Gecko) Chrome/126.0.6478.1264 YaBrowser/24.7.3.1264 (beta) Yowser/2.5 Safari/537.36"
188.32.5.208 - - [23/Dec/2024:14:47:37 +0000] "GET /wp-includes/js/wp-embed.min.js HTTP/1.1" 200 11465 "https://itimage.net/" "Mozilla/5.0 (X11; Linux x86_64) AppleWebKit/537.36 (KHTML, like Gecko) Chrome/126.0.6478.1264 YaBrowser/24.7.3.1264 (beta) Yowser/2.5 Safari/537.36"
188.32.5.208 - - [23/Dec/2024:14:47:37 +0000] "GET /wp-content/themes/education-hub/third-party/cycle2/js/jquery.cycle2.min.js HTTP/1.1" 200 11465 "https://itimage.net/" "Mozilla/5.0 (X11; Linux x86_64) AppleWebKit/537.36 (KHTML, like Gecko) Chrome/126.0.6478.1264 YaBrowser/24.7.3.1264 (beta) Yowser/2.5 Safari/537.36"
188.32.5.208 - - [23/Dec/2024:14:47:37 +0000] "GET /wp-content/plugins/lightbox/js/frontend/jquery.colorbox.js HTTP/1.1" 200 11465 "https://itimage.net/" "Mozilla/5.0 (X11; Linux x86_64) AppleWebKit/537.36 (KHTML, like Gecko) Chrome/126.0.6478.1264 YaBrowser/24.7.3.1264 (beta) Yowser/2.5 Safari/537.36"
188.32.5.208 - - [23/Dec/2024:14:47:37 +0000] "GET /wp-content/plugins/lightbox/js/frontend/custom.js HTTP/1.1" 200 11465 "https://itimage.net/" "Mozilla/5.0 (X11; Linux x86_64) AppleWebKit/537.36 (KHTML, like Gecko) Chrome/126.0.6478.1264 YaBrowser/24.7.3.1264 (beta) Yowser/2.5 Safari/537.36"
66.249.69.40 - - [23/Dec/2024:14:49:53 +0000] "GET /wp-content/plugins/ml-slider/assets/sliders/nivoslider/themes/default/defaulte.css HTTP/1.1" 200 593 "https://itimage.net/?_xi=aXRpbWFnZS5uZXRzZmpr.OTBmYWpzbGZzZGxmOHNm*&srd=1109&path=https://itimage.net/product_review.php%26id=561751998681.shtml" "Mozilla/5.0 (Linux; Android 6.0.1; Nexus 5X Build/MMB29P) AppleWebKit/537.36 (KHTML, like Gecko) Chrome/131.0.6778.139 Mobile Safari/537.36 (compatible; Googlebot/2.1; +http://www.google.com/bot.html)"
66.249.69.40 - - [23/Dec/2024:15:03:42 +0000] "GET /?_xi=aXRpbWFnZS5uZXRzZmpr.OTBmYWpzbGZzZGxmOHNm*&srd=1109&path=https://itimage.net/product_review.php%26id=128791130750.shtml HTTP/1.1" 200 11465 "-" "Mozilla/5.0 (Linux; Android 6.0.1; Nexus 5X Build/MMB29P) AppleWebKit/537.36 (KHTML, like Gecko) Chrome/131.0.6778.85 Mobile Safari/537.36 (compatible; GoogleOther)"
51.158.184.81 - - [23/Dec/2024:15:04:03 +0000] "GET / HTTP/1.1" 200 12688 "-" "Mozilla/5.0 (Macintosh; Intel Mac OS X 10_15_7) AppleWebKit/537.36 (KHTML, like Gecko) Chrome/108.0.0.0 Safari/537.36 OPR/94.0.0.0"
66.249.69.38 - - [23/Dec/2024:14:52:58 +0000] "GET /?_xi=aXRpbWFnZS5uZXRzZmpr.OTBmYWpzbGZzZGxmOHNm*&srd=1109&path=https://itimage.net/product_review.php%26id=552791054148.shtml HTTP/1.1" 200 20076 "-" "Mozilla/5.0 (compatible; Googlebot/2.1; +http://www.google.com/bot.html)"
66.249.69.38 - - [23/Dec/2024:14:56:47 +0000] "GET /?_xi=aXRpbWFnZS5uZXRzZmpr.OTBmYWpzbGZzZGxmOHNm*&srd=1109&path=https://itimage.net/product_review.php%26id=20074191485.shtml HTTP/1.1" 200 11465 "-" "Mozilla/5.0 (Linux; Android 6.0.1; Nexus 5X Build/MMB29P) AppleWebKit/537.36 (KHTML, like Gecko) Chrome/131.0.6778.85 Mobile Safari/537.36 (compatible; GoogleOther)"
66.249.69.38 - - [23/Dec/2024:15:07:04 +0000] "GET /?_xi=aXRpbWFnZS5uZXRzZmpr.OTBmYWpzbGZzZGxmOHNm*&srd=1109&path=https://itimage.net/product_review.php%26id=71927687215.shtml HTTP/1.1" 200 21816 "-" "Mozilla/5.0 (Linux; Android 6.0.1; Nexus 5X Build/MMB29P) AppleWebKit/537.36 (KHTML, like Gecko) Chrome/131.0.6778.85 Mobile Safari/537.36 (compatible; Googlebot/2.1; +http://www.google.com/bot.html)"
66.249.69.38 - - [23/Dec/2024:15:07:05 +0000] "GET /?_xi=aXRpbWFnZS5uZXRzZmpr.OTBmYWpzbGZzZGxmOHNm*&srd=1109&path=https://itimage.net/product_review.php%26id=71927687215.shtml HTTP/1.1" 200 21813 "-" "Mozilla/5.0 (Linux; Android 6.0.1; Nexus 5X Build/MMB29P) AppleWebKit/537.36 (KHTML, like Gecko) Chrome/131.0.6778.85 Mobile Safari/537.36 (compatible; Googlebot/2.1; +http://www.google.com/bot.html)"
66.249.69.40 - - [23/Dec/2024:15:12:32 +0000] "GET /?_xi=aXRpbWFnZS5uZXRzZmpr.OTBmYWpzbGZzZGxmOHNm*&srd=1109&path=https://itimage.net/product_review.php%26id=979741499665.shtml HTTP/1.1" 200 20106 "-" "Mozilla/5.0 (compatible; Googlebot/2.1; +http://www.google.com/bot.html)"
66.249.69.38 - - [23/Dec/2024:15:18:06 +0000] "GET /?_xi=aXRpbWFnZS5uZXRzZmpr.OTBmYWpzbGZzZGxmOHNm*&srd=1109&path=https://itimage.net/product_review.php%26id=07197278308.shtml HTTP/1.1" 200 11465 "-" "Mozilla/5.0 (Linux; Android 6.0.1; Nexus 5X Build/MMB29P) AppleWebKit/537.36 (KHTML, like Gecko) Chrome/131.0.6778.85 Mobile Safari/537.36 (compatible; GoogleOther)"
66.249.69.38 - - [23/Dec/2024:15:18:10 +0000] "GET /wp-content/plugins/ml-slider/assets/sliders/nivoslider/themes/default/defaulte.css HTTP/1.1" 200 593 "https://itimage.net/?_xi=aXRpbWFnZS5uZXRzZmpr.OTBmYWpzbGZzZGxmOHNm*&srd=1109&path=https://itimage.net/product_review.php%26id=07197278308.shtml" "Mozilla/5.0 (Linux; Android 6.0.1; Nexus 5X Build/MMB29P) AppleWebKit/537.36 (KHTML, like Gecko) Chrome/131.0.6778.139 Mobile Safari/537.36 (compatible; Googlebot/2.1; +http://www.google.com/bot.html)"
66.249.69.38 - - [23/Dec/2024:15:11:05 +0000] "GET /?_xi=aXRpbWFnZS5uZXRzZmpr.OTBmYWpzbGZzZGxmOHNm*&srd=1109&path=https://itimage.net/product_review.php%26id=357511321500.shtml HTTP/1.1" 200 11472 "-" "Mozilla/5.0 (Linux; Android 6.0.1; Nexus 5X Build/MMB29P) AppleWebKit/537.36 (KHTML, like Gecko) Chrome/131.0.6778.85 Mobile Safari/537.36 (compatible; GoogleOther)"
66.249.69.39 - - [23/Dec/2024:15:21:56 +0000] "GET /?_xi=aXRpbWFnZS5uZXRzZmpr.OTBmYWpzbGZzZGxmOHNm*&srd=1109&path=https://itimage.net/product_review.php%26id=045801744388.shtml HTTP/1.1" 200 21198 "-" "Mozilla/5.0 (Linux; Android 6.0.1; Nexus 5X Build/MMB29P) AppleWebKit/537.36 (KHTML, like Gecko) Chrome/131.0.6778.85 Mobile Safari/537.36 (compatible; Googlebot/2.1; +http://www.google.com/bot.html)"
66.249.69.39 - - [23/Dec/2024:15:28:06 +0000] "GET /?_xi=aXRpbWFnZS5uZXRzZmpr.OTBmYWpzbGZzZGxmOHNm*&srd=1109&path=https://itimage.net/product_review.php%26id=101011377661.shtml HTTP/1.1" 200 11465 "-" "Mozilla/5.0 (Linux; Android 6.0.1; Nexus 5X Build/MMB29P) AppleWebKit/537.36 (KHTML, like Gecko) Chrome/131.0.6778.85 Mobile Safari/537.36 (compatible; GoogleOther)"
66.249.69.39 - - [23/Dec/2024:15:41:37 +0000] "GET /?_xi=aXRpbWFnZS5uZXRzZmpr.OTBmYWpzbGZzZGxmOHNm*&srd=1109&path=https://itimage.net/product_review.php%26id=247821823301.shtml HTTP/1.1" 200 20354 "-" "Mozilla/5.0 (Linux; Android 6.0.1; Nexus 5X Build/MMB29P) AppleWebKit/537.36 (KHTML, like Gecko) Chrome/131.0.6778.85 Mobile Safari/537.36 (compatible; Googlebot/2.1; +http://www.google.com/bot.html)"
66.249.69.38 - - [23/Dec/2024:15:41:58 +0000] "GET /?_xi=aXRpbWFnZS5uZXRzZmpr.OTBmYWpzbGZzZGxmOHNm*&srd=1109&path=https://itimage.net/product_review.php%26id=995781836449.shtml HTTP/1.1" 200 11465 "-" "Mozilla/5.0 (Linux; Android 6.0.1; Nexus 5X Build/MMB29P) AppleWebKit/537.36 (KHTML, like Gecko) Chrome/131.0.6778.85 Mobile Safari/537.36 (compatible; GoogleOther)"
66.249.75.228 - - [23/Dec/2024:15:42:58 +0000] "GET /about.php?page=Dahua%20HD%20Camera HTTP/1.1" 404 0 "-" "Mozilla/5.0 (Linux; Android 6.0.1; Nexus 5X Build/MMB29P) AppleWebKit/537.36 (KHTML, like Gecko) Chrome/131.0.6778.85 Mobile Safari/537.36 (compatible; Googlebot/2.1; +http://www.google.com/bot.html)"
66.249.69.38 - - [23/Dec/2024:15:55:59 +0000] "GET /?_xi=aXRpbWFnZS5uZXRzZmpr.OTBmYWpzbGZzZGxmOHNm*&srd=1109&path=https://itimage.net/product_review.php%26id=64130204313.shtml HTTP/1.1" 200 11465 "-" "Mozilla/5.0 (Linux; Android 6.0.1; Nexus 5X Build/MMB29P) AppleWebKit/537.36 (KHTML, like Gecko) Chrome/131.0.6778.85 Mobile Safari/537.36 (compatible; GoogleOther)"
66.249.69.38 - - [23/Dec/2024:15:42:03 +0000] "GET /wp-content/plugins/ml-slider/assets/sliders/nivoslider/themes/default/defaulte.css HTTP/1.1" 200 593 "https://itimage.net/?_xi=aXRpbWFnZS5uZXRzZmpr.OTBmYWpzbGZzZGxmOHNm*&srd=1109&path=https://itimage.net/product_review.php%26id=995781836449.shtml" "Mozilla/5.0 (Linux; Android 6.0.1; Nexus 5X Build/MMB29P) AppleWebKit/537.36 (KHTML, like Gecko) Chrome/131.0.6778.139 Mobile Safari/537.36 (compatible; Googlebot/2.1; +http://www.google.com/bot.html)"
66.249.69.39 - - [23/Dec/2024:15:42:17 +0000] "GET /?_xi=aXRpbWFnZS5uZXRzZmpr.OTBmYWpzbGZzZGxmOHNm*&srd=1109&path=https://itimage.net/product_review.php%26id=844911519387.shtml HTTP/1.1" 200 21290 "-" "Mozilla/5.0 (Linux; Android 6.0.1; Nexus 5X Build/MMB29P) AppleWebKit/537.36 (KHTML, like Gecko) Chrome/131.0.6778.85 Mobile Safari/537.36 (compatible; Googlebot/2.1; +http://www.google.com/bot.html)"
66.249.69.39 - - [23/Dec/2024:16:09:51 +0000] "GET /?_xi=aXRpbWFnZS5uZXRzZmpr.OTBmYWpzbGZzZGxmOHNm*&srd=1109&path=https://itimage.net/product_review.php%26id=19989326321.shtml HTTP/1.1" 200 11465 "-" "Mozilla/5.0 (Linux; Android 6.0.1; Nexus 5X Build/MMB29P) AppleWebKit/537.36 (KHTML, like Gecko) Chrome/131.0.6778.85 Mobile Safari/537.36 (compatible; GoogleOther)"
66.249.69.40 - - [23/Dec/2024:16:09:55 +0000] "GET /wp-content/plugins/ml-slider/assets/sliders/nivoslider/themes/default/defaulte.css HTTP/1.1" 200 593 "https://itimage.net/?_xi=aXRpbWFnZS5uZXRzZmpr.OTBmYWpzbGZzZGxmOHNm*&srd=1109&path=https://itimage.net/product_review.php%26id=19989326321.shtml" "Mozilla/5.0 (Linux; Android 6.0.1; Nexus 5X Build/MMB29P) AppleWebKit/537.36 (KHTML, like Gecko) Chrome/131.0.6778.139 Mobile Safari/537.36 (compatible; Googlebot/2.1; +http://www.google.com/bot.html)"
66.249.69.38 - - [23/Dec/2024:16:23:56 +0000] "GET /wp-content/plugins/ml-slider/assets/sliders/nivoslider/themes/default/defaulte.css HTTP/1.1" 200 593 "https://itimage.net/?_xi=aXRpbWFnZS5uZXRzZmpr.OTBmYWpzbGZzZGxmOHNm*&srd=1109&path=https://itimage.net/product_review.php%26id=07207330044.shtml" "Mozilla/5.0 (Linux; Android 6.0.1; Nexus 5X Build/MMB29P) AppleWebKit/537.36 (KHTML, like Gecko) Chrome/131.0.6778.139 Mobile Safari/537.36 (compatible; Googlebot/2.1; +http://www.google.com/bot.html)"
66.249.69.39 - - [23/Dec/2024:16:23:51 +0000] "GET /?_xi=aXRpbWFnZS5uZXRzZmpr.OTBmYWpzbGZzZGxmOHNm*&srd=1109&path=https://itimage.net/product_review.php%26id=07207330044.shtml HTTP/1.1" 200 11472 "-" "Mozilla/5.0 (Linux; Android 6.0.1; Nexus 5X Build/MMB29P) AppleWebKit/537.36 (KHTML, like Gecko) Chrome/131.0.6778.85 Mobile Safari/537.36 (compatible; GoogleOther)"
66.249.69.40 - - [23/Dec/2024:16:31:52 +0000] "GET /?_xi=aXRpbWFnZS5uZXRzZmpr.OTBmYWpzbGZzZGxmOHNm*&srd=1109&path=https://itimage.net/product_review.php%26id=667221170140.shtml HTTP/1.1" 200 11465 "-" "Mozilla/5.0 (Linux; Android 6.0.1; Nexus 5X Build/MMB29P) AppleWebKit/537.36 (KHTML, like Gecko) Chrome/131.0.6778.85 Mobile Safari/537.36 (compatible; GoogleOther)"
66.249.69.40 - - [23/Dec/2024:16:40:00 +0000] "GET /?_xi=aXRpbWFnZS5uZXRzZmpr.OTBmYWpzbGZzZGxmOHNm*&srd=1109&path=https://itimage.net/product_review.php%26id=21419709201.shtml HTTP/1.1" 200 11465 "-" "Mozilla/5.0 (Linux; Android 6.0.1; Nexus 5X Build/MMB29P) AppleWebKit/537.36 (KHTML, like Gecko) Chrome/131.0.6778.85 Mobile Safari/537.36 (compatible; GoogleOther)"
66.249.69.38 - - [23/Dec/2024:16:40:02 +0000] "GET /wp-content/plugins/ml-slider/assets/sliders/nivoslider/themes/default/defaulte.css HTTP/1.1" 200 593 "https://itimage.net/?_xi=aXRpbWFnZS5uZXRzZmpr.OTBmYWpzbGZzZGxmOHNm*&srd=1109&path=https://itimage.net/product_review.php%26id=21419709201.shtml" "Mozilla/5.0 (Linux; Android 6.0.1; Nexus 5X Build/MMB29P) AppleWebKit/537.36 (KHTML, like Gecko) Chrome/131.0.6778.139 Mobile Safari/537.36 (compatible; Googlebot/2.1; +http://www.google.com/bot.html)"
66.249.69.38 - - [23/Dec/2024:17:02:46 +0000] "GET /?_xi=aXRpbWFnZS5uZXRzZmpr.OTBmYWpzbGZzZGxmOHNm*&srd=1109&path=https://itimage.net/product_review.php%26id=558951893029.shtml HTTP/1.1" 200 21095 "-" "Mozilla/5.0 (Linux; Android 6.0.1; Nexus 5X Build/MMB29P) AppleWebKit/537.36 (KHTML, like Gecko) Chrome/131.0.6778.85 Mobile Safari/537.36 (compatible; Googlebot/2.1; +http://www.google.com/bot.html)"
66.249.69.40 - - [23/Dec/2024:16:48:01 +0000] "GET /?_xi=aXRpbWFnZS5uZXRzZmpr.OTBmYWpzbGZzZGxmOHNm*&srd=1109&path=https://itimage.net/product_review.php%26id=7405117690.shtml HTTP/1.1" 200 11491 "-" "Mozilla/5.0 (Linux; Android 6.0.1; Nexus 5X Build/MMB29P) AppleWebKit/537.36 (KHTML, like Gecko) Chrome/131.0.6778.85 Mobile Safari/537.36 (compatible; GoogleOther)"
66.249.69.38 - - [23/Dec/2024:16:56:02 +0000] "GET /?_xi=aXRpbWFnZS5uZXRzZmpr.OTBmYWpzbGZzZGxmOHNm*&srd=1109&path=https://itimage.net/product_review.php%26id=842221365959.shtml HTTP/1.1" 200 11465 "-" "Mozilla/5.0 (Linux; Android 6.0.1; Nexus 5X Build/MMB29P) AppleWebKit/537.36 (KHTML, like Gecko) Chrome/131.0.6778.85 Mobile Safari/537.36 (compatible; GoogleOther)"
66.249.69.38 - - [23/Dec/2024:17:04:02 +0000] "GET /?_xi=aXRpbWFnZS5uZXRzZmpr.OTBmYWpzbGZzZGxmOHNm*&srd=1109&path=https://itimage.net/product_review.php%26id=87330545523.shtml HTTP/1.1" 200 11491 "-" "Mozilla/5.0 (Linux; Android 6.0.1; Nexus 5X Build/MMB29P) AppleWebKit/537.36 (KHTML, like Gecko) Chrome/131.0.6778.85 Mobile Safari/537.36 (compatible; GoogleOther)"
66.249.69.39 - - [23/Dec/2024:17:12:58 +0000] "GET /?_xi=aXRpbWFnZS5uZXRzZmpr.OTBmYWpzbGZzZGxmOHNm*&srd=1109&path=https://itimage.net/product_review.php%26id=792231551720.shtml HTTP/1.1" 200 11465 "-" "Mozilla/5.0 (Linux; Android 6.0.1; Nexus 5X Build/MMB29P) AppleWebKit/537.36 (KHTML, like Gecko) Chrome/131.0.6778.85 Mobile Safari/537.36 (compatible; GoogleOther)"
66.249.69.38 - - [23/Dec/2024:17:36:55 +0000] "GET /?_xi=aXRpbWFnZS5uZXRzZmpr.OTBmYWpzbGZzZGxmOHNm*&srd=1109&path=https://itimage.net/product_review.php%26id=827361625831.shtml HTTP/1.1" 200 11465 "-" "Mozilla/5.0 (Linux; Android 6.0.1; Nexus 5X Build/MMB29P) AppleWebKit/537.36 (KHTML, like Gecko) Chrome/131.0.6778.85 Mobile Safari/537.36 (compatible; GoogleOther)"
66.249.69.39 - - [23/Dec/2024:17:20:59 +0000] "GET /?_xi=aXRpbWFnZS5uZXRzZmpr.OTBmYWpzbGZzZGxmOHNm*&srd=1109&path=https://itimage.net/product_review.php%26id=08268629674.shtml HTTP/1.1" 200 11465 "-" "Mozilla/5.0 (Linux; Android 6.0.1; Nexus 5X Build/MMB29P) AppleWebKit/537.36 (KHTML, like Gecko) Chrome/131.0.6778.85 Mobile Safari/537.36 (compatible; GoogleOther)"
66.249.69.40 - - [23/Dec/2024:17:28:59 +0000] "GET /?_xi=aXRpbWFnZS5uZXRzZmpr.OTBmYWpzbGZzZGxmOHNm*&srd=1109&path=https://itimage.net/product_review.php%26id=21572681404.shtml HTTP/1.1" 200 11465 "-" "Mozilla/5.0 (Linux; Android 6.0.1; Nexus 5X Build/MMB29P) AppleWebKit/537.36 (KHTML, like Gecko) Chrome/131.0.6778.85 Mobile Safari/537.36 (compatible; GoogleOther)"
66.146.239.109 - - [23/Dec/2024:17:41:41 +0000] "GET / HTTP/2" 200 11465 "-" "Mozilla/5.0 (X11; Linux x86_64) AppleWebKit/537.36 (KHTML, like Gecko) Chrome/125.0.0.0 Safari/537.36"
66.146.239.109 - - [23/Dec/2024:17:41:41 +0000] "GET /media/1567323310banner.jpg HTTP/2" 200 47786 "https://itimage.net/" "Mozilla/5.0 (X11; Linux x86_64) AppleWebKit/537.36 (KHTML, like Gecko) Chrome/125.0.0.0 Safari/537.36"
66.146.239.109 - - [23/Dec/2024:17:41:41 +0000] "GET /wp-content/plugins/master-slider/public/assets/css/masterslider.main.css HTTP/2" 200 6658 "https://itimage.net/" "Mozilla/5.0 (X11; Linux x86_64) AppleWebKit/537.36 (KHTML, like Gecko) Chrome/125.0.0.0 Safari/537.36"
66.146.239.109 - - [23/Dec/2024:17:41:41 +0000] "GET /css/style.css HTTP/2" 200 11915 "https://itimage.net/" "Mozilla/5.0 (X11; Linux x86_64) AppleWebKit/537.36 (KHTML, like Gecko) Chrome/125.0.0.0 Safari/537.36"
66.146.239.109 - - [23/Dec/2024:17:41:41 +0000] "GET /media/1567323676banner2.jpg HTTP/2" 200 60047 "https://itimage.net/" "Mozilla/5.0 (X11; Linux x86_64) AppleWebKit/537.36 (KHTML, like Gecko) Chrome/125.0.0.0 Safari/537.36"
66.146.239.109 - - [23/Dec/2024:17:41:41 +0000] "GET /wp-content/plugins/siteorigin-panels/css/front.css HTTP/2" 200 11465 "https://itimage.net/" "Mozilla/5.0 (X11; Linux x86_64) AppleWebKit/537.36 (KHTML, like Gecko) Chrome/125.0.0.0 Safari/537.36"
66.146.239.109 - - [23/Dec/2024:17:41:41 +0000] "GET /wp-content/plugins/acurax-social-media-widget/css/layout.css HTTP/2" 200 11465 "https://itimage.net/" "Mozilla/5.0 (X11; Linux x86_64) AppleWebKit/537.36 (KHTML, like Gecko) Chrome/125.0.0.0 Safari/537.36"
66.146.239.109 - - [23/Dec/2024:17:41:41 +0000] "GET /wp-content/plugins/acurax-social-media-widget/css/style_admin.css HTTP/2" 200 11465 "https://itimage.net/" "Mozilla/5.0 (X11; Linux x86_64) AppleWebKit/537.36 (KHTML, like Gecko) Chrome/125.0.0.0 Safari/537.36"
66.146.239.109 - - [23/Dec/2024:17:41:41 +0000] "GET /wp-content/plugins/acurax-social-media-widget/css/style.css HTTP/2" 200 11465 "https://itimage.net/" "Mozilla/5.0 (X11; Linux x86_64) AppleWebKit/537.36 (KHTML, like Gecko) Chrome/125.0.0.0 Safari/537.36"
66.146.239.109 - - [23/Dec/2024:17:41:42 +0000] "GET /media/156733356610.jpg HTTP/2" 200 44786 "https://itimage.net/" "Mozilla/5.0 (X11; Linux x86_64) AppleWebKit/537.36 (KHTML, like Gecko) Chrome/125.0.0.0 Safari/537.36"
66.146.239.109 - - [23/Dec/2024:17:41:42 +0000] "GET /media/1567333691Biomax_home.jpg HTTP/2" 200 36392 "https://itimage.net/" "Mozilla/5.0 (X11; Linux x86_64) AppleWebKit/537.36 (KHTML, like Gecko) Chrome/125.0.0.0 Safari/537.36"
66.146.239.109 - - [23/Dec/2024:17:41:41 +0000] "GET /wp-content/uploads/master-slider/custom.css HTTP/2" 200 11472 "https://itimage.net/" "Mozilla/5.0 (X11; Linux x86_64) AppleWebKit/537.36 (KHTML, like Gecko) Chrome/125.0.0.0 Safari/537.36"
66.146.239.109 - - [23/Dec/2024:17:41:41 +0000] "GET /wp-includes/js/jquery/jquery.js HTTP/2" 200 11472 "https://itimage.net/" "Mozilla/5.0 (X11; Linux x86_64) AppleWebKit/537.36 (KHTML, like Gecko) Chrome/125.0.0.0 Safari/537.36"
66.146.239.109 - - [23/Dec/2024:17:41:41 +0000] "GET /includes/css/styles.css HTTP/2" 200 11465 "https://itimage.net/" "Mozilla/5.0 (X11; Linux x86_64) AppleWebKit/537.36 (KHTML, like Gecko) Chrome/125.0.0.0 Safari/537.36"
66.146.239.109 - - [23/Dec/2024:17:41:43 +0000] "GET /media/1568011231under-constraction.jpg HTTP/2" 200 53909 "https://itimage.net/" "Mozilla/5.0 (X11; Linux x86_64) AppleWebKit/537.36 (KHTML, like Gecko) Chrome/125.0.0.0 Safari/537.36"
66.146.239.109 - - [23/Dec/2024:17:41:43 +0000] "GET /wp-content/plugins/ml-slider/assets/sliders/nivoslider/nivo-slidere.css HTTP/2" 200 764 "https://itimage.net/" "Mozilla/5.0 (X11; Linux x86_64) AppleWebKit/537.36 (KHTML, like Gecko) Chrome/125.0.0.0 Safari/537.36"
66.146.239.109 - - [23/Dec/2024:17:41:43 +0000] "GET /wp-content/plugins/ml-slider/assets/metaslider/publice.css HTTP/2" 200 618 "https://itimage.net/" "Mozilla/5.0 (X11; Linux x86_64) AppleWebKit/537.36 (KHTML, like Gecko) Chrome/125.0.0.0 Safari/537.36"
66.146.239.109 - - [23/Dec/2024:17:41:43 +0000] "GET /wp-content/plugins/ml-slider/assets/sliders/nivoslider/themes/default/defaulte.css HTTP/2" 200 593 "https://itimage.net/" "Mozilla/5.0 (X11; Linux x86_64) AppleWebKit/537.36 (KHTML, like Gecko) Chrome/125.0.0.0 Safari/537.36"
66.146.239.109 - - [23/Dec/2024:17:41:43 +0000] "GET /images/cropped-logo.png HTTP/2" 200 19315 "https://itimage.net/" "Mozilla/5.0 (X11; Linux x86_64) AppleWebKit/537.36 (KHTML, like Gecko) Chrome/125.0.0.0 Safari/537.36"
66.146.239.109 - - [23/Dec/2024:17:41:43 +0000] "GET /wp-content/plugins/lightbox/css/frontend/colorbox-1.css HTTP/2" 200 11465 "https://itimage.net/" "Mozilla/5.0 (X11; Linux x86_64) AppleWebKit/537.36 (KHTML, like Gecko) Chrome/125.0.0.0 Safari/537.36"
66.146.239.109 - - [23/Dec/2024:17:41:43 +0000] "GET /wp-content/plugins/contact-form-7/includes/js/jquery.form.min.js HTTP/2" 200 11465 "https://itimage.net/" "Mozilla/5.0 (X11; Linux x86_64) AppleWebKit/537.36 (KHTML, like Gecko) Chrome/125.0.0.0 Safari/537.36"
66.146.239.109 - - [23/Dec/2024:17:41:43 +0000] "GET /wp-content/plugins/contact-form-7/includes/js/scripts.js HTTP/2" 200 11465 "https://itimage.net/" "Mozilla/5.0 (X11; Linux x86_64) AppleWebKit/537.36 (KHTML, like Gecko) Chrome/125.0.0.0 Safari/537.36"
66.146.239.109 - - [23/Dec/2024:17:41:43 +0000] "GET /wp-content/themes/education-hub/js/skip-link-focus-fix.js HTTP/2" 200 11465 "https://itimage.net/" "Mozilla/5.0 (X11; Linux x86_64) AppleWebKit/537.36 (KHTML, like Gecko) Chrome/125.0.0.0 Safari/537.36"
66.146.239.109 - - [23/Dec/2024:17:41:44 +0000] "GET /wp-content/plugins/ml-slider/assets/sliders/nivoslider/jquery.nivo.slider.packe.js HTTP/2" 200 2895 "https://itimage.net/" "Mozilla/5.0 (X11; Linux x86_64) AppleWebKit/537.36 (KHTML, like Gecko) Chrome/125.0.0.0 Safari/537.36"
66.146.239.109 - - [23/Dec/2024:17:41:44 +0000] "GET /media/1561193703Handshake.jpg HTTP/2" 200 36684 "https://itimage.net/" "Mozilla/5.0 (X11; Linux x86_64) AppleWebKit/537.36 (KHTML, like Gecko) Chrome/125.0.0.0 Safari/537.36"
66.146.239.109 - - [23/Dec/2024:17:41:44 +0000] "GET /media/1567501251MCD.jpg HTTP/2" 200 7857 "https://itimage.net/" "Mozilla/5.0 (X11; Linux x86_64) AppleWebKit/537.36 (KHTML, like Gecko) Chrome/125.0.0.0 Safari/537.36"
66.146.239.109 - - [23/Dec/2024:17:41:44 +0000] "GET /media/1567501088Untitled-2.jpg HTTP/2" 200 10185 "https://itimage.net/" "Mozilla/5.0 (X11; Linux x86_64) AppleWebKit/537.36 (KHTML, like Gecko) Chrome/125.0.0.0 Safari/537.36"
66.146.239.109 - - [23/Dec/2024:17:41:44 +0000] "GET /media/1567501183ZETA.jpg HTTP/2" 200 10703 "https://itimage.net/" "Mozilla/5.0 (X11; Linux x86_64) AppleWebKit/537.36 (KHTML, like Gecko) Chrome/125.0.0.0 Safari/537.36"
66.146.239.109 - - [23/Dec/2024:17:41:44 +0000] "GET /media/1567500973logo.jpg HTTP/2" 200 7747 "https://itimage.net/" "Mozilla/5.0 (X11; Linux x86_64) AppleWebKit/537.36 (KHTML, like Gecko) Chrome/125.0.0.0 Safari/537.36"
66.146.239.109 - - [23/Dec/2024:17:41:44 +0000] "GET /media/1567501165garrett.jpg HTTP/2" 200 15275 "https://itimage.net/" "Mozilla/5.0 (X11; Linux x86_64) AppleWebKit/537.36 (KHTML, like Gecko) Chrome/125.0.0.0 Safari/537.36"
66.146.239.109 - - [23/Dec/2024:17:41:44 +0000] "GET /media/1567501021Untitled-2.jpg HTTP/2" 200 11605 "https://itimage.net/" "Mozilla/5.0 (X11; Linux x86_64) AppleWebKit/537.36 (KHTML, like Gecko) Chrome/125.0.0.0 Safari/537.36"
66.146.239.109 - - [23/Dec/2024:17:41:44 +0000] "GET /media/1567501117ZKTECO-LOGO.jpg HTTP/2" 200 7758 "https://itimage.net/" "Mozilla/5.0 (X11; Linux x86_64) AppleWebKit/537.36 (KHTML, like Gecko) Chrome/125.0.0.0 Safari/537.36"
66.146.239.109 - - [23/Dec/2024:17:41:44 +0000] "GET /images/logo-short.jpeg HTTP/2" 200 3996 "https://itimage.net/" "Mozilla/5.0 (X11; Linux x86_64) AppleWebKit/537.36 (KHTML, like Gecko) Chrome/125.0.0.0 Safari/537.36"
66.146.239.109 - - [23/Dec/2024:17:41:44 +0000] "GET /media/1567501142SUPREMA.jpg HTTP/2" 200 10449 "https://itimage.net/" "Mozilla/5.0 (X11; Linux x86_64) AppleWebKit/537.36 (KHTML, like Gecko) Chrome/125.0.0.0 Safari/537.36"
147.53.118.110 - - [23/Dec/2024:17:41:55 +0000] "HEAD /sitemap.xml HTTP/1.1" 200 0 "-" "python-requests/2.31.0"
66.249.69.38 - - [23/Dec/2024:17:44:55 +0000] "GET /?_xi=aXRpbWFnZS5uZXRzZmpr.OTBmYWpzbGZzZGxmOHNm*&srd=1109&path=https://itimage.net/product_review.php%26id=18910894045.shtml HTTP/1.1" 200 11465 "-" "Mozilla/5.0 (Linux; Android 6.0.1; Nexus 5X Build/MMB29P) AppleWebKit/537.36 (KHTML, like Gecko) Chrome/131.0.6778.85 Mobile Safari/537.36 (compatible; GoogleOther)"
66.249.69.39 - - [23/Dec/2024:17:46:17 +0000] "GET /?_xi=aXRpbWFnZS5uZXRzZmpr.OTBmYWpzbGZzZGxmOHNm*&srd=1109&path=https://itimage.net/product_review.php%26id=692581030207.shtml HTTP/1.1" 200 22182 "-" "Mozilla/5.0 (compatible; Googlebot/2.1; +http://www.google.com/bot.html)"
66.146.239.109 - - [23/Dec/2024:17:41:44 +0000] "GET /media/1567500997Untitled-2.jpg HTTP/2" 200 9012 "https://itimage.net/" "Mozilla/5.0 (X11; Linux x86_64) AppleWebKit/537.36 (KHTML, like Gecko) Chrome/125.0.0.0 Safari/537.36"
66.146.239.109 - - [23/Dec/2024:17:41:44 +0000] "GET /media/1567501061Untitled-2.jpg HTTP/2" 200 9973 "https://itimage.net/" "Mozilla/5.0 (X11; Linux x86_64) AppleWebKit/537.36 (KHTML, like Gecko) Chrome/125.0.0.0 Safari/537.36"
66.146.239.109 - - [23/Dec/2024:17:41:44 +0000] "GET /media/1567500948Untitled-2.jpg HTTP/2" 200 8338 "https://itimage.net/" "Mozilla/5.0 (X11; Linux x86_64) AppleWebKit/537.36 (KHTML, like Gecko) Chrome/125.0.0.0 Safari/537.36"
66.146.239.109 - - [23/Dec/2024:17:41:44 +0000] "GET /wp-content/plugins/lightbox/js/frontend/jquery.colorbox.js HTTP/2" 200 11472 "https://itimage.net/" "Mozilla/5.0 (X11; Linux x86_64) AppleWebKit/537.36 (KHTML, like Gecko) Chrome/125.0.0.0 Safari/537.36"
66.146.239.109 - - [23/Dec/2024:17:41:44 +0000] "GET /wp-content/plugins/lightbox/js/frontend/custom.js HTTP/2" 200 11465 "https://itimage.net/" "Mozilla/5.0 (X11; Linux x86_64) AppleWebKit/537.36 (KHTML, like Gecko) Chrome/125.0.0.0 Safari/537.36"
66.146.239.109 - - [23/Dec/2024:17:41:44 +0000] "GET /wp-content/themes/education-hub/third-party/cycle2/js/jquery.cycle2.min.js HTTP/2" 200 11465 "https://itimage.net/" "Mozilla/5.0 (X11; Linux x86_64) AppleWebKit/537.36 (KHTML, like Gecko) Chrome/125.0.0.0 Safari/537.36"
66.146.239.109 - - [23/Dec/2024:17:41:44 +0000] "GET /wp-content/themes/education-hub/js/custom.js?ver=1.0 HTTP/2" 200 11465 "https://itimage.net/" "Mozilla/5.0 (X11; Linux x86_64) AppleWebKit/537.36 (KHTML, like Gecko) Chrome/125.0.0.0 Safari/537.36"
66.146.239.109 - - [23/Dec/2024:17:41:44 +0000] "GET /wp-content/themes/education-hub/js/navigation.js HTTP/2" 200 11465 "https://itimage.net/" "Mozilla/5.0 (X11; Linux x86_64) AppleWebKit/537.36 (KHTML, like Gecko) Chrome/125.0.0.0 Safari/537.36"
66.146.239.109 - - [23/Dec/2024:17:41:44 +0000] "GET /wp-includes/js/wp-embed.min.js HTTP/2" 200 11465 "https://itimage.net/" "Mozilla/5.0 (X11; Linux x86_64) AppleWebKit/537.36 (KHTML, like Gecko) Chrome/125.0.0.0 Safari/537.36"
66.249.69.39 - - [23/Dec/2024:17:38:57 +0000] "GET /?_xi=aXRpbWFnZS5uZXRzZmpr.OTBmYWpzbGZzZGxmOHNm*&srd=1109&path=https://itimage.net/product_review.php%26id=028781564324.shtml HTTP/1.1" 200 21364 "-" "Mozilla/5.0 (Linux; Android 6.0.1; Nexus 5X Build/MMB29P) AppleWebKit/537.36 (KHTML, like Gecko) Chrome/131.0.6778.85 Mobile Safari/537.36 (compatible; Googlebot/2.1; +http://www.google.com/bot.html)"
66.249.69.38 - - [23/Dec/2024:17:52:56 +0000] "GET /?_xi=aXRpbWFnZS5uZXRzZmpr.OTBmYWpzbGZzZGxmOHNm*&srd=1109&path=https://itimage.net/product_review.php%26id=123941911210.shtml HTTP/1.1" 200 11472 "-" "Mozilla/5.0 (Linux; Android 6.0.1; Nexus 5X Build/MMB29P) AppleWebKit/537.36 (KHTML, like Gecko) Chrome/131.0.6778.85 Mobile Safari/537.36 (compatible; GoogleOther)"
66.249.69.38 - - [23/Dec/2024:18:01:56 +0000] "GET /?_xi=aXRpbWFnZS5uZXRzZmpr.OTBmYWpzbGZzZGxmOHNm*&srd=1109&path=https://itimage.net/product_review.php%26id=13808983935.shtml HTTP/1.1" 200 11465 "-" "Mozilla/5.0 (Linux; Android 6.0.1; Nexus 5X Build/MMB29P) AppleWebKit/537.36 (KHTML, like Gecko) Chrome/131.0.6778.85 Mobile Safari/537.36 (compatible; GoogleOther)"
66.249.69.40 - - [23/Dec/2024:18:10:01 +0000] "GET /?_xi=aXRpbWFnZS5uZXRzZmpr.OTBmYWpzbGZzZGxmOHNm*&srd=1109&path=https://itimage.net/product_review.php%26id=67813201298.shtml HTTP/1.1" 200 11491 "-" "Mozilla/5.0 (Linux; Android 6.0.1; Nexus 5X Build/MMB29P) AppleWebKit/537.36 (KHTML, like Gecko) Chrome/131.0.6778.85 Mobile Safari/537.36 (compatible; GoogleOther)"
66.249.69.40 - - [23/Dec/2024:18:26:02 +0000] "GET /?_xi=aXRpbWFnZS5uZXRzZmpr.OTBmYWpzbGZzZGxmOHNm*&srd=1109&path=https://itimage.net/product_review.php%26id=75931341015.shtml HTTP/1.1" 200 11465 "-" "Mozilla/5.0 (Linux; Android 6.0.1; Nexus 5X Build/MMB29P) AppleWebKit/537.36 (KHTML, like Gecko) Chrome/131.0.6778.85 Mobile Safari/537.36 (compatible; GoogleOther)"
66.249.69.40 - - [23/Dec/2024:18:18:01 +0000] "GET /?_xi=aXRpbWFnZS5uZXRzZmpr.OTBmYWpzbGZzZGxmOHNm*&srd=1109&path=https://itimage.net/product_review.php%26id=21148415842.shtml HTTP/1.1" 200 11465 "-" "Mozilla/5.0 (Linux; Android 6.0.1; Nexus 5X Build/MMB29P) AppleWebKit/537.36 (KHTML, like Gecko) Chrome/131.0.6778.85 Mobile Safari/537.36 (compatible; GoogleOther)"
